-- https://www.phpmyadmin.net/
--

START TRANSACTION;



--
-- Database: `mobikl5_wp793`
--

-- --------------------------------------------------------

--
-- Table structure for table `ahc_browsers`
--

CREATE TABLE `ahc_browsers` (
  `bsr_id` int(3) UNSIGNED NOT NULL,
  `bsr_name` varchar(100) NOT NULL,
  `bsr_icon` varchar(50) DEFAULT NULL,
  `bsr_visits` int(11) NOT NULL DEFAULT 0,
  `site_id` int(11) NOT NULL DEFAULT 1
) ENGINE=MyISAM DEFAULT CHARSET=utf8mb3 COLLATE=utf8mb3_general_ci;

--
-- Dumping data for table `ahc_browsers`
--

INSERT INTO `ahc_browsers` (`bsr_id`, `bsr_name`, `bsr_icon`, `bsr_visits`, `site_id`) VALUES
(1, 'IE', 'ie.png', 0, 1),
(2, 'Firefox', 'firefox.png', 14, 1),
(3, 'Netscape', 'netscape.png', 0, 1),
(4, 'Chrome', 'chrome.png', 233, 1),
(5, 'Gecko/Mozilla', 'mozilla.png', 409, 1),
(6, 'Opera Mini', 'opera.png', 0, 1),
(7, 'Opera', 'opera.png', 0, 1),
(8, 'Safari', 'safari.png', 0, 1),
(9, 'iPad', 'ipad.png', 0, 1),
(10, 'Android', 'android.png', 0, 1),
(11, 'AIR', 'air.png', 0, 1),
(12, 'Fluid', 'fluid.png', 0, 1),
(13, 'Maxthon', 'maxthon.png', 0, 1),
(14, 'unknown', 'unknown.png', 19, 1);

-- --------------------------------------------------------

--
-- Table structure for table `ahc_countries`
--

CREATE TABLE `ahc_countries` (
  `ctr_id` int(5) UNSIGNED NOT NULL,
  `ctr_name` varchar(100) NOT NULL,
  `ctr_internet_code` varchar(5) NOT NULL,
  `ctr_latitude` varchar(30) DEFAULT NULL,
  `ctr_longitude` varchar(30) DEFAULT NULL,
  `ctr_visitors` int(11) NOT NULL DEFAULT 0,
  `ctr_visits` int(11) NOT NULL DEFAULT 0,
  `site_id` int(11) NOT NULL DEFAULT 1
) ENGINE=MyISAM DEFAULT CHARSET=utf8mb3 COLLATE=utf8mb3_general_ci;

--
-- Dumping data for table `ahc_countries`
--

INSERT INTO `ahc_countries` (`ctr_id`, `ctr_name`, `ctr_internet_code`, `ctr_latitude`, `ctr_longitude`, `ctr_visitors`, `ctr_visits`, `site_id`) VALUES
(1, 'Anonymous Proxy', 'A1', NULL, NULL, 0, 0, 1),
(2, 'Satellite Provider', 'A2', NULL, NULL, 0, 0, 1),
(3, 'Other Country', 'O1', NULL, NULL, 0, 0, 1),
(4, 'Andorra', 'AD', '42.5000', '1.5000', 0, 0, 1),
(5, 'United Arab Emirates', 'AE', '24.0000', '54.0000', 0, 0, 1),
(6, 'Afghanistan', 'AF', '33.0000', '65.0000', 0, 0, 1),
(7, 'Antigua and Barbuda', 'AG', '17.0500', '-61.8000', 0, 0, 1),
(8, 'Anguilla', 'AI', '18.2500', '-63.1667', 0, 0, 1),
(9, 'Albania', 'AL', '41.0000', '20.0000', 0, 0, 1),
(10, 'Armenia', 'AM', '40.0000', '45.0000', 0, 0, 1),
(11, 'Netherlands Antilles ', 'AN', '12.2500', '-68.7500', 0, 0, 1),
(12, 'Angola', 'AO', '-12.5000', '18.5000', 0, 0, 1),
(13, 'Asia/Pacific Region', 'AP', '35.0000', '105.0000', 0, 0, 1),
(14, 'Antarctica', 'AQ', '-90.0000', '0.0000', 0, 0, 1),
(15, 'Argentina', 'AR', '-34.0000', '-64.0000', 0, 0, 1),
(16, 'American Samoa', 'AS', '-14.3333', '-170.0000', 0, 0, 1),
(17, 'Austria', 'AT', '47.3333', '13.3333', 1, 1, 1),
(18, 'Australia', 'AU', '-27.0000', '133.0000', 0, 0, 1),
(19, 'Aruba', 'AW', '12.5000', '-69.9667', 0, 0, 1),
(20, 'Aland Islands', 'AX', '60.178525', '19.91561', 0, 0, 1),
(21, 'Azerbaijan', 'AZ', '40.5000', '47.5000', 0, 0, 1),
(22, 'Bosnia and Herzegovina', 'BA', '44.0000', '18.0000', 0, 0, 1),
(23, 'Barbados', 'BB', '13.1667', '-59.5333', 0, 0, 1),
(24, 'Bangladesh', 'BD', '24.0000', '90.0000', 1, 2, 1),
(25, 'Belgium', 'BE', '50.8333', '4.0000', 0, 0, 1),
(26, 'Burkina Faso', 'BF', '13.0000', '-2.0000', 0, 0, 1),
(27, 'Bulgaria', 'BG', '43.0000', '25.0000', 0, 0, 1),
(28, 'Bahrain', 'BH', '26.0000', '50.5500', 0, 0, 1),
(29, 'Burundi', 'BI', '-3.5000', '30.0000', 0, 0, 1),
(30, 'Benin', 'BJ', '9.5000', '2.2500', 0, 0, 1),
(31, 'Saint Bartelemey', 'BL', '17.9', '-62.833333', 0, 0, 1),
(32, 'Bermuda', 'BM', '32.3333', '-64.7500', 0, 0, 1),
(33, 'Brunei Darussalam', 'BN', '4.5000', '114.6667', 0, 0, 1),
(34, 'Bolivia', 'BO', '-17.0000', '-65.0000', 0, 0, 1),
(35, 'Bonaire', 'BQ', '12.178361', '-68.238534', 0, 0, 1),
(36, 'Brazil', 'BR', '-10.0000', '-55.0000', 0, 0, 1),
(37, 'Bahamas', 'BS', '24.2500', '-76.0000', 0, 0, 1),
(38, 'Bhutan', 'BT', '27.5000', '90.5000', 0, 0, 1),
(39, 'Bouvet Island', 'BV', '-54.4333', '3.4000', 0, 0, 1),
(40, 'Botswana', 'BW', '-22.0000', '24.0000', 0, 0, 1),
(41, 'Belarus', 'BY', '53.0000', '28.0000', 0, 0, 1),
(42, 'Belize', 'BZ', '17.2500', '-88.7500', 0, 0, 1),
(43, 'Canada', 'CA', '60.0000', '-95.0000', 17, 17, 1),
(44, 'Cocos (Keeling) Islands', 'CC', '-12.5000', '96.8333', 0, 0, 1),
(45, 'Congo', 'CD', '0.0000', '25.0000', 0, 0, 1),
(46, 'Central African Republic', 'CF', '7.0000', '21.0000', 0, 0, 1),
(47, 'Congo', 'CG', '-1.0000', '15.0000', 0, 0, 1),
(48, 'Switzerland', 'CH', '47.0000', '8.0000', 0, 0, 1),
(49, 'Cote d\'Ivoire', 'CI', '8.0000', '-5.0000', 0, 0, 1),
(50, 'Cook Islands', 'CK', '-21.2333', '-159.7667', 0, 0, 1),
(51, 'Chile', 'CL', '-30.0000', '-71.0000', 1, 1, 1),
(52, 'Cameroon', 'CM', '6.0000', '12.0000', 0, 0, 1),
(53, 'China', 'CN', '35.0000', '105.0000', 0, 0, 1),
(54, 'Colombia', 'CO', '4.0000', '-72.0000', 0, 0, 1),
(55, 'Costa Rica', 'CR', '10.0000', '-84.0000', 0, 0, 1),
(56, 'Cuba', 'CU', '21.5000', '-80.0000', 0, 0, 1),
(57, 'Cape Verde', 'CV', '16.0000', '-24.0000', 0, 0, 1),
(58, 'Curacao', 'CW', '12.16957', '-68.99002', 0, 0, 1),
(59, 'Christmas Island', 'CX', '-10.5000', '105.6667', 0, 0, 1),
(60, 'Cyprus', 'CY', '35.0000', '33.0000', 0, 0, 1),
(61, 'Czech Republic', 'CZ', '49.7500', '15.5000', 0, 0, 1),
(62, 'Germany', 'DE', '51.0000', '9.0000', 23, 23, 1),
(63, 'Djibouti', 'DJ', '11.5000', '43.0000', 0, 0, 1),
(64, 'Denmark', 'DK', '56.0000', '10.0000', 0, 0, 1),
(65, 'Dominica', 'DM', '15.4167', '-61.3333', 0, 0, 1),
(66, 'Dominican Republic', 'DO', '19.0000', '-70.6667', 0, 0, 1),
(67, 'Algeria', 'DZ', '28.0000', '3.0000', 0, 0, 1),
(68, 'Ecuador', 'EC', '-2.0000', '-77.5000', 0, 0, 1),
(69, 'Estonia', 'EE', '59.0000', '26.0000', 0, 0, 1),
(70, 'Egypt', 'EG', '27.0000', '30.0000', 0, 0, 1),
(71, 'Western Sahara', 'EH', '24.5000', '-13.0000', 0, 0, 1),
(72, 'Eritrea', 'ER', '15.0000', '39.0000', 0, 0, 1),
(73, 'Spain', 'ES', '40.0000', '-4.0000', 0, 0, 1),
(74, 'Ethiopia', 'ET', '8.0000', '38.0000', 0, 0, 1),
(75, 'Europe', 'EU', '47.0000', '8.0000', 0, 0, 1),
(76, 'Finland', 'FI', '64.0000', '26.0000', 0, 0, 1),
(77, 'Fiji', 'FJ', '-18.0000', '175.0000', 0, 0, 1),
(78, 'Falkland Islands (Malvinas)', 'FK', '-51.7500', '-59.0000', 0, 0, 1),
(79, 'Micronesia', 'FM', '6.9167', '158.2500', 0, 0, 1),
(80, 'Faroe Islands', 'FO', '62.0000', '-7.0000', 0, 0, 1),
(81, 'France', 'FR', '46.0000', '2.0000', 5, 5, 1),
(82, 'Gabon', 'GA', '-1.0000', '11.7500', 0, 0, 1),
(83, 'United Kingdom', 'GB', '54.0000', '-2.0000', 14, 15, 1),
(84, 'Grenada', 'GD', '12.1167', '-61.6667', 0, 0, 1),
(85, 'Georgia', 'GE', '42.0000', '43.5000', 0, 0, 1),
(86, 'French Guiana', 'GF', '4.0000', '-53.0000', 0, 0, 1),
(87, 'Guernsey', 'GG', '49.465691', '-2.585278', 0, 0, 1),
(88, 'Ghana', 'GH', '8.0000', '-2.0000', 0, 0, 1),
(89, 'Gibraltar', 'GI', '36.1833', '-5.3667', 0, 0, 1),
(90, 'Greenland', 'GL', '72.0000', '-40.0000', 0, 0, 1),
(91, 'Gambia', 'GM', '13.4667', '-16.5667', 0, 0, 1),
(92, 'Guinea', 'GN', '11.0000', '-10.0000', 0, 0, 1),
(93, 'Guadeloupe', 'GP', '16.2500', '-61.5833', 0, 0, 1),
(94, 'Equatorial Guinea', 'GQ', '2.0000', '10.0000', 0, 0, 1),
(95, 'Greece', 'GR', '39.0000', '22.0000', 0, 0, 1),
(96, 'South Georgia and the South Sandwich Islands', 'GS', '-54.5000', '-37.0000', 0, 0, 1),
(97, 'Guatemala', 'GT', '15.5000', '-90.2500', 0, 0, 1),
(98, 'Guam', 'GU', '13.4667', '144.7833', 0, 0, 1),
(99, 'Guinea-Bissau', 'GW', '12.0000', '-15.0000', 0, 0, 1),
(100, 'Guyana', 'GY', '5.0000', '-59.0000', 0, 0, 1),
(101, 'Hong Kong', 'HK', '22.2500', '114.1667', 0, 0, 1),
(102, 'Heard Island and McDonald Islands', 'HM', '-53.1000', '72.5167', 0, 0, 1),
(103, 'Honduras', 'HN', '15.0000', '-86.5000', 0, 0, 1),
(104, 'Croatia', 'HR', '45.1667', '15.5000', 0, 0, 1),
(105, 'Haiti', 'HT', '19.0000', '-72.4167', 0, 0, 1),
(106, 'Hungary', 'HU', '47.0000', '20.0000', 0, 0, 1),
(107, 'Indonesia', 'ID', '-5.0000', '120.0000', 0, 0, 1),
(108, 'Ireland', 'IE', '53.0000', '-8.0000', 1, 1, 1),
(109, 'Israel', 'IL', '31.5000', '34.7500', 0, 0, 1),
(110, 'Isle of Man', 'IM', '54.236107', '-4.548056', 0, 0, 1),
(111, 'India', 'IN', '20.0000', '77.0000', 1, 2, 1),
(112, 'British Indian Ocean Territory', 'IO', '-6.0000', '71.5000', 0, 0, 1),
(113, 'Iraq', 'IQ', '33.0000', '44.0000', 0, 0, 1),
(114, 'Iran', 'IR', '32.0000', '53.0000', 0, 0, 1),
(115, 'Iceland', 'IS', '65.0000', '-18.0000', 0, 0, 1),
(116, 'Italy', 'IT', '42.8333', '12.8333', 0, 0, 1),
(117, 'Jersey', 'JE', '49.214439', '-2.13125', 0, 0, 1),
(118, 'Jamaica', 'JM', '18.2500', '-77.5000', 0, 0, 1),
(119, 'Jordan', 'JO', '31.0000', '36.0000', 0, 0, 1),
(120, 'Japan', 'JP', '36.0000', '138.0000', 1, 21, 1),
(121, 'Kenya', 'KE', '1.0000', '38.0000', 0, 0, 1),
(122, 'Kyrgyzstan', 'KG', '41.0000', '75.0000', 0, 0, 1),
(123, 'Cambodia', 'KH', '13.0000', '105.0000', 0, 0, 1),
(124, 'Kiribati', 'KI', '1.4167', '173.0000', 0, 0, 1),
(125, 'Comoros', 'KM', '-12.1667', '44.2500', 0, 0, 1),
(126, 'Saint Kitts and Nevis', 'KN', '17.3333', '-62.7500', 0, 0, 1),
(127, 'Korea', 'KP', '40.0000', '127.0000', 0, 0, 1),
(128, 'Korea', 'KR', '37.0000', '127.5000', 0, 0, 1),
(129, 'Kuwait', 'KW', '29.3375', '47.6581', 0, 0, 1),
(130, 'Cayman Islands', 'KY', '19.5000', '-80.5000', 0, 0, 1),
(131, 'Kazakhstan', 'KZ', '48.0000', '68.0000', 0, 0, 1),
(132, 'Lao People\'s Democratic Republic', 'LA', '18.0000', '105.0000', 1, 1, 1),
(133, 'Lebanon', 'LB', '33.8333', '35.8333', 0, 0, 1),
(134, 'Saint Lucia', 'LC', '13.8833', '-61.1333', 0, 0, 1),
(135, 'Liechtenstein', 'LI', '47.1667', '9.5333', 0, 0, 1),
(136, 'Sri Lanka', 'LK', '7.0000', '81.0000', 0, 0, 1),
(137, 'Liberia', 'LR', '6.5000', '-9.5000', 0, 0, 1),
(138, 'Lesotho', 'LS', '-29.5000', '28.5000', 0, 0, 1),
(139, 'Lithuania', 'LT', '56.0000', '24.0000', 0, 0, 1),
(140, 'Luxembourg', 'LU', '49.7500', '6.1667', 0, 0, 1),
(141, 'Latvia', 'LV', '57.0000', '25.0000', 0, 0, 1),
(142, 'Libyan Arab Jamahiriya', 'LY', '25.0000', '17.0000', 0, 0, 1),
(143, 'Morocco', 'MA', '32.0000', '-5.0000', 0, 0, 1),
(144, 'Monaco', 'MC', '43.7333', '7.4000', 0, 0, 1),
(145, 'Moldova', 'MD', '47.0000', '29.0000', 0, 0, 1),
(146, 'Montenegro', 'ME', '42.0000', '19.0000', 0, 0, 1),
(147, 'Saint Martin', 'MF', '18.08255', '-63.052251', 0, 0, 1),
(148, 'Madagascar', 'MG', '-20.0000', '47.0000', 0, 0, 1),
(149, 'Marshall Islands', 'MH', '9.0000', '168.0000', 0, 0, 1),
(150, 'Macedonia', 'MK', '41.8333', '22.0000', 0, 0, 1),
(151, 'Mali', 'ML', '17.0000', '-4.0000', 0, 0, 1),
(152, 'Myanmar', 'MM', '22.0000', '98.0000', 0, 0, 1),
(153, 'Mongolia', 'MN', '46.0000', '105.0000', 0, 0, 1),
(154, 'Macao', 'MO', '22.1667', '113.5500', 0, 0, 1),
(155, 'Northern Mariana Islands', 'MP', '15.2000', '145.7500', 0, 0, 1),
(156, 'Martinique', 'MQ', '14.6667', '-61.0000', 0, 0, 1),
(157, 'Mauritania', 'MR', '20.0000', '-12.0000', 0, 0, 1),
(158, 'Montserrat', 'MS', '16.7500', '-62.2000', 0, 0, 1),
(159, 'Malta', 'MT', '35.8333', '14.5833', 0, 0, 1),
(160, 'Mauritius', 'MU', '-20.2833', '57.5500', 0, 0, 1),
(161, 'Maldives', 'MV', '3.2500', '73.0000', 0, 0, 1),
(162, 'Malawi', 'MW', '-13.5000', '34.0000', 0, 0, 1),
(163, 'Mexico', 'MX', '23.0000', '-102.0000', 0, 0, 1),
(164, 'Malaysia', 'MY', '2.5000', '112.5000', 0, 0, 1),
(165, 'Mozambique', 'MZ', '-18.2500', '35.0000', 0, 0, 1),
(166, 'Namibia', 'NA', '-22.0000', '17.0000', 0, 0, 1),
(167, 'New Caledonia', 'NC', '-21.5000', '165.5000', 0, 0, 1),
(168, 'Niger', 'NE', '16.0000', '8.0000', 0, 0, 1),
(169, 'Norfolk Island', 'NF', '-29.0333', '167.9500', 0, 0, 1),
(170, 'Nigeria', 'NG', '10.0000', '8.0000', 0, 0, 1),
(171, 'Nicaragua', 'NI', '13.0000', '-85.0000', 0, 0, 1),
(172, 'Netherlands', 'NL', '52.5000', '5.7500', 1, 2, 1),
(173, 'Norway', 'NO', '62.0000', '10.0000', 1, 2, 1),
(174, 'Nepal', 'NP', '28.0000', '84.0000', 0, 0, 1),
(175, 'Nauru', 'NR', '-0.5333', '166.9167', 0, 0, 1),
(176, 'Niue', 'NU', '-19.0333', '-169.8667', 0, 0, 1),
(177, 'New Zealand', 'NZ', '-41.0000', '174.0000', 0, 0, 1),
(178, 'Oman', 'OM', '21.0000', '57.0000', 0, 0, 1),
(179, 'Panama', 'PA', '9.0000', '-80.0000', 0, 0, 1),
(180, 'Peru', 'PE', '-10.0000', '-76.0000', 0, 0, 1),
(181, 'French Polynesia', 'PF', '-15.0000', '-140.0000', 0, 0, 1),
(182, 'Papua New Guinea', 'PG', '-6.0000', '147.0000', 0, 0, 1),
(183, 'Philippines', 'PH', '13.0000', '122.0000', 0, 0, 1),
(184, 'Pakistan', 'PK', '30.0000', '70.0000', 1, 1, 1),
(185, 'Poland', 'PL', '52.0000', '20.0000', 0, 0, 1),
(186, 'Saint Pierre and Miquelon', 'PM', '46.8333', '-56.3333', 0, 0, 1),
(187, 'Pitcairn', 'PN', '-24.376766', '-128.324339', 0, 0, 1),
(188, 'Puerto Rico', 'PR', '18.2500', '-66.5000', 0, 0, 1),
(189, 'Palestinian Territory', 'PS', '32.0000', '35.2500', 0, 0, 1),
(190, 'Portugal', 'PT', '39.5000', '-8.0000', 0, 0, 1),
(191, 'Palau', 'PW', '7.5000', '134.5000', 0, 0, 1),
(192, 'Paraguay', 'PY', '-23.0000', '-58.0000', 0, 0, 1),
(193, 'Qatar', 'QA', '25.5000', '51.2500', 0, 0, 1),
(194, 'Reunion', 'RE', '-21.1000', '55.6000', 0, 0, 1),
(195, 'Romania', 'RO', '46.0000', '25.0000', 0, 0, 1),
(196, 'Serbia', 'RS', '44.0000', '21.0000', 0, 0, 1),
(197, 'Russian Federation', 'RU', '60.0000', '100.0000', 3, 5, 1),
(198, 'Rwanda', 'RW', '-2.0000', '30.0000', 0, 0, 1),
(199, 'Saudi Arabia', 'SA', '25.0000', '45.0000', 0, 0, 1),
(200, 'Solomon Islands', 'SB', '-8.0000', '159.0000', 0, 0, 1),
(201, 'Seychelles', 'SC', '-4.5833', '55.6667', 0, 0, 1),
(202, 'Sudan', 'SD', '15.0000', '30.0000', 0, 0, 1),
(203, 'Sweden', 'SE', '62.0000', '15.0000', 0, 0, 1),
(204, 'Singapore', 'SG', '1.3667', '103.8000', 3, 3, 1),
(205, 'Saint Helena', 'SH', '-15.9333', '-5.7000', 0, 0, 1),
(206, 'Slovenia', 'SI', '46.0000', '15.0000', 0, 0, 1),
(207, 'Svalbard and Jan Mayen', 'SJ', '78.0000', '20.0000', 0, 0, 1),
(208, 'Slovakia', 'SK', '48.6667', '19.5000', 0, 0, 1),
(209, 'Sierra Leone', 'SL', '8.5000', '-11.5000', 0, 0, 1),
(210, 'San Marino', 'SM', '43.7667', '12.4167', 0, 0, 1),
(211, 'Senegal', 'SN', '14.0000', '-14.0000', 0, 0, 1),
(212, 'Somalia', 'SO', '10.0000', '49.0000', 0, 0, 1),
(213, 'Suriname', 'SR', '4.0000', '-56.0000', 0, 0, 1),
(214, 'South Sudan', 'SS', '6.876992', '31.306979', 0, 0, 1),
(215, 'Sao Tome and Principe', 'ST', '1.0000', '7.0000', 0, 0, 1),
(216, 'El Salvador', 'SV', '13.8333', '-88.9167', 0, 0, 1),
(217, 'Sint Maarten', 'SX', '18.041216', '-63.053073', 0, 0, 1),
(218, 'Syrian Arab Republic', 'SY', '35.0000', '38.0000', 0, 0, 1),
(219, 'Swaziland', 'SZ', '-26.5000', '31.5000', 0, 0, 1),
(220, 'Turks and Caicos Islands', 'TC', '21.7500', '-71.5833', 0, 0, 1),
(221, 'Chad', 'TD', '15.0000', '19.0000', 0, 0, 1),
(222, 'French Southern Territories', 'TF', '-43.0000', '67.0000', 0, 0, 1),
(223, 'Togo', 'TG', '8.0000', '1.1667', 0, 0, 1),
(224, 'Thailand', 'TH', '15.0000', '100.0000', 0, 0, 1),
(225, 'Tajikistan', 'TJ', '39.0000', '71.0000', 0, 0, 1),
(226, 'Tokelau', 'TK', '-9.0000', '-172.0000', 0, 0, 1),
(227, 'Timor-Leste', 'TL', '-8.874217', '125.727539', 0, 0, 1),
(228, 'Turkmenistan', 'TM', '40.0000', '60.0000', 0, 0, 1),
(229, 'Tunisia', 'TN', '34.0000', '9.0000', 0, 0, 1),
(230, 'Tonga', 'TO', '-20.0000', '-175.0000', 0, 0, 1),
(231, 'Turkey', 'TR', '39.0000', '35.0000', 0, 0, 1),
(232, 'Trinidad and Tobago', 'TT', '11.0000', '-61.0000', 0, 0, 1),
(233, 'Tuvalu', 'TV', '-8.0000', '178.0000', 0, 0, 1),
(234, 'Taiwan', 'TW', '23.5000', '121.0000', 0, 0, 1),
(235, 'Tanzania', 'TZ', '-6.0000', '35.0000', 0, 0, 1),
(236, 'Ukraine', 'UA', '49.0000', '32.0000', 2, 2, 1),
(237, 'Uganda', 'UG', '1.0000', '32.0000', 0, 0, 1),
(238, 'United States Minor Outlying Islands', 'UM', '19.2833', '166.6000', 0, 0, 1),
(239, 'United States', 'US', '38.0000', '-97.0000', 483, 565, 1),
(240, 'Uruguay', 'UY', '-33.0000', '-56.0000', 0, 0, 1),
(241, 'Uzbekistan', 'UZ', '41.0000', '64.0000', 0, 0, 1),
(242, 'Holy See (Vatican City State)', 'VA', '41.9000', '12.4500', 0, 0, 1),
(243, 'Saint Vincent and the Grenadines', 'VC', '13.2500', '-61.2000', 0, 0, 1),
(244, 'Venezuela', 'VE', '8.0000', '-66.0000', 0, 0, 1),
(245, 'Virgin Islands', 'VG', '18.5000', '-64.5000', 0, 0, 1),
(246, 'Virgin Islands', 'VI', '18.3333', '-64.8333', 0, 0, 1),
(247, 'Vietnam', 'VN', '16.0000', '106.0000', 0, 0, 1),
(248, 'Vanuatu', 'VU', '-16.0000', '167.0000', 0, 0, 1),
(249, 'Wallis and Futuna', 'WF', '-13.3000', '-176.2000', 0, 0, 1),
(250, 'Samoa', 'WS', '-13.5833', '-172.3333', 0, 0, 1),
(251, 'Yemen', 'YE', '15.0000', '48.0000', 0, 0, 1),
(252, 'Mayotte', 'YT', '-12.8333', '45.1667', 0, 0, 1),
(253, 'South Africa', 'ZA', '-29.0000', '24.0000', 0, 0, 1),
(254, 'Zambia', 'ZM', '-15.0000', '30.0000', 0, 0, 1),
(255, 'Zaire', 'ZR', '-4.038333', '21.758664', 0, 0, 1),
(256, 'Zimbabwe', 'ZW', '-20.0000', '30.0000', 0, 0, 1),
(257, 'Anonymous Proxy', 'XX', NULL, NULL, 6, 6, 1);

-- --------------------------------------------------------

--
-- Table structure for table `ahc_daily_visitors_stats`
--

CREATE TABLE `ahc_daily_visitors_stats` (
  `id` int(11) UNSIGNED NOT NULL,
  `vst_date` datetime NOT NULL,
  `vst_visitors` int(11) UNSIGNED DEFAULT 0,
  `vst_visits` int(11) UNSIGNED DEFAULT 0,
  `site_id` int(11) NOT NULL DEFAULT 1
) ENGINE=MyISAM DEFAULT CHARSET=utf8mb3 COLLATE=utf8mb3_general_ci;

--
-- Dumping data for table `ahc_daily_visitors_stats`
--

INSERT INTO `ahc_daily_visitors_stats` (`id`, `vst_date`, `vst_visitors`, `vst_visits`, `site_id`) VALUES
(1, '2023-01-02 00:23:47', 1, 1, 1),
(2, '2023-01-02 00:24:07', 0, 1, 1),
(3, '2023-01-02 00:25:11', 0, 1, 1),
(4, '2023-01-02 09:48:56', 1, 1, 1),
(5, '2023-01-03 07:10:48', 1, 1, 1),
(6, '2023-01-03 10:06:40', 1, 1, 1),
(7, '2023-01-03 21:54:25', 1, 1, 1),
(8, '2023-01-03 21:59:03', 1, 1, 1),
(9, '2023-01-03 21:59:15', 0, 1, 1),
(10, '2023-01-03 21:59:30', 0, 1, 1),
(11, '2023-01-03 21:59:44', 0, 1, 1),
(12, '2023-01-04 04:48:57', 1, 1, 1),
(13, '2023-01-04 08:51:39', 1, 1, 1),
(14, '2023-01-04 19:08:36', 1, 1, 1),
(15, '2023-01-04 19:18:55', 1, 1, 1),
(16, '2023-01-05 02:25:23', 1, 1, 1),
(17, '2023-01-05 05:33:46', 1, 1, 1),
(18, '2023-01-05 07:38:28', 1, 1, 1),
(19, '2023-01-05 08:58:05', 1, 1, 1),
(20, '2023-01-05 20:40:24', 1, 1, 1),
(21, '2023-01-05 22:02:15', 1, 1, 1),
(22, '2023-01-06 01:13:57', 1, 1, 1),
(23, '2023-01-07 11:24:09', 1, 1, 1),
(24, '2023-01-07 12:15:55', 1, 1, 1),
(25, '2023-01-08 02:10:22', 1, 1, 1),
(26, '2023-01-08 11:49:55', 1, 1, 1),
(27, '2023-01-08 13:10:59', 1, 1, 1),
(28, '2023-01-08 14:13:58', 1, 1, 1),
(29, '2023-01-08 14:14:07', 0, 1, 1),
(30, '2023-01-08 17:00:05', 1, 1, 1),
(31, '2023-01-09 05:27:46', 1, 1, 1),
(32, '2023-01-10 03:56:31', 1, 1, 1),
(33, '2023-01-10 05:50:01', 1, 1, 1),
(34, '2023-01-10 05:50:26', 1, 1, 1),
(35, '2023-01-10 13:47:23', 1, 1, 1),
(36, '2023-01-10 20:20:24', 1, 1, 1),
(37, '2023-01-11 08:15:43', 1, 1, 1),
(38, '2023-01-11 15:43:05', 1, 1, 1),
(39, '2023-01-12 13:55:07', 1, 1, 1),
(40, '2023-01-12 16:14:51', 1, 1, 1),
(41, '2023-01-13 00:26:11', 1, 1, 1),
(42, '2023-01-15 21:20:36', 1, 1, 1),
(43, '2023-01-16 07:00:43', 1, 1, 1),
(44, '2023-01-16 07:01:16', 0, 1, 1),
(45, '2023-01-18 06:20:23', 1, 1, 1),
(46, '2023-01-18 16:15:40', 1, 1, 1),
(47, '2023-01-18 20:32:14', 1, 1, 1),
(48, '2023-01-19 00:18:56', 1, 1, 1),
(49, '2023-01-19 00:19:24', 0, 1, 1),
(50, '2023-01-19 02:00:46', 1, 1, 1),
(51, '2023-01-19 04:21:42', 1, 1, 1),
(52, '2023-01-20 17:17:00', 1, 1, 1),
(53, '2023-01-21 03:08:30', 1, 1, 1),
(54, '2023-01-21 19:58:41', 1, 1, 1),
(55, '2023-01-21 23:00:32', 1, 1, 1),
(56, '2023-01-22 19:26:36', 1, 1, 1),
(57, '2023-01-22 21:45:23', 1, 1, 1),
(58, '2023-01-23 07:22:26', 1, 1, 1),
(59, '2023-01-23 07:22:47', 0, 1, 1),
(60, '2023-01-23 13:47:31', 1, 1, 1),
(61, '2023-01-24 16:00:21', 1, 1, 1),
(62, '2023-01-24 21:47:23', 1, 1, 1),
(63, '2023-01-24 23:31:26', 1, 1, 1),
(64, '2023-01-25 02:33:28', 1, 1, 1),
(65, '2023-01-26 02:29:48', 1, 1, 1),
(66, '2023-01-27 06:41:15', 1, 1, 1),
(67, '2023-01-28 05:36:48', 1, 1, 1),
(68, '2023-01-28 07:29:59', 1, 1, 1),
(69, '2023-01-29 05:33:10', 1, 1, 1),
(70, '2023-01-29 06:31:20', 1, 1, 1),
(71, '2023-01-29 11:46:58', 1, 1, 1),
(72, '2023-01-29 16:22:54', 1, 1, 1),
(73, '2023-01-29 16:22:55', 1, 1, 1),
(74, '2023-01-30 07:06:55', 1, 1, 1),
(75, '2023-01-30 07:07:18', 0, 1, 1),
(76, '2023-01-30 10:52:39', 1, 1, 1),
(77, '2023-02-01 10:32:28', 1, 1, 1),
(78, '2023-02-02 10:48:42', 1, 1, 1),
(79, '2023-02-03 14:05:59', 1, 1, 1),
(80, '2023-02-03 14:06:41', 0, 1, 1),
(81, '2023-02-03 14:07:29', 0, 1, 1),
(82, '2023-02-04 05:19:16', 1, 1, 1),
(83, '2023-02-05 07:51:40', 1, 1, 1),
(84, '2023-02-08 02:18:41', 1, 1, 1),
(85, '2023-02-09 08:17:56', 1, 1, 1),
(86, '2023-02-11 12:34:44', 1, 1, 1),
(87, '2023-02-13 02:00:00', 1, 1, 1),
(88, '2023-02-13 02:00:49', 0, 1, 1),
(89, '2023-02-13 02:01:08', 0, 1, 1),
(90, '2023-02-14 21:48:20', 1, 1, 1),
(91, '2023-02-16 03:23:29', 1, 1, 1),
(92, '2023-02-16 10:28:48', 1, 1, 1),
(93, '2023-02-17 04:22:23', 1, 1, 1),
(94, '2023-02-17 04:23:27', 0, 1, 1),
(95, '2023-02-17 04:23:31', 0, 1, 1),
(96, '2023-02-17 15:36:52', 1, 1, 1),
(97, '2023-02-17 15:37:11', 0, 1, 1),
(98, '2023-02-17 15:37:35', 0, 1, 1),
(99, '2023-02-17 21:44:36', 1, 1, 1),
(100, '2023-02-17 22:03:06', 1, 1, 1),
(101, '2023-02-17 22:07:14', 1, 1, 1),
(102, '2023-02-17 22:08:49', 1, 1, 1),
(103, '2023-02-18 03:51:35', 1, 1, 1),
(104, '2023-02-19 08:42:22', 1, 1, 1),
(105, '2023-02-19 08:42:26', 0, 1, 1),
(106, '2023-02-19 08:42:44', 0, 1, 1),
(107, '2023-02-19 08:42:44', 0, 1, 1),
(108, '2023-02-19 08:42:44', 0, 1, 1),
(109, '2023-02-19 08:42:54', 0, 1, 1),
(110, '2023-02-19 08:43:00', 0, 1, 1),
(111, '2023-02-19 08:43:01', 0, 1, 1),
(112, '2023-02-19 08:43:02', 0, 1, 1),
(113, '2023-02-19 08:43:17', 0, 1, 1),
(114, '2023-02-19 08:43:17', 0, 1, 1),
(115, '2023-02-19 08:43:21', 0, 1, 1),
(116, '2023-02-19 08:43:24', 0, 1, 1),
(117, '2023-02-19 08:43:33', 0, 1, 1),
(118, '2023-02-19 08:43:34', 0, 1, 1),
(119, '2023-02-19 08:43:36', 0, 1, 1),
(120, '2023-02-19 08:43:41', 0, 1, 1),
(121, '2023-02-19 08:43:46', 0, 1, 1),
(122, '2023-02-19 08:43:47', 0, 1, 1),
(123, '2023-02-19 08:43:55', 0, 1, 1),
(124, '2023-02-19 08:43:55', 0, 1, 1),
(125, '2023-02-19 08:51:58', 1, 1, 1),
(126, '2023-02-19 17:12:03', 1, 1, 1),
(127, '2023-02-20 20:58:42', 1, 1, 1),
(128, '2023-02-21 00:55:00', 1, 1, 1),
(129, '2023-02-21 07:40:53', 1, 1, 1),
(130, '2023-02-21 13:30:19', 1, 1, 1),
(131, '2023-02-21 18:53:04', 1, 1, 1),
(132, '2023-02-22 22:19:08', 1, 1, 1),
(133, '2023-02-23 00:44:16', 1, 1, 1),
(134, '2023-02-24 17:23:54', 1, 1, 1),
(135, '2023-02-25 01:09:18', 1, 1, 1),
(136, '2023-02-26 02:17:28', 1, 1, 1),
(137, '2023-02-26 15:45:15', 1, 1, 1),
(138, '2023-02-28 01:13:06', 1, 1, 1),
(139, '2023-02-28 05:44:36', 1, 1, 1),
(140, '2023-02-28 13:06:30', 1, 1, 1),
(141, '2023-02-28 15:53:56', 1, 1, 1),
(142, '2023-02-28 15:54:02', 1, 1, 1),
(143, '2023-02-28 18:23:08', 1, 1, 1),
(144, '2023-03-01 06:05:40', 1, 1, 1),
(145, '2023-03-02 11:45:07', 1, 1, 1),
(146, '2023-03-02 13:45:44', 1, 1, 1),
(147, '2023-03-02 21:16:49', 1, 1, 1),
(148, '2023-03-03 01:35:57', 1, 1, 1),
(149, '2023-03-03 08:27:13', 1, 1, 1),
(150, '2023-03-03 12:16:44', 1, 1, 1),
(151, '2023-03-04 16:42:15', 1, 1, 1),
(152, '2023-03-06 04:13:35', 1, 1, 1),
(153, '2023-03-07 06:18:47', 1, 1, 1),
(154, '2023-03-07 07:52:48', 1, 1, 1),
(155, '2023-03-07 15:00:16', 1, 1, 1),
(156, '2023-03-07 21:29:35', 1, 1, 1),
(157, '2023-03-07 21:44:23', 1, 1, 1),
(158, '2023-03-07 21:48:44', 1, 1, 1),
(159, '2023-03-08 00:02:30', 1, 1, 1),
(160, '2023-03-08 00:03:02', 0, 1, 1),
(161, '2023-03-08 00:31:01', 0, 1, 1),
(162, '2023-03-08 00:31:15', 0, 1, 1),
(163, '2023-03-08 01:08:59', 1, 1, 1),
(164, '2023-03-08 01:21:08', 1, 1, 1),
(165, '2023-03-08 07:21:21', 1, 1, 1),
(166, '2023-03-08 15:12:27', 1, 1, 1),
(167, '2023-03-08 16:28:18', 1, 1, 1),
(168, '2023-03-08 16:31:44', 1, 1, 1),
(169, '2023-03-08 17:03:48', 1, 1, 1),
(170, '2023-03-08 17:19:45', 0, 1, 1),
(171, '2023-03-08 17:20:26', 0, 1, 1),
(172, '2023-03-08 17:20:46', 0, 1, 1),
(173, '2023-03-08 17:39:49', 0, 1, 1),
(174, '2023-03-08 17:58:17', 1, 1, 1),
(175, '2023-03-08 18:01:38', 0, 1, 1),
(176, '2023-03-08 18:10:39', 1, 1, 1),
(177, '2023-03-08 18:11:03', 0, 1, 1),
(178, '2023-03-08 18:35:33', 0, 1, 1),
(179, '2023-03-08 18:35:51', 0, 1, 1),
(180, '2023-03-08 18:36:07', 0, 1, 1),
(181, '2023-03-08 18:39:11', 1, 1, 1),
(182, '2023-03-08 18:39:30', 0, 1, 1),
(183, '2023-03-08 18:40:56', 0, 1, 1),
(184, '2023-03-08 18:54:38', 0, 1, 1),
(185, '2023-03-08 19:42:27', 1, 1, 1),
(186, '2023-03-08 20:38:25', 1, 1, 1),
(187, '2023-03-08 21:03:10', 0, 1, 1),
(188, '2023-03-08 21:42:03', 1, 1, 1),
(189, '2023-03-08 21:43:10', 0, 1, 1),
(190, '2023-03-08 21:45:39', 0, 1, 1),
(191, '2023-03-08 22:16:28', 1, 1, 1),
(192, '2023-03-08 22:25:44', 0, 1, 1),
(193, '2023-03-08 22:27:00', 0, 1, 1),
(194, '2023-03-09 02:28:21', 1, 1, 1),
(195, '2023-03-09 04:50:47', 1, 1, 1),
(196, '2023-03-09 18:44:11', 1, 1, 1),
(197, '2023-03-10 12:34:12', 1, 1, 1),
(198, '2023-03-10 15:38:33', 1, 1, 1),
(199, '2023-03-13 00:27:07', 1, 1, 1),
(200, '2023-03-13 10:59:13', 1, 1, 1),
(201, '2023-03-13 21:52:08', 0, 1, 1),
(202, '2023-03-13 21:52:32', 0, 1, 1),
(203, '2023-03-13 21:53:08', 0, 1, 1),
(204, '2023-03-14 01:13:14', 1, 1, 1),
(205, '2023-03-14 05:20:59', 1, 1, 1),
(206, '2023-03-14 19:08:11', 1, 1, 1),
(207, '2023-03-15 22:02:22', 1, 1, 1),
(208, '2023-03-15 23:40:52', 1, 1, 1),
(209, '2023-03-16 04:32:25', 1, 1, 1),
(210, '2023-03-16 12:00:56', 1, 1, 1),
(211, '2023-03-16 20:03:25', 1, 1, 1),
(212, '2023-03-16 20:03:49', 0, 1, 1),
(213, '2023-03-16 20:04:08', 0, 1, 1),
(214, '2023-03-16 21:56:06', 1, 1, 1),
(215, '2023-03-16 21:56:26', 0, 1, 1),
(216, '2023-03-16 21:56:44', 0, 1, 1),
(217, '2023-03-16 21:57:06', 0, 1, 1),
(218, '2023-03-17 00:23:12', 1, 1, 1),
(219, '2023-03-18 03:50:31', 1, 1, 1),
(220, '2023-03-18 08:03:16', 1, 1, 1),
(221, '2023-03-18 10:07:32', 1, 1, 1),
(222, '2023-03-18 23:21:05', 1, 1, 1),
(223, '2023-03-19 03:55:52', 1, 1, 1),
(224, '2023-03-19 07:10:32', 1, 1, 1),
(225, '2023-03-19 21:36:51', 1, 1, 1),
(226, '2023-03-19 22:54:33', 1, 1, 1),
(227, '2023-03-19 23:27:46', 1, 1, 1),
(228, '2023-03-19 23:31:31', 1, 1, 1),
(229, '2023-03-19 23:57:20', 1, 1, 1),
(230, '2023-03-20 04:33:20', 1, 1, 1),
(231, '2023-03-20 13:49:25', 1, 1, 1),
(232, '2023-03-20 19:41:47', 1, 1, 1),
(233, '2023-03-20 20:10:33', 1, 1, 1),
(234, '2023-03-21 00:39:42', 1, 1, 1),
(235, '2023-03-21 12:03:37', 1, 1, 1),
(236, '2023-03-21 13:56:38', 1, 1, 1),
(237, '2023-03-21 17:02:22', 1, 1, 1),
(238, '2023-03-21 22:43:01', 1, 1, 1),
(239, '2023-03-22 02:57:48', 1, 1, 1),
(240, '2023-03-22 06:36:09', 1, 1, 1),
(241, '2023-03-22 09:34:29', 1, 1, 1),
(242, '2023-03-22 16:46:13', 1, 1, 1),
(243, '2023-03-22 16:46:32', 0, 1, 1),
(244, '2023-03-22 16:47:44', 0, 1, 1),
(245, '2023-03-23 01:04:51', 1, 1, 1),
(246, '2023-03-23 07:49:30', 1, 1, 1),
(247, '2023-03-23 22:39:08', 1, 1, 1),
(248, '2023-03-24 01:09:45', 1, 1, 1),
(249, '2023-03-24 06:08:15', 1, 1, 1),
(250, '2023-03-24 09:09:49', 1, 1, 1),
(251, '2023-03-25 02:19:46', 1, 1, 1),
(252, '2023-03-25 05:51:36', 1, 1, 1),
(253, '2023-03-25 09:55:26', 1, 1, 1),
(254, '2023-03-25 19:17:28', 1, 1, 1),
(255, '2023-03-25 19:59:28', 1, 1, 1),
(256, '2023-03-25 19:59:48', 0, 1, 1),
(257, '2023-03-26 12:55:32', 1, 1, 1),
(258, '2023-03-27 20:51:24', 1, 1, 1),
(259, '2023-03-29 05:15:56', 1, 1, 1),
(260, '2023-03-30 07:16:27', 1, 1, 1),
(261, '2023-03-30 09:45:29', 1, 1, 1),
(262, '2023-03-30 16:04:25', 1, 1, 1),
(263, '2023-03-30 16:04:32', 1, 1, 1),
(264, '2023-03-30 21:17:17', 1, 1, 1),
(265, '2023-03-31 03:53:02', 1, 1, 1),
(266, '2023-03-31 08:34:08', 1, 1, 1),
(267, '2023-03-31 20:29:50', 1, 1, 1),
(268, '2023-03-31 22:28:23', 1, 1, 1),
(269, '2023-04-01 01:26:36', 1, 1, 1),
(270, '2023-04-01 03:26:36', 1, 1, 1),
(271, '2023-04-01 16:31:58', 1, 1, 1),
(272, '2023-04-01 19:28:59', 1, 1, 1),
(273, '2023-04-02 13:09:58', 1, 1, 1),
(274, '2023-04-02 22:57:10', 1, 1, 1),
(275, '2023-04-03 06:51:35', 1, 1, 1),
(276, '2023-04-03 16:39:57', 1, 1, 1),
(277, '2023-04-03 21:57:45', 1, 1, 1),
(278, '2023-04-04 07:49:02', 1, 1, 1),
(279, '2023-04-04 19:03:12', 1, 1, 1),
(280, '2023-04-04 20:25:03', 1, 1, 1),
(281, '2023-04-04 22:55:48', 1, 1, 1),
(282, '2023-04-05 01:28:16', 1, 1, 1),
(283, '2023-04-05 01:29:13', 0, 1, 1),
(284, '2023-04-05 07:52:29', 1, 1, 1),
(285, '2023-04-05 16:19:59', 1, 1, 1),
(286, '2023-04-06 14:04:09', 1, 1, 1),
(287, '2023-04-06 18:27:42', 1, 1, 1),
(288, '2023-04-07 00:14:10', 1, 1, 1),
(289, '2023-04-07 10:00:31', 1, 1, 1),
(290, '2023-04-07 10:32:17', 1, 1, 1),
(291, '2023-04-07 18:02:30', 1, 1, 1),
(292, '2023-04-07 20:51:22', 1, 1, 1),
(293, '2023-04-08 02:40:05', 1, 1, 1),
(294, '2023-04-08 02:46:18', 1, 1, 1),
(295, '2023-04-08 17:29:06', 1, 1, 1),
(296, '2023-04-08 22:31:36', 1, 1, 1),
(297, '2023-04-09 00:22:40', 1, 1, 1),
(298, '2023-04-09 15:31:29', 1, 1, 1),
(299, '2023-04-09 19:41:07', 1, 1, 1),
(300, '2023-04-09 22:15:51', 1, 1, 1),
(301, '2023-04-10 00:16:26', 1, 1, 1),
(302, '2023-04-10 00:56:04', 1, 1, 1),
(303, '2023-04-10 01:39:41', 1, 1, 1),
(304, '2023-04-10 01:40:15', 0, 1, 1),
(305, '2023-04-10 10:14:35', 1, 1, 1),
(306, '2023-04-10 10:15:15', 1, 1, 1),
(307, '2023-04-10 13:06:36', 1, 1, 1),
(308, '2023-04-10 14:43:22', 1, 1, 1),
(309, '2023-04-10 15:44:47', 1, 1, 1),
(310, '2023-04-10 17:30:20', 1, 1, 1),
(311, '2023-04-11 10:35:42', 1, 1, 1),
(312, '2023-04-11 16:31:59', 1, 1, 1),
(313, '2023-04-11 18:26:55', 1, 1, 1),
(314, '2023-04-11 18:27:10', 0, 1, 1),
(315, '2023-04-11 23:01:09', 1, 1, 1),
(316, '2023-04-11 23:01:21', 0, 1, 1),
(317, '2023-04-12 01:51:09', 1, 1, 1),
(318, '2023-04-12 01:51:27', 1, 1, 1),
(319, '2023-04-12 01:51:28', 0, 1, 1),
(320, '2023-04-12 06:51:07', 1, 1, 1),
(321, '2023-04-13 01:39:52', 1, 1, 1),
(322, '2023-04-13 04:51:04', 1, 1, 1),
(323, '2023-04-13 06:09:44', 1, 1, 1),
(324, '2023-04-13 07:25:02', 1, 1, 1),
(325, '2023-04-13 15:21:20', 1, 1, 1),
(326, '2023-04-13 23:29:01', 1, 1, 1),
(327, '2023-04-14 00:03:59', 1, 1, 1),
(328, '2023-04-14 06:51:19', 1, 1, 1),
(329, '2023-04-14 18:29:48', 1, 1, 1),
(330, '2023-04-14 20:26:46', 1, 1, 1),
(331, '2023-04-15 11:00:17', 1, 1, 1),
(332, '2023-04-15 15:36:40', 1, 1, 1),
(333, '2023-04-15 20:21:38', 1, 1, 1),
(334, '2023-04-16 04:52:32', 1, 1, 1),
(335, '2023-04-16 05:15:44', 1, 1, 1),
(336, '2023-04-16 05:40:39', 1, 1, 1),
(337, '2023-04-16 11:01:14', 1, 1, 1),
(338, '2023-04-16 14:19:43', 1, 1, 1),
(339, '2023-04-16 21:27:12', 1, 1, 1),
(340, '2023-04-17 11:43:20', 1, 1, 1),
(341, '2023-04-17 14:32:54', 1, 1, 1),
(342, '2023-04-17 21:47:13', 1, 1, 1),
(343, '2023-04-17 21:49:39', 1, 1, 1),
(344, '2023-04-18 17:23:50', 1, 1, 1),
(345, '2023-04-19 04:19:09', 1, 1, 1),
(346, '2023-04-20 02:11:16', 1, 1, 1),
(347, '2023-04-20 12:03:00', 1, 1, 1),
(348, '2023-04-20 13:15:39', 1, 1, 1),
(349, '2023-04-20 14:58:28', 1, 1, 1),
(350, '2023-04-20 17:52:01', 1, 1, 1),
(351, '2023-04-20 17:52:26', 0, 1, 1),
(352, '2023-04-20 17:52:46', 0, 1, 1),
(353, '2023-04-20 17:52:55', 0, 1, 1),
(354, '2023-04-21 04:30:41', 1, 1, 1),
(355, '2023-04-21 16:15:51', 1, 1, 1),
(356, '2023-04-22 15:16:20', 1, 1, 1),
(357, '2023-04-22 15:46:05', 1, 1, 1),
(358, '2023-04-23 19:33:37', 1, 1, 1),
(359, '2023-04-24 19:13:25', 1, 1, 1),
(360, '2023-04-24 19:13:40', 0, 1, 1),
(361, '2023-04-24 19:14:08', 0, 1, 1),
(362, '2023-04-24 19:14:29', 0, 1, 1),
(363, '2023-04-24 22:01:58', 1, 1, 1),
(364, '2023-04-25 04:33:45', 1, 1, 1),
(365, '2023-04-25 04:47:19', 1, 1, 1),
(366, '2023-04-25 14:38:20', 1, 1, 1),
(367, '2023-04-25 16:42:04', 1, 1, 1),
(368, '2023-04-25 17:40:00', 1, 1, 1),
(369, '2023-04-25 22:32:05', 1, 1, 1),
(370, '2023-04-26 02:51:29', 1, 1, 1),
(371, '2023-04-26 15:54:38', 1, 1, 1),
(372, '2023-04-26 22:15:06', 1, 1, 1),
(373, '2023-04-26 23:16:19', 1, 1, 1),
(374, '2023-04-27 00:51:55', 1, 1, 1),
(375, '2023-04-27 14:40:32', 1, 1, 1),
(376, '2023-04-27 20:45:09', 1, 1, 1),
(377, '2023-04-27 21:41:07', 1, 1, 1),
(378, '2023-04-28 05:55:23', 1, 1, 1),
(379, '2023-04-28 06:55:02', 1, 1, 1),
(380, '2023-04-28 09:13:16', 1, 1, 1),
(381, '2023-04-28 09:17:04', 1, 1, 1),
(382, '2023-04-28 16:13:24', 1, 1, 1),
(383, '2023-04-28 21:20:09', 1, 1, 1),
(384, '2023-04-29 00:00:01', 1, 1, 1),
(385, '2023-04-29 07:37:00', 1, 1, 1),
(386, '2023-04-30 00:39:49', 1, 1, 1),
(387, '2023-04-30 06:04:36', 1, 1, 1),
(388, '2023-04-30 07:32:15', 1, 1, 1),
(389, '2023-04-30 08:05:34', 1, 1, 1),
(390, '2023-05-01 07:14:20', 1, 1, 1),
(391, '2023-05-01 13:41:38', 1, 1, 1),
(392, '2023-05-02 02:40:47', 1, 1, 1),
(393, '2023-05-02 03:25:49', 1, 1, 1),
(394, '2023-05-02 03:56:51', 1, 1, 1),
(395, '2023-05-02 04:29:30', 1, 1, 1),
(396, '2023-05-02 05:13:45', 1, 1, 1),
(397, '2023-05-02 09:25:52', 1, 1, 1),
(398, '2023-05-02 18:20:35', 1, 1, 1),
(399, '2023-05-02 22:48:41', 1, 1, 1),
(400, '2023-05-03 09:08:04', 1, 1, 1),
(401, '2023-05-03 15:52:46', 1, 1, 1),
(402, '2023-05-03 20:25:53', 1, 1, 1),
(403, '2023-05-04 04:52:46', 1, 1, 1),
(404, '2023-05-04 06:11:57', 1, 1, 1),
(405, '2023-05-04 15:18:10', 1, 1, 1),
(406, '2023-05-04 23:51:17', 1, 1, 1),
(407, '2023-05-05 21:30:29', 1, 1, 1),
(408, '2023-05-06 08:45:54', 1, 1, 1),
(409, '2023-05-07 02:00:30', 1, 1, 1),
(410, '2023-05-07 19:19:11', 1, 1, 1),
(411, '2023-05-07 23:21:58', 1, 1, 1),
(412, '2023-05-07 23:21:59', 1, 1, 1),
(413, '2023-05-08 23:34:40', 1, 1, 1),
(414, '2023-05-09 16:47:52', 1, 1, 1),
(415, '2023-05-10 05:35:18', 1, 1, 1),
(416, '2023-05-10 23:57:43', 1, 1, 1),
(417, '2023-05-11 03:44:12', 1, 1, 1),
(418, '2023-05-11 03:44:34', 0, 1, 1),
(419, '2023-05-11 03:44:51', 0, 1, 1),
(420, '2023-05-11 09:26:53', 1, 1, 1),
(421, '2023-05-11 12:52:46', 1, 1, 1),
(422, '2023-05-11 21:45:02', 1, 1, 1),
(423, '2023-05-13 11:42:10', 1, 1, 1),
(424, '2023-05-14 03:25:02', 1, 1, 1),
(425, '2023-05-14 13:18:55', 1, 1, 1),
(426, '2023-05-15 05:30:49', 1, 1, 1),
(427, '2023-05-15 13:18:51', 1, 1, 1),
(428, '2023-05-15 18:56:49', 1, 1, 1),
(429, '2023-05-15 21:59:01', 1, 1, 1),
(430, '2023-05-16 03:33:58', 1, 1, 1),
(431, '2023-05-16 11:49:48', 1, 1, 1),
(432, '2023-05-16 14:29:15', 1, 1, 1),
(433, '2023-05-16 14:29:39', 0, 1, 1),
(434, '2023-05-16 14:30:25', 0, 1, 1),
(435, '2023-05-16 16:42:12', 1, 1, 1),
(436, '2023-05-16 16:42:31', 0, 1, 1),
(437, '2023-05-16 16:42:47', 0, 1, 1),
(438, '2023-05-17 13:50:34', 1, 1, 1),
(439, '2023-05-17 16:40:47', 1, 1, 1),
(440, '2023-05-18 09:58:59', 1, 1, 1),
(441, '2023-05-18 10:51:07', 1, 1, 1),
(442, '2023-05-18 12:37:44', 1, 1, 1),
(443, '2023-05-18 17:27:34', 1, 1, 1),
(444, '2023-05-18 21:01:05', 1, 1, 1),
(445, '2023-05-18 22:57:09', 1, 1, 1),
(446, '2023-05-19 04:52:04', 1, 1, 1),
(447, '2023-05-19 10:50:01', 1, 1, 1),
(448, '2023-05-19 22:43:51', 1, 1, 1),
(449, '2023-05-19 23:20:55', 1, 1, 1),
(450, '2023-05-19 23:45:38', 1, 1, 1),
(451, '2023-05-20 04:04:52', 1, 1, 1),
(452, '2023-05-20 11:46:06', 1, 1, 1),
(453, '2023-05-20 13:05:16', 1, 1, 1),
(454, '2023-05-20 22:47:57', 1, 1, 1),
(455, '2023-05-21 02:11:00', 1, 1, 1),
(456, '2023-05-21 02:36:02', 1, 1, 1),
(457, '2023-05-21 16:06:43', 1, 1, 1),
(458, '2023-05-21 17:22:06', 1, 1, 1),
(459, '2023-05-22 18:08:15', 1, 1, 1),
(460, '2023-05-22 20:26:48', 1, 1, 1),
(461, '2023-05-23 16:44:17', 1, 1, 1),
(462, '2023-05-24 06:14:57', 1, 1, 1),
(463, '2023-05-25 00:21:17', 1, 1, 1),
(464, '2023-05-25 06:31:02', 1, 1, 1),
(465, '2023-05-25 07:27:29', 1, 1, 1),
(466, '2023-05-25 14:39:13', 1, 1, 1),
(467, '2023-05-25 19:19:10', 1, 1, 1),
(468, '2023-05-26 05:57:31', 1, 1, 1),
(469, '2023-05-26 06:06:09', 1, 1, 1),
(470, '2023-05-26 09:55:56', 1, 1, 1),
(471, '2023-05-26 15:41:50', 1, 1, 1),
(472, '2023-05-26 16:08:32', 1, 1, 1),
(473, '2023-05-27 08:31:28', 1, 1, 1),
(474, '2023-05-27 14:47:06', 1, 1, 1),
(475, '2023-05-27 19:24:34', 1, 1, 1),
(476, '2023-05-27 20:25:36', 1, 1, 1),
(477, '2023-05-27 21:00:03', 1, 1, 1),
(478, '2023-05-28 02:51:21', 1, 1, 1),
(479, '2023-05-28 23:24:08', 1, 1, 1),
(480, '2023-05-29 02:56:48', 1, 1, 1),
(481, '2023-05-29 03:42:16', 1, 1, 1),
(482, '2023-05-29 12:57:29', 1, 1, 1),
(483, '2023-05-29 18:38:57', 1, 1, 1),
(484, '2023-05-30 08:25:35', 1, 1, 1),
(485, '2023-05-30 08:25:41', 1, 1, 1),
(486, '2023-05-30 17:48:42', 1, 1, 1),
(487, '2023-05-30 23:37:19', 1, 1, 1),
(488, '2023-05-31 03:12:39', 1, 1, 1),
(489, '2023-05-31 13:04:28', 1, 1, 1),
(490, '2023-05-31 20:12:53', 1, 1, 1),
(491, '2023-06-01 11:35:50', 1, 1, 1),
(492, '2023-06-01 11:40:00', 0, 1, 1),
(493, '2023-06-01 23:04:00', 1, 1, 1),
(494, '2023-06-01 23:29:22', 1, 1, 1),
(495, '2023-06-02 00:27:31', 1, 1, 1),
(496, '2023-06-02 00:38:10', 1, 1, 1),
(497, '2023-06-02 12:45:00', 1, 1, 1),
(498, '2023-06-02 12:55:57', 1, 1, 1),
(499, '2023-06-03 01:53:48', 1, 1, 1),
(500, '2023-06-03 09:05:29', 1, 1, 1),
(501, '2023-06-04 08:10:56', 1, 1, 1),
(502, '2023-06-04 18:51:47', 1, 1, 1),
(503, '2023-06-04 23:22:40', 1, 1, 1),
(504, '2023-06-05 03:52:09', 1, 1, 1),
(505, '2023-06-05 09:49:25', 1, 1, 1),
(506, '2023-06-05 11:41:47', 1, 1, 1),
(507, '2023-06-05 13:04:00', 1, 1, 1),
(508, '2023-06-05 15:54:10', 1, 1, 1),
(509, '2023-06-05 17:17:17', 1, 1, 1),
(510, '2023-06-05 21:30:47', 1, 1, 1),
(511, '2023-06-07 01:20:19', 1, 1, 1),
(512, '2023-06-07 07:20:59', 1, 1, 1),
(513, '2023-06-07 18:32:06', 1, 1, 1),
(514, '2023-06-07 21:25:48', 1, 1, 1),
(515, '2023-06-08 22:23:45', 1, 1, 1),
(516, '2023-06-09 00:00:42', 1, 1, 1),
(517, '2023-06-09 00:58:05', 1, 1, 1),
(518, '2023-06-09 16:02:51', 1, 1, 1),
(519, '2023-06-09 16:31:51', 1, 1, 1),
(520, '2023-06-12 08:22:45', 1, 1, 1),
(521, '2023-06-13 14:09:54', 1, 1, 1),
(522, '2023-06-14 04:45:59', 1, 1, 1),
(523, '2023-06-15 09:21:58', 1, 1, 1),
(524, '2023-06-15 13:11:55', 1, 1, 1),
(525, '2023-06-15 20:59:35', 1, 1, 1),
(526, '2023-06-17 04:18:20', 1, 1, 1),
(527, '2023-06-18 01:33:47', 1, 1, 1),
(528, '2023-06-18 03:54:34', 1, 1, 1),
(529, '2023-06-18 10:40:15', 1, 1, 1),
(530, '2023-06-19 04:02:18', 1, 1, 1),
(531, '2023-06-19 06:04:35', 1, 1, 1),
(532, '2023-06-19 07:42:40', 1, 1, 1),
(533, '2023-06-19 16:14:35', 1, 1, 1),
(534, '2023-06-19 19:22:57', 1, 1, 1),
(535, '2023-06-20 04:28:00', 1, 1, 1),
(536, '2023-06-20 07:16:49', 1, 1, 1),
(537, '2023-06-20 16:15:38', 1, 1, 1),
(538, '2023-06-20 22:02:00', 1, 1, 1),
(539, '2023-06-20 22:02:22', 0, 1, 1),
(540, '2023-06-20 22:02:37', 0, 1, 1),
(541, '2023-06-21 12:11:58', 1, 1, 1),
(542, '2023-06-21 20:55:39', 1, 1, 1),
(543, '2023-06-21 20:55:52', 0, 1, 1),
(544, '2023-06-21 20:56:24', 0, 1, 1),
(545, '2023-06-22 15:22:15', 1, 1, 1),
(546, '2023-06-22 15:50:13', 1, 1, 1),
(547, '2023-06-22 17:46:02', 1, 1, 1),
(548, '2023-06-23 00:08:10', 1, 1, 1),
(549, '2023-06-23 01:21:57', 1, 1, 1),
(550, '2023-06-23 01:22:25', 0, 1, 1),
(551, '2023-06-23 01:22:50', 0, 1, 1),
(552, '2023-06-23 07:18:29', 1, 1, 1),
(553, '2023-06-23 14:43:00', 1, 1, 1),
(554, '2023-06-23 17:54:02', 1, 1, 1),
(555, '2023-06-24 01:22:18', 1, 1, 1),
(556, '2023-06-24 07:56:52', 1, 1, 1),
(557, '2023-06-24 15:21:34', 1, 1, 1),
(558, '2023-06-24 15:26:13', 1, 1, 1),
(559, '2023-06-25 13:55:46', 1, 1, 1),
(560, '2023-06-25 17:14:35', 1, 1, 1),
(561, '2023-06-25 19:24:55', 1, 1, 1),
(562, '2023-06-26 02:48:27', 1, 1, 1),
(563, '2023-06-26 07:20:45', 1, 1, 1),
(564, '2023-06-26 18:35:57', 1, 1, 1),
(565, '2023-06-27 02:55:34', 1, 1, 1),
(566, '2023-06-27 04:25:38', 1, 1, 1),
(567, '2023-06-27 07:49:42', 1, 1, 1),
(568, '2023-06-27 08:10:14', 1, 1, 1),
(569, '2023-06-27 15:56:39', 1, 1, 1),
(570, '2023-06-27 22:11:59', 1, 1, 1),
(571, '2023-06-28 15:06:22', 1, 1, 1),
(572, '2023-06-28 16:16:24', 1, 1, 1),
(573, '2023-06-29 04:03:46', 1, 1, 1),
(574, '2023-06-29 08:08:11', 1, 1, 1),
(575, '2023-06-29 08:13:20', 0, 1, 1),
(576, '2023-06-29 08:39:46', 1, 1, 1),
(577, '2023-06-29 18:30:56', 1, 1, 1),
(578, '2023-06-29 20:50:15', 1, 1, 1),
(579, '2023-06-29 21:12:29', 1, 1, 1),
(580, '2023-06-29 21:16:03', 1, 1, 1),
(581, '2023-06-29 21:17:55', 0, 1, 1),
(582, '2023-06-29 21:38:29', 1, 1, 1),
(583, '2023-06-30 13:04:23', 1, 1, 1),
(584, '2023-06-30 13:04:34', 0, 1, 1),
(585, '2023-06-30 22:57:26', 1, 1, 1),
(586, '2023-07-01 03:18:01', 1, 1, 1),
(587, '2023-07-01 04:24:53', 1, 1, 1),
(588, '2023-07-01 08:11:56', 1, 1, 1),
(589, '2023-07-01 10:20:12', 1, 1, 1),
(590, '2023-07-01 14:52:43', 1, 1, 1),
(591, '2023-07-02 07:28:56', 1, 1, 1),
(592, '2023-07-02 11:19:54', 1, 1, 1),
(593, '2023-07-02 13:45:39', 1, 1, 1),
(594, '2023-07-02 18:05:32', 1, 1, 1),
(595, '2023-07-02 20:25:45', 1, 1, 1),
(596, '2023-07-03 22:25:58', 1, 1, 1),
(597, '2023-07-04 01:18:46', 1, 1, 1),
(598, '2023-07-04 14:40:33', 1, 1, 1),
(599, '2023-07-05 11:25:01', 1, 1, 1),
(600, '2023-07-06 13:45:54', 1, 1, 1),
(601, '2023-07-07 08:53:33', 1, 1, 1),
(602, '2023-07-07 22:27:52', 1, 1, 1),
(603, '2023-07-08 02:45:08', 1, 1, 1),
(604, '2023-07-08 08:12:43', 1, 1, 1),
(605, '2023-07-08 20:09:09', 1, 1, 1),
(606, '2023-07-08 20:09:48', 0, 1, 1),
(607, '2023-07-08 20:26:39', 1, 1, 1),
(608, '2023-07-08 21:37:00', 1, 1, 1),
(609, '2023-07-09 13:21:56', 1, 1, 1),
(610, '2023-07-09 18:04:37', 1, 1, 1),
(611, '2023-07-09 19:14:00', 1, 1, 1),
(612, '2023-07-09 20:02:26', 1, 1, 1),
(613, '2023-07-10 21:39:07', 1, 1, 1),
(614, '2023-07-11 20:47:59', 1, 1, 1),
(615, '2023-07-11 21:08:53', 1, 1, 1),
(616, '2023-07-12 17:49:15', 1, 1, 1),
(617, '2023-07-12 23:26:00', 1, 1, 1),
(618, '2023-07-13 03:46:41', 1, 1, 1),
(619, '2023-07-13 13:14:44', 1, 1, 1),
(620, '2023-07-13 17:39:10', 1, 1, 1),
(621, '2023-07-13 17:39:25', 0, 1, 1),
(622, '2023-07-13 17:39:54', 0, 1, 1),
(623, '2023-07-13 17:40:55', 0, 1, 1),
(624, '2023-07-13 17:43:01', 1, 1, 1),
(625, '2023-07-13 17:43:13', 0, 1, 1),
(626, '2023-07-13 17:43:19', 0, 1, 1),
(627, '2023-07-13 17:43:45', 0, 1, 1),
(628, '2023-07-13 18:15:54', 0, 1, 1),
(629, '2023-07-13 22:22:28', 1, 1, 1),
(630, '2023-07-14 04:46:28', 1, 1, 1),
(631, '2023-07-14 19:38:51', 1, 1, 1),
(632, '2023-07-15 20:19:38', 1, 1, 1),
(633, '2023-07-15 21:30:43', 1, 1, 1),
(634, '2023-07-16 19:52:52', 1, 1, 1),
(635, '2023-07-17 01:52:26', 1, 1, 1),
(636, '2023-07-17 01:52:54', 0, 1, 1),
(637, '2023-07-17 01:53:10', 0, 1, 1),
(638, '2023-07-17 18:10:49', 1, 1, 1),
(639, '2023-07-17 19:51:08', 1, 1, 1),
(640, '2023-07-18 11:24:20', 1, 1, 1),
(641, '2023-07-18 11:35:21', 1, 1, 1),
(642, '2023-07-18 14:26:36', 1, 1, 1),
(643, '2023-07-18 17:51:23', 1, 1, 1),
(644, '2023-07-18 18:23:17', 1, 1, 1),
(645, '2023-07-19 15:26:04', 1, 1, 1),
(646, '2023-07-19 16:23:45', 1, 1, 1),
(647, '2023-07-19 22:34:13', 1, 1, 1),
(648, '2023-07-20 01:06:44', 1, 1, 1),
(649, '2023-07-20 07:02:08', 1, 1, 1),
(650, '2023-07-20 20:51:08', 1, 1, 1),
(651, '2023-07-20 21:16:40', 1, 1, 1),
(652, '2023-07-21 01:27:15', 1, 1, 1),
(653, '2023-07-21 02:31:56', 1, 1, 1),
(654, '2023-07-21 23:47:38', 1, 1, 1),
(655, '2023-07-22 08:05:23', 1, 1, 1),
(656, '2023-07-22 08:44:32', 1, 1, 1),
(657, '2023-07-22 11:01:08', 1, 1, 1),
(658, '2023-07-22 17:45:59', 1, 1, 1),
(659, '2023-07-22 19:49:06', 1, 1, 1),
(660, '2023-07-23 00:56:02', 1, 1, 1),
(661, '2023-07-23 04:36:05', 1, 1, 1),
(662, '2023-07-23 09:49:51', 1, 1, 1),
(663, '2023-07-23 12:31:50', 1, 1, 1),
(664, '2023-07-23 14:14:06', 1, 1, 1),
(665, '2023-07-23 14:34:16', 1, 1, 1),
(666, '2023-07-23 16:49:49', 1, 1, 1),
(667, '2023-07-23 19:47:38', 1, 1, 1),
(668, '2023-07-23 19:48:03', 0, 1, 1),
(669, '2023-07-23 19:48:42', 0, 1, 1),
(670, '2023-07-23 19:48:56', 0, 1, 1),
(671, '2023-07-24 15:22:44', 1, 1, 1),
(672, '2023-07-24 18:06:08', 1, 1, 1),
(673, '2023-07-24 18:48:29', 1, 1, 1),
(674, '2023-07-25 00:46:04', 1, 1, 1),
(675, '2023-07-25 01:21:00', 1, 1, 1);

-- --------------------------------------------------------

--
-- Table structure for table `ahc_hits`
--

CREATE TABLE `ahc_hits` (
  `hit_id` int(11) UNSIGNED NOT NULL,
  `hit_ip_address` varchar(50) NOT NULL,
  `hit_user_agent` varchar(200) NOT NULL,
  `hit_request_uri` varchar(200) DEFAULT NULL,
  `hit_page_id` varchar(30) NOT NULL,
  `hit_page_title` varchar(200) DEFAULT NULL,
  `ctr_id` int(3) UNSIGNED DEFAULT NULL,
  `hit_referer` varchar(300) DEFAULT NULL,
  `hit_referer_site` varchar(100) DEFAULT NULL,
  `srh_id` int(3) UNSIGNED DEFAULT NULL,
  `hit_search_words` varchar(200) DEFAULT NULL,
  `bsr_id` int(3) UNSIGNED NOT NULL,
  `hit_date` date NOT NULL,
  `hit_time` time NOT NULL,
  `site_id` int(11) NOT NULL DEFAULT 1
) ENGINE=MyISAM DEFAULT CHARSET=utf8mb3 COLLATE=utf8mb3_general_ci;

--
-- Dumping data for table `ahc_hits`
--

INSERT INTO `ahc_hits` (`hit_id`, `hit_ip_address`, `hit_user_agent`, `hit_request_uri`, `hit_page_id`, `hit_page_title`, `ctr_id`, `hit_referer`, `hit_referer_site`, `srh_id`, `hit_search_words`, `bsr_id`, `hit_date`, `hit_time`, `site_id`) VALUES
(674, '69.171.251.6', 'Mozilla/5.0 (Windows NT 10.0; Win64; x64) AppleWebKit/537.36 (KHTML, like Gecko) Chrome/114.0.0.0 Safari/537.36', '', 'BLOGPAGE', '', 239, 'https://www.facebook.com/', 'www.facebook.com', 0, '', 4, '2023-07-25', '00:46:04', 1),
(675, '173.252.127.22', '5.0 (Windows NT 6.3; Win64; x64) AppleWebKit/537.36 (KHTML, like Gecko) Chrome/75.0.3770.100 Safari/537.36', '', 'BLOGPAGE', '', 239, 'https://www.facebook.com/', 'www.facebook.com', 0, '', 4, '2023-07-25', '01:21:00', 1);

-- --------------------------------------------------------

--
-- Table structure for table `ahc_keywords`
--

CREATE TABLE `ahc_keywords` (
  `kwd_id` int(11) UNSIGNED NOT NULL,
  `kwd_ip_address` varchar(50) NOT NULL,
  `kwd_keywords` varchar(200) NOT NULL,
  `kwd_referer` varchar(300) NOT NULL,
  `srh_id` int(3) UNSIGNED NOT NULL,
  `ctr_id` int(5) UNSIGNED DEFAULT NULL,
  `bsr_id` int(3) UNSIGNED NOT NULL,
  `kwd_date` date NOT NULL,
  `kwd_time` time NOT NULL,
  `site_id` int(11) NOT NULL DEFAULT 1
) ENGINE=MyISAM DEFAULT CHARSET=utf8mb3 COLLATE=utf8mb3_general_ci;

-- --------------------------------------------------------

--
-- Table structure for table `ahc_online_users`
--

CREATE TABLE `ahc_online_users` (
  `id` int(11) UNSIGNED NOT NULL,
  `hit_ip_address` varchar(50) NOT NULL,
  `hit_page_id` varchar(30) NOT NULL,
  `date` timestamp NOT NULL DEFAULT current_timestamp(),
  `site_id` int(11) NOT NULL DEFAULT 1
) ENGINE=MyISAM DEFAULT CHARSET=utf8mb3 COLLATE=utf8mb3_general_ci;

--
-- Dumping data for table `ahc_online_users`
--

INSERT INTO `ahc_online_users` (`id`, `hit_ip_address`, `hit_page_id`, `date`, `site_id`) VALUES
(839, '173.252.127.22', 'BLOGPAGE', '2023-07-24 21:21:00', 1);

-- --------------------------------------------------------

--
-- Table structure for table `ahc_recent_visitors`
--

CREATE TABLE `ahc_recent_visitors` (
  `vtr_id` int(11) UNSIGNED NOT NULL,
  `vtr_ip_address` varchar(50) NOT NULL,
  `vtr_referer` varchar(300) DEFAULT NULL,
  `srh_id` int(3) UNSIGNED DEFAULT NULL,
  `bsr_id` int(3) UNSIGNED NOT NULL,
  `ctr_id` int(5) UNSIGNED DEFAULT NULL,
  `vtr_date` date NOT NULL,
  `vtr_time` time NOT NULL,
  `ahc_city` varchar(230) DEFAULT NULL,
  `ahc_region` varchar(230) DEFAULT NULL,
  `site_id` int(11) NOT NULL DEFAULT 1
) ENGINE=MyISAM DEFAULT CHARSET=utf8mb3 COLLATE=utf8mb3_general_ci;

--
-- Dumping data for table `ahc_recent_visitors`
--

INSERT INTO `ahc_recent_visitors` (`vtr_id`, `vtr_ip_address`, `vtr_referer`, `srh_id`, `bsr_id`, `ctr_id`, `vtr_date`, `vtr_time`, `ahc_city`, `ahc_region`, `site_id`) VALUES
(1, '107.126.24.90', '', 0, 5, 239, '2023-01-02', '00:23:47', 'New York', 'New York', 1),
(2, '188.40.131.176', '', 0, 4, 62, '2023-01-02', '09:48:56', 'Falkenstein', 'Saxony', 1),
(3, '17.246.23.33', '', 0, 5, 239, '2023-01-03', '07:10:48', 'Cupertino', 'California', 1),
(4, '88.198.50.113', '', 0, 4, 62, '2023-01-03', '10:06:40', 'Falkenstein', 'Saxony', 1),
(5, '107.77.199.144', '', 0, 5, 239, '2023-01-03', '21:54:25', 'Opelousas', 'Louisiana', 1),
(6, '107.127.35.143', 'https://www.google.com/', 1, 5, 239, '2023-01-03', '21:59:03', 'Paducah', 'Kentucky', 1),
(7, '17.241.219.153', '', 0, 5, 239, '2023-01-04', '04:48:57', 'Cupertino', 'California', 1),
(8, '17.246.19.82', '', 0, 5, 239, '2023-01-04', '08:51:39', 'Cupertino', 'California', 1),
(9, '40.77.202.77', '', 0, 5, 239, '2023-01-04', '19:08:36', 'Quincy', 'Washington', 1),
(10, '17.241.219.92', '', 0, 5, 239, '2023-01-04', '19:18:55', 'Cupertino', 'California', 1),
(11, '17.246.23.65', '', 0, 5, 239, '2023-01-05', '02:25:23', 'Cupertino', 'California', 1),
(12, '17.241.227.19', '', 0, 5, 239, '2023-01-05', '05:33:46', 'Cupertino', 'California', 1),
(13, '17.246.15.127', '', 0, 5, 239, '2023-01-05', '07:38:28', 'Cupertino', 'California', 1),
(14, '17.241.227.80', '', 0, 5, 239, '2023-01-05', '08:58:05', 'Cupertino', 'California', 1),
(15, '17.246.23.155', '', 0, 5, 239, '2023-01-05', '20:40:24', 'Cupertino', 'California', 1),
(16, '17.246.15.146', '', 0, 5, 239, '2023-01-05', '22:02:15', 'Cupertino', 'California', 1),
(17, '35.211.164.203', '', 0, 4, 239, '2023-01-06', '01:13:57', 'North Charleston', 'South Carolina', 1),
(18, '65.21.165.217', '', 0, 4, 239, '2023-01-07', '11:24:09', 'Helsinki', 'Uusimaa', 1),
(19, '205.169.39.63', '', 0, 4, 239, '2023-01-07', '12:15:55', 'Dallas', 'Texas', 1),
(20, '149.56.150.189', '', 0, 14, 239, '2023-01-08', '02:10:22', 'Montreal', 'Quebec', 1),
(21, '65.21.165.218', '', 0, 4, 239, '2023-01-08', '11:49:55', 'Helsinki', 'Uusimaa', 1),
(22, '168.119.68.177', '', 0, 14, 239, '2023-01-08', '13:10:59', 'Falkenstein', 'Saxony', 1),
(23, '27.147.244.16', '', 0, 4, 24, '2023-01-08', '14:13:58', 'Chittagong', 'Chittagong', 1),
(24, '205.169.39.143', '', 0, 4, 239, '2023-01-08', '17:00:05', 'Dallas', 'Texas', 1),
(25, '17.241.219.97', '', 0, 5, 239, '2023-01-09', '05:27:46', 'Cupertino', 'California', 1),
(26, '107.115.227.58', '', 0, 5, 239, '2023-01-10', '03:56:31', 'Fort Lauderdale', 'Florida', 1),
(27, '3.12.147.208', '', 0, 4, 239, '2023-01-10', '05:50:01', 'Dublin', 'Ohio', 1),
(28, '3.12.147.208', '', 0, 4, 239, '2023-01-10', '05:50:26', 'Dublin', 'Ohio', 1),
(29, '135.181.62.220', '', 0, 4, 43, '2023-01-10', '13:47:23', 'Helsinki', 'Uusimaa', 1),
(30, '17.241.219.144', '', 0, 5, 239, '2023-01-10', '20:20:24', 'Cupertino', 'California', 1),
(31, '46.4.88.156', '', 0, 4, 62, '2023-01-11', '08:15:43', 'Falkenstein', 'Saxony', 1),
(32, '17.246.19.52', '', 0, 5, 239, '2023-01-11', '15:43:05', 'Cupertino', 'California', 1),
(33, '40.77.202.74', '', 0, 5, 239, '2023-01-12', '13:55:07', 'Quincy', 'Washington', 1),
(34, '17.22.253.105', '', 0, 5, 239, '2023-01-12', '16:14:51', 'Cupertino', 'California', 1),
(35, '17.22.245.12', '', 0, 5, 239, '2023-01-13', '00:26:11', 'Cupertino', 'California', 1),
(36, '23.117.154.233', 'https://www.google.com/', 1, 5, 239, '2023-01-15', '21:20:36', 'West Palm Beach', 'Florida', 1),
(37, '3.145.63.154', '', 0, 4, 239, '2023-01-16', '07:00:43', 'Dublin', 'Ohio', 1),
(38, '17.246.15.172', '', 0, 5, 239, '2023-01-18', '06:20:23', 'Cupertino', 'California', 1),
(39, '172.58.128.148', 'https://www.google.com/', 1, 5, 239, '2023-01-18', '16:15:40', 'Miami', 'Florida', 1),
(40, '51.222.24.119', '', 0, 2, 83, '2023-01-18', '20:32:14', 'Beauharnois', 'Quebec', 1),
(41, '18.191.233.227', '', 0, 4, 239, '2023-01-19', '00:18:56', 'Dublin', 'Ohio', 1),
(42, '17.241.227.172', '', 0, 5, 239, '2023-01-19', '02:00:46', 'Cupertino', 'California', 1),
(43, '17.246.23.107', '', 0, 5, 239, '2023-01-19', '04:21:42', 'Cupertino', 'California', 1),
(44, '204.186.55.233', 'http://www.google.com/url?sa=t', 1, 5, 239, '2023-01-20', '17:17:00', 'Palmerton', 'Pennsylvania', 1),
(45, '213.239.221.27', '', 0, 4, 62, '2023-01-21', '03:08:30', 'Nuremberg', 'Bavaria', 1),
(46, '17.246.19.15', '', 0, 5, 239, '2023-01-21', '19:58:41', 'Cupertino', 'California', 1),
(47, '17.246.19.68', '', 0, 5, 239, '2023-01-21', '23:00:32', 'Cupertino', 'California', 1),
(48, '17.22.245.23', '', 0, 5, 239, '2023-01-22', '19:26:36', 'Cupertino', 'California', 1),
(49, '172.104.197.53', '', 0, 4, 257, '2023-01-22', '21:45:23', 'Richardson', 'Texas', 1),
(50, '3.145.92.76', '', 0, 4, 239, '2023-01-23', '07:22:26', 'Dublin', 'Ohio', 1),
(51, '40.77.188.74', '', 0, 5, 239, '2023-01-23', '13:47:31', 'Chicago', 'Illinois', 1),
(52, '17.246.19.73', '', 0, 5, 239, '2023-01-24', '16:00:21', 'Cupertino', 'California', 1),
(53, '40.77.189.17', '', 0, 5, 239, '2023-01-24', '21:47:23', 'Chicago', 'Illinois', 1),
(54, '173.252.127.24', 'https://www.facebook.com/', 0, 4, 239, '2023-01-24', '23:31:27', 'Toronto', 'Ontario', 1),
(55, '17.246.23.175', '', 0, 5, 239, '2023-01-25', '02:33:28', 'Cupertino', 'California', 1),
(56, '65.21.165.220', '', 0, 4, 239, '2023-01-26', '02:29:48', 'Helsinki', 'Uusimaa', 1),
(57, '135.181.217.158', '', 0, 4, 43, '2023-01-27', '06:41:15', 'Helsinki', 'Uusimaa', 1),
(58, '17.22.237.130', '', 0, 5, 239, '2023-01-28', '05:36:48', 'Cupertino', 'California', 1),
(59, '188.40.131.176', '', 0, 4, 62, '2023-01-28', '07:29:59', 'Falkenstein', 'Saxony', 1),
(60, '40.77.139.51', '', 0, 5, 239, '2023-01-29', '05:33:10', 'Chicago', 'Illinois', 1),
(61, '40.77.190.220', '', 0, 5, 239, '2023-01-29', '06:31:20', 'Chicago', 'Illinois', 1),
(62, '85.10.201.122', '', 0, 4, 62, '2023-01-29', '11:46:58', 'Nuremberg', 'Bavaria', 1),
(63, '162.211.40.132', 'https://www.google.com/', 1, 4, 239, '2023-01-29', '16:22:54', 'Wheaton', 'Minnesota', 1),
(64, '208.66.246.229', 'https://www.google.com/', 1, 4, 239, '2023-01-29', '16:22:55', 'Hickory', 'Kentucky', 1),
(65, '18.221.226.163', '', 0, 4, 239, '2023-01-30', '07:06:55', 'Dublin', 'Ohio', 1),
(66, '45.79.28.55', '', 0, 4, 257, '2023-01-30', '10:52:39', 'Richardson', 'Texas', 1),
(67, '17.241.75.61', '', 0, 5, 239, '2023-02-01', '10:32:28', 'Cupertino', 'California', 1),
(68, '17.22.253.251', '', 0, 5, 239, '2023-02-02', '10:48:42', 'Cupertino', 'California', 1),
(69, '71.206.74.21', 'http://m.facebook.com/', 0, 5, 239, '2023-02-03', '14:05:59', 'Fort Lauderdale', 'Florida', 1),
(70, '17.246.15.129', '', 0, 5, 239, '2023-02-04', '05:19:16', 'Cupertino', 'California', 1),
(71, '143.110.239.163', '', 0, 4, 239, '2023-02-05', '07:51:40', 'Santa Clara', 'California', 1),
(72, '149.56.160.136', '', 0, 14, 239, '2023-02-08', '02:18:41', 'Montreal', 'Quebec', 1),
(73, '17.246.19.31', '', 0, 5, 239, '2023-02-09', '08:17:56', 'Cupertino', 'California', 1),
(74, '40.77.190.191', '', 0, 5, 239, '2023-02-11', '12:34:44', 'Chicago', 'Illinois', 1),
(75, '174.174.96.53', 'https://www.google.com/', 1, 4, 239, '2023-02-13', '02:00:00', 'Lake Oswego', 'Oregon', 1),
(76, '95.217.109.231', '', 0, 4, 236, '2023-02-14', '21:48:20', 'Helsinki', 'Uusimaa', 1),
(77, '35.206.243.197', '', 0, 4, 239, '2023-02-16', '03:23:29', 'Taipei', 'Taiwan', 1),
(78, '135.148.32.58', '', 0, 4, 239, '2023-02-16', '10:28:48', 'Reston', 'Virginia', 1),
(79, '77.88.5.24', '', 0, 4, 197, '2023-02-17', '04:22:23', 'Kyiv', 'Kyiv City', 1),
(80, '50.248.7.97', '', 0, 4, 239, '2023-02-17', '15:36:52', 'Miami', 'Florida', 1),
(81, '163.172.179.206', '', 0, 4, 83, '2023-02-17', '21:44:36', 'Paris', 'Île-de-France', 1),
(82, '51.158.104.205', '', 0, 5, 83, '2023-02-17', '22:03:06', 'Paris', 'Île-de-France', 1),
(83, '163.172.176.202', '', 0, 4, 83, '2023-02-17', '22:07:14', 'Vitry-sur-Seine', 'Île-de-France', 1),
(84, '51.15.201.79', '', 0, 4, 83, '2023-02-17', '22:08:49', 'Paris', 'Île-de-France', 1),
(85, '204.242.182.238', '', 0, 4, 239, '2023-02-18', '03:51:35', 'Princeton', 'New Jersey', 1),
(86, '43.130.122.222', '', 0, 4, 120, '2023-02-19', '08:42:22', 'Ashburn', 'Virginia', 1),
(87, '135.148.32.67', '', 0, 4, 239, '2023-02-19', '08:51:58', 'Reston', 'Virginia', 1),
(88, '23.228.131.7', 'https://www.google.com/', 1, 4, 239, '2023-02-19', '17:12:03', 'Kansas City', 'Missouri', 1),
(89, '149.56.150.237', '', 0, 14, 239, '2023-02-20', '20:58:42', 'Montreal', 'Quebec', 1),
(90, '17.246.23.25', '', 0, 5, 239, '2023-02-21', '00:55:00', 'Cupertino', 'California', 1),
(91, '40.77.190.99', '', 0, 5, 239, '2023-02-21', '07:40:53', 'Chicago', 'Illinois', 1),
(92, '17.22.253.133', '', 0, 5, 239, '2023-02-21', '13:30:19', 'Cupertino', 'California', 1),
(93, '143.110.230.251', '', 0, 4, 239, '2023-02-21', '18:53:04', 'Santa Clara', 'California', 1),
(94, '73.49.187.146', 'https://www.google.com/', 1, 4, 239, '2023-02-22', '22:19:08', 'Fort Lauderdale', 'Florida', 1),
(95, '148.251.121.247', '', 0, 4, 62, '2023-02-23', '00:44:16', 'Quedlinburg', 'Saxony-Anhalt', 1),
(96, '18.180.132.196', '', 0, 4, 239, '2023-02-24', '17:23:54', 'Tokyo', 'Tokyo', 1),
(97, '135.181.217.158', '', 0, 4, 43, '2023-02-25', '01:09:18', 'Helsinki', 'Uusimaa', 1),
(98, '143.110.239.163', '', 0, 4, 239, '2023-02-26', '02:17:28', 'Santa Clara', 'California', 1),
(99, '46.4.120.42', '', 0, 4, 62, '2023-02-26', '15:45:15', 'Falkenstein', 'Saxony', 1),
(100, '46.4.88.156', '', 0, 4, 62, '2023-02-28', '01:13:06', 'Falkenstein', 'Saxony', 1),
(101, '40.77.189.86', '', 0, 5, 239, '2023-02-28', '05:44:36', 'Chicago', 'Illinois', 1),
(102, '17.246.15.164', '', 0, 5, 239, '2023-02-28', '13:06:30', 'Cupertino', 'California', 1),
(103, '65.79.192.5', 'https://www.google.com/', 1, 4, 239, '2023-02-28', '15:53:56', 'Guymon', 'Oklahoma', 1),
(104, '185.38.241.5', 'http://www.google.com/url?sa=t', 1, 5, 197, '2023-02-28', '15:54:02', 'Stevens Point', 'Wisconsin', 1),
(105, '135.181.63.121', '', 0, 4, 43, '2023-02-28', '18:23:08', 'Helsinki', 'Uusimaa', 1),
(106, '154.6.12.23', 'https://www.google.com/', 1, 4, 239, '2023-03-01', '06:05:40', 'Philadelphia', 'Pennsylvania', 1),
(107, '17.246.15.172', '', 0, 5, 239, '2023-03-02', '11:45:07', 'Cupertino', 'California', 1),
(108, '17.246.15.67', '', 0, 5, 239, '2023-03-02', '13:45:44', 'Cupertino', 'California', 1),
(109, '17.246.23.6', '', 0, 5, 239, '2023-03-02', '21:16:49', 'Cupertino', 'California', 1),
(110, '17.246.15.133', '', 0, 5, 239, '2023-03-03', '01:35:57', 'Cupertino', 'California', 1),
(111, '66.94.107.177', '', 0, 4, 239, '2023-03-03', '08:27:13', 'St Louis', 'Missouri', 1),
(112, '17.246.19.83', '', 0, 5, 239, '2023-03-03', '12:16:44', 'Cupertino', 'California', 1),
(113, '135.181.78.101', '', 0, 4, 43, '2023-03-04', '16:42:15', 'Helsinki', 'Uusimaa', 1),
(114, '17.246.19.171', '', 0, 5, 239, '2023-03-06', '04:13:35', 'Cupertino', 'California', 1),
(115, '77.88.5.158', '', 0, 4, 197, '2023-03-07', '06:18:47', 'Moscow', 'Moscow', 1),
(116, '17.22.237.183', '', 0, 5, 239, '2023-03-07', '07:52:48', 'Cupertino', 'California', 1),
(117, '17.246.15.28', '', 0, 5, 239, '2023-03-07', '15:00:16', 'Cupertino', 'California', 1),
(118, '50.248.7.97', 'https://ovou.me/', 0, 4, 239, '2023-03-07', '21:29:35', 'Miami', 'Florida', 1),
(119, '23.117.154.233', 'https://secure311.inmotionhosting.com:2083/', 0, 5, 239, '2023-03-07', '21:44:23', 'West Palm Beach', 'Florida', 1),
(120, '173.231.218.25', 'https://secure311.inmotionhosting.com:2083/', 0, 4, 239, '2023-03-07', '21:48:44', 'Washington', 'District of Columbia', 1),
(121, '23.117.154.233', '', 0, 5, 239, '2023-03-08', '00:02:30', 'West Palm Beach', 'Florida', 1),
(122, '17.22.253.190', '', 0, 5, 239, '2023-03-08', '01:08:59', 'Cupertino', 'California', 1),
(123, '17.246.19.19', '', 0, 5, 239, '2023-03-08', '01:21:08', 'Cupertino', 'California', 1),
(124, '17.246.23.33', '', 0, 5, 239, '2023-03-08', '07:21:21', 'Cupertino', 'California', 1),
(125, '17.22.237.144', '', 0, 5, 239, '2023-03-08', '15:12:27', 'Cupertino', 'California', 1),
(126, '17.22.245.135', '', 0, 5, 239, '2023-03-08', '16:28:18', 'Cupertino', 'California', 1),
(127, '50.248.7.97', '', 0, 4, 239, '2023-03-08', '16:31:44', 'Miami', 'Florida', 1),
(128, '23.117.154.233', '', 0, 5, 239, '2023-03-08', '17:03:48', 'West Palm Beach', 'Florida', 1),
(129, '166.205.159.51', '', 0, 5, 239, '2023-03-08', '17:58:17', 'Margate', 'Florida', 1),
(130, '166.205.159.32', '', 0, 5, 239, '2023-03-08', '18:10:39', 'Margate', 'Florida', 1),
(131, '166.205.159.119', '', 0, 5, 239, '2023-03-08', '18:39:11', 'Margate', 'Florida', 1),
(132, '31.13.115.6', 'https://www.facebook.com/', 0, 14, 108, '2023-03-08', '19:42:27', 'Paris', 'Île-de-France', 1),
(133, '173.231.218.25', 'https://secure311.inmotionhosting.com:2083/', 0, 4, 239, '2023-03-08', '20:38:25', 'Washington', 'District of Columbia', 1),
(134, '156.146.54.98', '', 0, 2, 239, '2023-03-08', '21:42:03', 'San Jose', 'California', 1),
(135, '107.77.216.177', '', 0, 5, 239, '2023-03-08', '22:16:28', 'Naguabo', 'Naguabo', 1),
(136, '46.4.88.156', '', 0, 4, 62, '2023-03-09', '02:28:21', 'Falkenstein', 'Saxony', 1),
(137, '40.77.189.23', '', 0, 5, 239, '2023-03-09', '04:50:47', 'Chicago', 'Illinois', 1),
(138, '23.117.154.233', '', 0, 5, 239, '2023-03-09', '18:44:11', 'West Palm Beach', 'Florida', 1),
(139, '195.154.122.54', '', 0, 14, 81, '2023-03-10', '12:34:12', 'Ivry-sur-Seine', 'Île-de-France', 1),
(140, '17.22.245.206', '', 0, 5, 239, '2023-03-10', '15:38:33', 'Cupertino', 'California', 1),
(141, '135.181.217.158', '', 0, 4, 43, '2023-03-13', '00:27:07', 'Helsinki', 'Uusimaa', 1),
(142, '23.117.154.233', '', 0, 5, 239, '2023-03-13', '10:59:13', 'West Palm Beach', 'Florida', 1),
(143, '17.22.253.230', '', 0, 5, 239, '2023-03-14', '01:13:14', 'Cupertino', 'California', 1),
(144, '17.22.245.115', '', 0, 5, 239, '2023-03-14', '05:20:59', 'Cupertino', 'California', 1),
(145, '17.246.15.173', '', 0, 5, 239, '2023-03-14', '19:08:11', 'Cupertino', 'California', 1),
(146, '40.94.93.13', '', 0, 4, 239, '2023-03-15', '22:02:22', 'Cardiff', 'Wales', 1),
(147, '17.246.15.224', '', 0, 5, 239, '2023-03-15', '23:40:52', 'Cupertino', 'California', 1),
(148, '17.22.237.29', '', 0, 5, 239, '2023-03-16', '04:32:25', 'Cupertino', 'California', 1),
(149, '17.241.219.207', '', 0, 5, 239, '2023-03-16', '12:00:56', 'Cupertino', 'California', 1),
(150, '3.15.32.126', '', 0, 4, 239, '2023-03-16', '20:03:25', 'Dublin', 'Ohio', 1),
(151, '172.58.129.28', 'https://www.google.com/', 1, 5, 239, '2023-03-16', '21:56:06', 'Miami', 'Florida', 1),
(152, '17.22.245.112', '', 0, 5, 239, '2023-03-17', '00:23:12', 'Cupertino', 'California', 1),
(153, '17.246.15.5', '', 0, 5, 239, '2023-03-18', '03:50:31', 'Cupertino', 'California', 1),
(154, '135.181.78.101', '', 0, 4, 43, '2023-03-18', '08:03:16', 'Helsinki', 'Uusimaa', 1),
(155, '17.22.253.156', '', 0, 5, 239, '2023-03-18', '10:07:32', 'Cupertino', 'California', 1),
(156, '17.22.237.45', '', 0, 5, 239, '2023-03-18', '23:21:05', 'Cupertino', 'California', 1),
(157, '17.22.245.51', '', 0, 5, 239, '2023-03-19', '03:55:52', 'Cupertino', 'California', 1),
(158, '17.246.23.222', '', 0, 5, 239, '2023-03-19', '07:10:32', 'Cupertino', 'California', 1),
(159, '51.15.233.64', '', 0, 4, 83, '2023-03-19', '21:36:51', 'Paris', 'Île-de-France', 1),
(160, '51.15.214.99', '', 0, 5, 83, '2023-03-19', '22:54:33', 'Paris', 'Île-de-France', 1),
(161, '212.47.244.13', '', 0, 4, 81, '2023-03-19', '23:27:46', 'Paris', 'Île-de-France', 1),
(162, '51.158.99.76', '', 0, 4, 83, '2023-03-19', '23:31:31', 'Paris', 'Île-de-France', 1),
(163, '163.172.174.176', '', 0, 4, 83, '2023-03-19', '23:57:20', 'Paris', 'Île-de-France', 1),
(164, '212.47.227.119', '', 0, 4, 81, '2023-03-20', '04:33:20', 'Camberley', 'England', 1),
(165, '17.246.19.137', '', 0, 5, 239, '2023-03-20', '13:49:25', 'Cupertino', 'California', 1),
(166, '17.246.23.36', '', 0, 5, 239, '2023-03-20', '19:41:47', 'Cupertino', 'California', 1),
(167, '17.246.19.234', '', 0, 5, 239, '2023-03-20', '20:10:33', 'Cupertino', 'California', 1),
(168, '149.56.150.249', '', 0, 14, 239, '2023-03-21', '00:39:42', 'Montreal', 'Quebec', 1),
(169, '17.22.253.106', '', 0, 5, 239, '2023-03-21', '12:03:37', 'Cupertino', 'California', 1),
(170, '17.22.245.81', '', 0, 5, 239, '2023-03-21', '13:56:38', 'Cupertino', 'California', 1),
(171, '192.232.16.70', 'https://www.google.com/', 1, 5, 239, '2023-03-21', '17:02:22', 'Columbus', 'Ohio', 1),
(172, '17.22.237.233', '', 0, 5, 239, '2023-03-21', '22:43:01', 'Cupertino', 'California', 1),
(173, '23.117.154.233', '', 0, 5, 239, '2023-03-22', '02:57:48', 'West Palm Beach', 'Florida', 1),
(174, '17.246.23.20', '', 0, 5, 239, '2023-03-22', '06:36:09', 'Cupertino', 'California', 1),
(175, '17.22.237.43', '', 0, 5, 239, '2023-03-22', '09:34:29', 'Cupertino', 'California', 1),
(176, '23.117.154.233', '', 0, 5, 239, '2023-03-22', '16:46:13', 'West Palm Beach', 'Florida', 1),
(177, '17.241.227.46', '', 0, 5, 239, '2023-03-23', '01:04:51', 'Cupertino', 'California', 1),
(178, '17.246.19.217', '', 0, 5, 239, '2023-03-23', '07:49:30', 'Cupertino', 'California', 1),
(179, '17.22.253.182', '', 0, 5, 239, '2023-03-23', '22:39:08', 'Cupertino', 'California', 1),
(180, '17.241.75.156', '', 0, 5, 239, '2023-03-24', '01:09:45', 'Cupertino', 'California', 1),
(181, '76.168.196.139', '', 0, 4, 239, '2023-03-24', '06:08:15', 'Los Angeles', 'California', 1),
(182, '17.22.245.80', '', 0, 5, 239, '2023-03-24', '09:09:49', 'Cupertino', 'California', 1),
(183, '17.246.15.113', '', 0, 5, 239, '2023-03-25', '02:19:46', 'Cupertino', 'California', 1),
(184, '51.79.87.17', '', 0, 2, 83, '2023-03-25', '05:51:36', 'Beauharnois', 'Quebec', 1),
(185, '135.181.78.101', '', 0, 4, 43, '2023-03-25', '09:55:26', 'Helsinki', 'Uusimaa', 1),
(186, '17.246.19.215', '', 0, 5, 239, '2023-03-25', '19:17:28', 'Cupertino', 'California', 1),
(187, '166.205.159.52', '', 0, 5, 239, '2023-03-25', '19:59:28', 'Margate', 'Florida', 1),
(188, '17.246.23.41', '', 0, 5, 239, '2023-03-26', '12:55:32', 'Cupertino', 'California', 1),
(189, '135.181.217.158', '', 0, 4, 43, '2023-03-27', '20:51:24', 'Helsinki', 'Uusimaa', 1),
(190, '135.181.78.101', '', 0, 4, 43, '2023-03-29', '05:15:56', 'Helsinki', 'Uusimaa', 1),
(191, '75.172.46.123', 'https://www.google.com/', 1, 5, 239, '2023-03-30', '07:16:27', 'Seattle', 'Washington', 1),
(192, '17.246.19.30', '', 0, 5, 239, '2023-03-30', '09:45:29', 'Cupertino', 'California', 1),
(193, '63.88.73.9', 'https://www.google.com/', 1, 4, 239, '2023-03-30', '16:04:25', 'Ashburn', 'Virginia', 1),
(194, '216.169.73.133', 'https://www.google.com/', 1, 4, 239, '2023-03-30', '16:04:32', 'Duck Creek Village', 'Utah', 1),
(195, '17.22.245.149', '', 0, 5, 239, '2023-03-30', '21:17:17', 'Cupertino', 'California', 1),
(196, '17.246.23.99', '', 0, 5, 239, '2023-03-31', '03:53:02', 'Cupertino', 'California', 1),
(197, '65.21.165.217', '', 0, 4, 239, '2023-03-31', '08:34:08', 'Helsinki', 'Uusimaa', 1),
(198, '17.22.237.147', '', 0, 5, 239, '2023-03-31', '20:29:50', 'Cupertino', 'California', 1),
(199, '17.246.15.43', '', 0, 5, 239, '2023-03-31', '22:28:23', 'Cupertino', 'California', 1),
(200, '17.246.23.19', '', 0, 5, 239, '2023-04-01', '01:26:36', 'Cupertino', 'California', 1),
(201, '40.77.202.54', '', 0, 5, 239, '2023-04-01', '03:26:36', 'Quincy', 'Washington', 1),
(202, '17.246.19.72', '', 0, 5, 239, '2023-04-01', '16:31:58', 'Cupertino', 'California', 1),
(203, '17.241.75.34', '', 0, 5, 239, '2023-04-01', '19:28:59', 'Cupertino', 'California', 1),
(204, '135.181.217.158', '', 0, 4, 43, '2023-04-02', '13:09:58', 'Helsinki', 'Uusimaa', 1),
(205, '17.246.19.138', '', 0, 5, 239, '2023-04-02', '22:57:10', 'Cupertino', 'California', 1),
(206, '17.22.237.184', '', 0, 5, 239, '2023-04-03', '06:51:35', 'Cupertino', 'California', 1),
(207, '174.211.228.181', 'https://ovou.me/', 0, 5, 239, '2023-04-03', '16:39:57', 'Forest City', 'Florida', 1),
(208, '88.198.50.113', '', 0, 4, 62, '2023-04-03', '21:57:45', 'Falkenstein', 'Saxony', 1),
(209, '148.251.121.247', '', 0, 4, 62, '2023-04-04', '07:49:02', 'Falkenstein', 'Saxony', 1),
(210, '40.77.188.45', '', 0, 5, 239, '2023-04-04', '19:03:12', 'Chicago', 'Illinois', 1),
(211, '35.209.96.24', '', 0, 4, 239, '2023-04-04', '20:25:03', 'Council Bluffs', 'Iowa', 1),
(212, '17.246.15.137', '', 0, 5, 239, '2023-04-04', '22:55:48', 'Cupertino', 'California', 1),
(213, '168.103.152.1', '', 0, 4, 239, '2023-04-05', '01:28:16', 'Poulsbo', 'Washington', 1),
(214, '45.79.28.55', '', 0, 4, 257, '2023-04-05', '07:52:29', 'Richardson', 'Texas', 1),
(215, '17.22.253.31', '', 0, 5, 239, '2023-04-05', '16:19:59', 'Cupertino', 'California', 1),
(216, '54.190.1.133', '', 0, 4, 239, '2023-04-06', '14:04:09', 'Portland', 'Oregon', 1),
(217, '17.246.19.106', '', 0, 5, 239, '2023-04-06', '18:27:42', 'Cupertino', 'California', 1),
(218, '17.246.15.164', '', 0, 5, 239, '2023-04-07', '00:14:10', 'Cupertino', 'California', 1),
(219, '165.232.139.162', '', 0, 4, 239, '2023-04-07', '10:00:31', 'Santa Clara', 'California', 1),
(220, '17.246.19.57', '', 0, 5, 239, '2023-04-07', '10:32:17', 'Cupertino', 'California', 1),
(221, '17.246.19.119', '', 0, 5, 239, '2023-04-07', '18:02:30', 'Cupertino', 'California', 1),
(222, '17.246.19.239', '', 0, 5, 239, '2023-04-07', '20:51:22', 'Cupertino', 'California', 1),
(223, '103.240.240.115', 'https://www.google.com/', 1, 4, 132, '2023-04-08', '02:40:05', 'Vientiane', 'Vientiane Prefecture', 1),
(224, '17.246.19.4', '', 0, 5, 239, '2023-04-08', '02:46:18', 'Cupertino', 'California', 1),
(225, '17.241.227.178', '', 0, 5, 239, '2023-04-08', '17:29:06', 'Cupertino', 'California', 1),
(226, '17.22.237.40', '', 0, 5, 239, '2023-04-08', '22:31:36', 'Cupertino', 'California', 1),
(227, '17.22.237.234', '', 0, 5, 239, '2023-04-09', '00:22:40', 'Cupertino', 'California', 1),
(228, '195.154.123.123', '', 0, 14, 81, '2023-04-09', '15:31:29', 'Ivry-sur-Seine', 'Île-de-France', 1),
(229, '40.77.202.142', '', 0, 5, 239, '2023-04-09', '19:41:07', 'Quincy', 'Washington', 1),
(230, '17.246.19.197', '', 0, 5, 239, '2023-04-09', '22:15:51', 'Cupertino', 'California', 1),
(231, '17.246.15.41', '', 0, 5, 239, '2023-04-10', '00:16:26', 'Cupertino', 'California', 1),
(232, '17.246.15.20', '', 0, 5, 239, '2023-04-10', '00:56:04', 'Cupertino', 'California', 1),
(233, '216.250.210.3', '', 0, 4, 239, '2023-04-10', '01:39:41', 'Charlotte', 'North Carolina', 1),
(234, '104.200.17.30', '', 0, 4, 239, '2023-04-10', '10:14:35', 'Richardson', 'Texas', 1),
(235, '17.246.19.96', '', 0, 5, 239, '2023-04-10', '10:15:15', 'Cupertino', 'California', 1),
(236, '17.246.19.167', '', 0, 5, 239, '2023-04-10', '13:06:36', 'Cupertino', 'California', 1),
(237, '40.77.188.4', '', 0, 5, 239, '2023-04-10', '14:43:22', 'Chicago', 'Illinois', 1),
(238, '17.22.245.234', '', 0, 5, 239, '2023-04-10', '15:44:47', 'Cupertino', 'California', 1),
(239, '17.22.245.239', '', 0, 5, 239, '2023-04-10', '17:30:20', 'Cupertino', 'California', 1),
(240, '17.246.15.226', '', 0, 5, 239, '2023-04-11', '10:35:42', 'Cupertino', 'California', 1),
(241, '17.246.15.22', '', 0, 5, 239, '2023-04-11', '16:31:59', 'Cupertino', 'California', 1),
(242, '209.170.227.62', 'https://www.google.com/', 1, 4, 239, '2023-04-11', '18:26:55', 'Portland', 'Oregon', 1),
(243, '139.71.144.5', 'https://www.google.com/', 1, 4, 239, '2023-04-11', '23:01:09', 'Phoenix', 'Arizona', 1),
(244, '72.93.206.38', '', 0, 4, 239, '2023-04-12', '01:51:09', 'Marlborough', 'Massachusetts', 1),
(245, '40.94.36.36', '', 0, 4, 239, '2023-04-12', '01:51:27', 'San Antonio', 'Texas', 1),
(246, '17.22.245.12', '', 0, 5, 239, '2023-04-12', '06:51:07', 'Cupertino', 'California', 1),
(247, '46.4.88.156', '', 0, 4, 62, '2023-04-13', '01:39:52', 'Gunzenhausen', 'Bavaria', 1),
(248, '17.22.253.108', '', 0, 5, 239, '2023-04-13', '04:51:04', 'Cupertino', 'California', 1),
(249, '17.22.237.138', '', 0, 5, 239, '2023-04-13', '06:09:44', 'Cupertino', 'California', 1),
(250, '17.22.245.62', '', 0, 5, 239, '2023-04-13', '07:25:02', 'Cupertino', 'California', 1),
(251, '17.246.23.52', '', 0, 5, 239, '2023-04-13', '15:21:20', 'Cupertino', 'California', 1),
(252, '17.22.237.61', '', 0, 5, 239, '2023-04-13', '23:29:01', 'Cupertino', 'California', 1),
(253, '17.246.23.250', '', 0, 5, 239, '2023-04-14', '00:03:59', 'Cupertino', 'California', 1),
(254, '17.246.23.200', '', 0, 5, 239, '2023-04-14', '06:51:19', 'Cupertino', 'California', 1),
(255, '17.22.253.134', '', 0, 5, 239, '2023-04-14', '18:29:48', 'Cupertino', 'California', 1),
(256, '17.22.237.86', '', 0, 5, 239, '2023-04-14', '20:26:46', 'Cupertino', 'California', 1),
(257, '213.239.221.27', '', 0, 4, 62, '2023-04-15', '11:00:17', 'Nuremberg', 'Bavaria', 1),
(258, '17.241.219.103', '', 0, 5, 239, '2023-04-15', '15:36:40', 'Cupertino', 'California', 1),
(259, '17.246.15.99', '', 0, 5, 239, '2023-04-15', '20:21:38', 'Cupertino', 'California', 1),
(260, '17.246.23.10', '', 0, 5, 239, '2023-04-16', '04:52:32', 'Cupertino', 'California', 1),
(261, '17.241.75.86', '', 0, 5, 239, '2023-04-16', '05:15:44', 'Cupertino', 'California', 1),
(262, '17.246.15.237', '', 0, 5, 239, '2023-04-16', '05:40:39', 'Cupertino', 'California', 1),
(263, '17.246.23.157', '', 0, 5, 239, '2023-04-16', '11:01:14', 'Cupertino', 'California', 1),
(264, '148.251.121.247', '', 0, 4, 62, '2023-04-16', '14:19:43', 'Falkenstein', 'Saxony', 1),
(265, '17.22.253.208', '', 0, 5, 239, '2023-04-16', '21:27:12', 'Cupertino', 'California', 1),
(266, '17.246.15.217', '', 0, 5, 239, '2023-04-17', '11:43:20', 'Cupertino', 'California', 1),
(267, '17.22.237.45', '', 0, 5, 239, '2023-04-17', '14:32:54', 'Cupertino', 'California', 1),
(268, '17.22.237.69', '', 0, 5, 239, '2023-04-17', '21:47:13', 'Cupertino', 'California', 1),
(269, '128.199.1.99', '', 0, 4, 204, '2023-04-17', '21:49:39', 'Santa Clara', 'California', 1),
(270, '17.22.253.109', '', 0, 5, 239, '2023-04-18', '17:23:50', 'Cupertino', 'California', 1),
(271, '17.246.19.129', '', 0, 5, 239, '2023-04-19', '04:19:09', 'Cupertino', 'California', 1),
(272, '213.239.221.27', '', 0, 4, 62, '2023-04-20', '02:11:16', 'Nuremberg', 'Bavaria', 1),
(273, '17.246.15.209', '', 0, 5, 239, '2023-04-20', '12:03:00', 'Cupertino', 'California', 1),
(274, '17.22.237.187', '', 0, 5, 239, '2023-04-20', '13:15:39', 'Cupertino', 'California', 1),
(275, '17.246.15.179', '', 0, 5, 239, '2023-04-20', '14:58:28', 'Cupertino', 'California', 1),
(276, '64.185.235.134', '', 0, 4, 239, '2023-04-20', '17:52:01', 'Los Angeles', 'California', 1),
(277, '40.77.139.51', '', 0, 5, 239, '2023-04-21', '04:30:41', 'Chicago', 'Illinois', 1),
(278, '17.246.19.199', '', 0, 5, 239, '2023-04-21', '16:15:51', 'Cupertino', 'California', 1),
(279, '17.241.75.96', '', 0, 5, 239, '2023-04-22', '15:16:20', 'Cupertino', 'California', 1),
(280, '17.246.15.61', '', 0, 5, 239, '2023-04-22', '15:46:05', 'Cupertino', 'California', 1),
(281, '40.77.190.34', '', 0, 5, 239, '2023-04-23', '19:33:37', 'Chicago', 'Illinois', 1),
(282, '209.170.227.62', 'https://www.google.com/', 1, 4, 239, '2023-04-24', '19:13:25', 'Portland', 'Oregon', 1),
(283, '13.68.195.135', '', 0, 4, 239, '2023-04-24', '22:01:58', 'Boydton', 'Virginia', 1),
(284, '17.246.15.187', '', 0, 5, 239, '2023-04-25', '04:33:45', 'Cupertino', 'California', 1),
(285, '69.171.251.6', 'https://www.facebook.com/', 0, 2, 239, '2023-04-25', '04:47:20', 'Toronto', 'Ontario', 1),
(286, '149.56.150.225', '', 0, 14, 239, '2023-04-25', '14:38:20', 'Montreal', 'Quebec', 1),
(287, '40.77.189.5', '', 0, 5, 239, '2023-04-25', '16:42:04', 'Chicago', 'Illinois', 1),
(288, '17.22.253.39', '', 0, 5, 239, '2023-04-25', '17:40:00', 'Cupertino', 'California', 1),
(289, '135.181.62.220', '', 0, 4, 43, '2023-04-25', '22:32:05', 'Helsinki', 'Uusimaa', 1),
(290, '17.246.19.77', '', 0, 5, 239, '2023-04-26', '02:51:29', 'Cupertino', 'California', 1),
(291, '149.56.150.92', '', 0, 14, 239, '2023-04-26', '15:54:38', 'Montreal', 'Quebec', 1),
(292, '65.21.165.217', '', 0, 4, 239, '2023-04-26', '22:15:06', 'Helsinki', 'Uusimaa', 1),
(293, '17.246.23.210', '', 0, 5, 239, '2023-04-26', '23:16:19', 'Cupertino', 'California', 1),
(294, '17.22.253.142', '', 0, 5, 239, '2023-04-27', '00:51:55', 'Cupertino', 'California', 1),
(295, '17.241.219.68', '', 0, 5, 239, '2023-04-27', '14:40:32', 'Cupertino', 'California', 1),
(296, '17.241.219.214', '', 0, 5, 239, '2023-04-27', '20:45:09', 'Cupertino', 'California', 1),
(297, '17.22.253.242', '', 0, 5, 239, '2023-04-27', '21:41:07', 'Cupertino', 'California', 1),
(298, '17.246.19.155', '', 0, 5, 239, '2023-04-28', '05:55:23', 'Cupertino', 'California', 1),
(299, '17.22.245.6', '', 0, 5, 239, '2023-04-28', '06:55:02', 'Cupertino', 'California', 1),
(300, '17.246.23.94', '', 0, 5, 239, '2023-04-28', '09:13:16', 'Cupertino', 'California', 1),
(301, '17.22.253.140', '', 0, 5, 239, '2023-04-28', '09:17:04', 'Cupertino', 'California', 1),
(302, '17.241.75.157', '', 0, 5, 239, '2023-04-28', '16:13:24', 'Cupertino', 'California', 1),
(303, '216.177.189.133', 'https://www.google.com/', 1, 4, 239, '2023-04-28', '21:20:09', 'Gonzales', 'Texas', 1),
(304, '17.246.15.230', '', 0, 5, 239, '2023-04-29', '00:00:01', 'Cupertino', 'California', 1),
(305, '17.246.19.85', '', 0, 5, 239, '2023-04-29', '07:37:00', 'Cupertino', 'California', 1),
(306, '5.9.106.204', '', 0, 4, 62, '2023-04-30', '00:39:49', 'Falkenstein', 'Saxony', 1),
(307, '17.22.237.112', '', 0, 5, 239, '2023-04-30', '06:04:36', 'Cupertino', 'California', 1),
(308, '17.22.253.155', '', 0, 5, 239, '2023-04-30', '07:32:15', 'Cupertino', 'California', 1),
(309, '17.241.75.223', '', 0, 5, 239, '2023-04-30', '08:05:34', 'Cupertino', 'California', 1),
(310, '17.246.19.190', '', 0, 5, 239, '2023-05-01', '07:14:20', 'Cupertino', 'California', 1),
(311, '17.241.227.102', '', 0, 5, 239, '2023-05-01', '13:41:38', 'Cupertino', 'California', 1),
(312, '17.241.227.200', '', 0, 5, 239, '2023-05-02', '02:40:47', 'Cupertino', 'California', 1),
(313, '17.22.245.35', '', 0, 5, 239, '2023-05-02', '03:25:49', 'Cupertino', 'California', 1),
(314, '95.217.109.231', '', 0, 4, 236, '2023-05-02', '03:56:51', 'Helsinki', 'Uusimaa', 1),
(315, '40.77.190.171', '', 0, 5, 239, '2023-05-02', '04:29:30', 'Chicago', 'Illinois', 1),
(316, '17.22.245.90', '', 0, 5, 239, '2023-05-02', '05:13:45', 'Cupertino', 'California', 1),
(317, '46.4.88.156', '', 0, 4, 62, '2023-05-02', '09:25:52', 'Gunzenhausen', 'Bavaria', 1),
(318, '17.246.15.131', '', 0, 5, 239, '2023-05-02', '18:20:35', 'Cupertino', 'California', 1),
(319, '17.246.19.162', '', 0, 5, 239, '2023-05-02', '22:48:41', 'Cupertino', 'California', 1),
(320, '128.199.1.99', '', 0, 4, 204, '2023-05-03', '09:08:04', 'Santa Clara', 'California', 1),
(321, '17.22.245.90', '', 0, 5, 239, '2023-05-03', '15:52:46', 'Cupertino', 'California', 1),
(322, '172.58.128.68', 'https://ovou.me/', 0, 5, 239, '2023-05-03', '20:25:53', 'Miami', 'Florida', 1),
(323, '17.241.227.47', '', 0, 5, 239, '2023-05-04', '04:52:46', 'Cupertino', 'California', 1),
(324, '40.77.190.128', '', 0, 5, 239, '2023-05-04', '06:11:57', 'Chicago', 'Illinois', 1),
(325, '17.246.23.25', '', 0, 5, 239, '2023-05-04', '15:18:10', 'Cupertino', 'California', 1),
(326, '17.246.23.151', '', 0, 5, 239, '2023-05-04', '23:51:17', 'Cupertino', 'California', 1),
(327, '17.246.23.150', '', 0, 5, 239, '2023-05-05', '21:30:29', 'Cupertino', 'California', 1),
(328, '17.22.253.239', '', 0, 5, 239, '2023-05-06', '08:45:54', 'Cupertino', 'California', 1),
(329, '23.117.154.233', 'https://www.google.com/', 1, 5, 239, '2023-05-07', '02:00:30', 'West Palm Beach', 'Florida', 1),
(330, '17.22.253.149', '', 0, 5, 239, '2023-05-07', '19:19:11', 'Cupertino', 'California', 1),
(331, '63.117.14.75', 'https://www.google.com/', 1, 4, 239, '2023-05-07', '23:21:58', 'Chicago', 'Illinois', 1),
(332, '67.219.201.133', 'https://www.google.com/', 1, 5, 239, '2023-05-07', '23:21:59', 'East Leroy', 'Michigan', 1),
(333, '172.58.43.58', '', 0, 4, 239, '2023-05-08', '23:34:40', 'Ontario', 'Oregon', 1),
(334, '168.119.68.244', '', 0, 14, 239, '2023-05-09', '16:47:52', 'Falkenstein', 'Saxony', 1),
(335, '40.77.190.63', '', 0, 5, 239, '2023-05-10', '05:35:18', 'Chicago', 'Illinois', 1),
(336, '17.246.23.158', '', 0, 5, 239, '2023-05-10', '23:57:43', 'Cupertino', 'California', 1),
(337, '3.143.255.213', '', 0, 4, 239, '2023-05-11', '03:44:12', 'Dublin', 'Ohio', 1),
(338, '17.22.237.46', '', 0, 5, 239, '2023-05-11', '09:26:53', 'Cupertino', 'California', 1),
(339, '40.77.189.235', '', 0, 5, 239, '2023-05-11', '12:52:46', 'Chicago', 'Illinois', 1),
(340, '172.104.197.53', '', 0, 4, 257, '2023-05-11', '21:45:02', 'Richardson', 'Texas', 1),
(341, '40.77.188.47', '', 0, 5, 239, '2023-05-13', '11:42:10', 'Chicago', 'Illinois', 1),
(342, '35.215.64.144', '', 0, 4, 239, '2023-05-14', '03:25:02', 'Los Angeles', 'California', 1),
(343, '40.77.189.195', '', 0, 5, 239, '2023-05-14', '13:18:55', 'Chicago', 'Illinois', 1),
(344, '40.77.188.26', '', 0, 5, 239, '2023-05-15', '05:30:49', 'Chicago', 'Illinois', 1),
(345, '17.246.19.252', '', 0, 5, 239, '2023-05-15', '13:18:51', 'Cupertino', 'California', 1),
(346, '135.181.63.121', '', 0, 4, 43, '2023-05-15', '18:56:49', 'Helsinki', 'Uusimaa', 1),
(347, '17.22.245.172', '', 0, 5, 239, '2023-05-15', '21:59:01', 'Cupertino', 'California', 1),
(348, '17.241.75.161', '', 0, 5, 239, '2023-05-16', '03:33:58', 'Cupertino', 'California', 1),
(349, '17.241.75.158', '', 0, 5, 239, '2023-05-16', '11:49:48', 'Cupertino', 'California', 1),
(350, '173.162.64.101', 'https://ovou.me/', 0, 5, 239, '2023-05-16', '14:29:15', 'Hollywood', 'Florida', 1),
(351, '174.61.163.86', '', 0, 4, 239, '2023-05-16', '16:42:12', 'Seattle', 'Washington', 1),
(352, '52.91.199.2', '', 0, 14, 239, '2023-05-17', '13:50:34', 'Ashburn', 'Virginia', 1),
(353, '149.56.150.193', '', 0, 14, 239, '2023-05-17', '16:40:47', 'Montreal', 'Quebec', 1),
(354, '17.22.237.174', '', 0, 5, 239, '2023-05-18', '09:58:59', 'Cupertino', 'California', 1),
(355, '17.246.19.180', '', 0, 5, 239, '2023-05-18', '10:51:07', 'Cupertino', 'California', 1),
(356, '17.241.227.163', '', 0, 5, 239, '2023-05-18', '12:37:44', 'Cupertino', 'California', 1),
(357, '17.22.245.13', '', 0, 5, 239, '2023-05-18', '17:27:34', 'Cupertino', 'California', 1),
(358, '17.246.23.211', '', 0, 5, 239, '2023-05-18', '21:01:05', 'Cupertino', 'California', 1),
(359, '17.22.245.219', '', 0, 5, 239, '2023-05-18', '22:57:09', 'Cupertino', 'California', 1),
(360, '17.246.19.155', '', 0, 5, 239, '2023-05-19', '04:52:04', 'Cupertino', 'California', 1),
(361, '17.246.15.115', '', 0, 5, 239, '2023-05-19', '10:50:01', 'Cupertino', 'California', 1),
(362, '135.148.32.67', '', 0, 4, 239, '2023-05-19', '22:43:51', 'Reston', 'Virginia', 1),
(363, '17.246.23.20', '', 0, 5, 239, '2023-05-19', '23:20:55', 'Cupertino', 'California', 1),
(364, '17.241.75.194', '', 0, 5, 239, '2023-05-19', '23:45:38', 'Cupertino', 'California', 1),
(365, '17.22.245.132', '', 0, 5, 239, '2023-05-20', '04:04:52', 'Cupertino', 'California', 1),
(366, '39.53.65.44', 'https://www.google.com/', 1, 4, 184, '2023-05-20', '11:46:06', 'Bahawalpur', 'Punjab', 1),
(367, '17.22.245.231', '', 0, 5, 239, '2023-05-20', '13:05:16', 'Cupertino', 'California', 1),
(368, '17.241.227.37', '', 0, 5, 239, '2023-05-20', '22:47:57', 'Cupertino', 'California', 1),
(369, '17.241.219.144', '', 0, 5, 239, '2023-05-21', '02:11:00', 'Cupertino', 'California', 1),
(370, '17.22.253.9', '', 0, 5, 239, '2023-05-21', '02:36:02', 'Cupertino', 'California', 1),
(371, '149.56.150.224', '', 0, 14, 239, '2023-05-21', '16:06:43', 'Montreal', 'Quebec', 1),
(372, '17.241.227.116', '', 0, 5, 239, '2023-05-21', '17:22:06', 'Cupertino', 'California', 1),
(373, '17.246.15.106', '', 0, 5, 239, '2023-05-22', '18:08:15', 'Cupertino', 'California', 1),
(374, '17.22.245.185', '', 0, 5, 239, '2023-05-22', '20:26:48', 'Cupertino', 'California', 1),
(375, '73.205.234.188', 'https://www.google.com/', 1, 4, 239, '2023-05-23', '16:44:17', 'Fort Lauderdale', 'Florida', 1),
(376, '17.22.253.221', '', 0, 5, 239, '2023-05-24', '06:14:57', 'Cupertino', 'California', 1),
(377, '17.22.237.167', '', 0, 5, 239, '2023-05-25', '00:21:17', 'Cupertino', 'California', 1),
(378, '17.22.253.43', '', 0, 5, 239, '2023-05-25', '06:31:02', 'Cupertino', 'California', 1),
(379, '17.22.245.151', '', 0, 5, 239, '2023-05-25', '07:27:29', 'Cupertino', 'California', 1),
(380, '54.254.120.253', '', 0, 4, 204, '2023-05-25', '14:39:13', 'Singapore', 'Central Singapore', 1),
(381, '52.165.149.97', 'https://ovou.me/', 0, 4, 239, '2023-05-25', '19:19:10', 'Des Moines', 'Iowa', 1),
(382, '17.241.75.85', '', 0, 5, 239, '2023-05-26', '05:57:31', 'Cupertino', 'California', 1),
(383, '143.110.234.121', '', 0, 4, 239, '2023-05-26', '06:06:09', 'Santa Clara', 'California', 1),
(384, '17.22.245.29', '', 0, 5, 239, '2023-05-26', '09:55:56', 'Cupertino', 'California', 1),
(385, '40.94.30.175', '', 0, 4, 239, '2023-05-26', '15:41:50', 'Quincy-moses Lake', 'Washington', 1),
(386, '149.56.150.92', '', 0, 14, 239, '2023-05-26', '16:08:32', 'Montreal', 'Quebec', 1),
(387, '17.22.245.115', '', 0, 5, 239, '2023-05-27', '08:31:28', 'Cupertino', 'California', 1),
(388, '17.22.245.48', '', 0, 5, 239, '2023-05-27', '14:47:07', 'Cupertino', 'California', 1),
(389, '135.181.63.121', '', 0, 4, 43, '2023-05-27', '19:24:34', 'Helsinki', 'Uusimaa', 1),
(390, '17.22.237.193', '', 0, 5, 239, '2023-05-27', '20:25:36', 'Cupertino', 'California', 1),
(391, '17.22.237.14', '', 0, 5, 239, '2023-05-27', '21:00:03', 'Cupertino', 'California', 1),
(392, '17.241.219.79', '', 0, 5, 239, '2023-05-28', '02:51:21', 'Cupertino', 'California', 1),
(393, '17.241.227.82', '', 0, 5, 239, '2023-05-28', '23:24:08', 'Cupertino', 'California', 1),
(394, '17.246.15.126', '', 0, 5, 239, '2023-05-29', '02:56:48', 'Cupertino', 'California', 1),
(395, '17.22.237.96', '', 0, 5, 239, '2023-05-29', '03:42:16', 'Cupertino', 'California', 1),
(396, '17.246.23.44', '', 0, 5, 239, '2023-05-29', '12:57:29', 'Cupertino', 'California', 1),
(397, '143.110.234.121', '', 0, 4, 239, '2023-05-29', '18:38:57', 'Santa Clara', 'California', 1),
(398, '216.99.127.198', 'https://www.google.com/', 1, 4, 239, '2023-05-30', '08:25:35', 'Leland', 'North Carolina', 1),
(399, '23.228.131.197', 'https://www.google.com/', 1, 4, 239, '2023-05-30', '08:25:41', 'Kansas City', 'Missouri', 1),
(400, '23.228.131.6', 'https://www.google.com/', 1, 5, 239, '2023-05-30', '17:48:42', 'Kansas City', 'Missouri', 1),
(401, '213.239.221.27', '', 0, 4, 62, '2023-05-30', '23:37:19', 'Nuremberg', 'Bavaria', 1),
(402, '17.246.23.167', '', 0, 5, 239, '2023-05-31', '03:12:39', 'Cupertino', 'California', 1),
(403, '17.22.237.250', '', 0, 5, 239, '2023-05-31', '13:04:28', 'Cupertino', 'California', 1),
(404, '17.22.245.43', '', 0, 5, 239, '2023-05-31', '20:12:53', 'Cupertino', 'California', 1),
(405, '217.123.78.226', 'https://www.google.com/', 1, 4, 172, '2023-06-01', '11:35:50', 'Utrecht', 'Utrecht', 1),
(406, '51.104.222.0', '', 0, 4, 83, '2023-06-01', '23:04:00', 'City of London', 'England', 1),
(407, '20.77.76.224', '', 0, 4, 239, '2023-06-01', '23:29:22', 'City of London', 'England', 1),
(408, '40.94.93.27', '', 0, 4, 239, '2023-06-02', '00:27:31', 'Cardiff', 'Wales', 1),
(409, '5.9.106.204', '', 0, 4, 62, '2023-06-02', '00:38:10', 'Falkenstein', 'Saxony', 1),
(410, '17.241.75.206', '', 0, 5, 239, '2023-06-02', '12:45:00', 'Cupertino', 'California', 1),
(411, '17.22.245.246', '', 0, 5, 239, '2023-06-02', '12:55:57', 'Cupertino', 'California', 1),
(412, '17.22.245.112', '', 0, 5, 239, '2023-06-03', '01:53:48', 'Cupertino', 'California', 1),
(413, '17.22.237.62', '', 0, 5, 239, '2023-06-03', '09:05:29', 'Cupertino', 'California', 1),
(414, '135.181.63.121', '', 0, 4, 43, '2023-06-04', '08:10:56', 'Tuusula', 'Uusimaa', 1),
(415, '17.246.23.245', '', 0, 5, 239, '2023-06-04', '18:51:47', 'Cupertino', 'California', 1),
(416, '17.22.245.193', '', 0, 5, 239, '2023-06-04', '23:22:40', 'Cupertino', 'California', 1),
(417, '17.22.237.78', '', 0, 5, 239, '2023-06-05', '03:52:09', 'Cupertino', 'California', 1),
(418, '135.181.62.220', '', 0, 4, 43, '2023-06-05', '09:49:25', 'Tuusula', 'Uusimaa', 1),
(419, '17.22.245.141', '', 0, 5, 239, '2023-06-05', '11:41:47', 'Cupertino', 'California', 1),
(420, '17.22.253.8', '', 0, 5, 239, '2023-06-05', '13:04:00', 'Cupertino', 'California', 1),
(421, '174.204.70.164', 'https://www.google.com/', 1, 4, 239, '2023-06-05', '15:54:10', 'Seattle', 'Washington', 1),
(422, '17.246.23.226', '', 0, 5, 239, '2023-06-05', '17:17:17', 'Cupertino', 'California', 1),
(423, '17.22.253.166', '', 0, 5, 239, '2023-06-05', '21:30:47', 'Cupertino', 'California', 1),
(424, '17.246.15.101', '', 0, 5, 239, '2023-06-07', '01:20:19', 'Cupertino', 'California', 1),
(425, '54.213.28.59', '', 0, 4, 239, '2023-06-07', '07:20:59', 'Portland', 'Oregon', 1),
(426, '24.16.232.239', 'https://www.google.com/', 1, 5, 239, '2023-06-07', '18:32:06', 'Seattle', 'Washington', 1),
(427, '17.241.227.79', '', 0, 5, 239, '2023-06-07', '21:25:48', 'Cupertino', 'California', 1),
(428, '17.241.219.233', '', 0, 5, 239, '2023-06-08', '22:23:45', 'Cupertino', 'California', 1),
(429, '17.22.237.113', '', 0, 5, 239, '2023-06-09', '00:00:42', 'Cupertino', 'California', 1),
(430, '168.119.64.246', '', 0, 14, 239, '2023-06-09', '00:58:05', 'Falkenstein', 'Saxony', 1),
(431, '17.246.15.154', '', 0, 5, 239, '2023-06-09', '16:02:51', 'Cupertino', 'California', 1),
(432, '104.237.245.112', '', 0, 2, 239, '2023-06-09', '16:31:51', 'Wilmington', 'Delaware', 1),
(433, '17.241.227.162', '', 0, 5, 239, '2023-06-12', '08:22:45', 'Cupertino', 'California', 1),
(434, '17.22.237.172', '', 0, 5, 239, '2023-06-13', '14:09:54', 'Cupertino', 'California', 1),
(435, '17.241.219.203', '', 0, 5, 239, '2023-06-14', '04:45:59', 'Cupertino', 'California', 1),
(436, '17.22.245.207', '', 0, 5, 239, '2023-06-15', '09:21:58', 'Cupertino', 'California', 1),
(437, '17.22.253.142', '', 0, 5, 239, '2023-06-15', '13:11:55', 'Cupertino', 'California', 1),
(438, '20.29.217.202', '', 0, 4, 239, '2023-06-15', '20:59:35', 'Quincy', 'Washington', 1),
(439, '17.22.237.156', '', 0, 5, 239, '2023-06-17', '04:18:20', 'Cupertino', 'California', 1),
(440, '17.246.15.159', '', 0, 5, 239, '2023-06-18', '01:33:47', 'Cupertino', 'California', 1),
(441, '46.4.88.156', '', 0, 4, 62, '2023-06-18', '03:54:34', 'Gunzenhausen', 'Bavaria', 1),
(442, '17.22.253.197', '', 0, 5, 239, '2023-06-18', '10:40:15', 'Cupertino', 'California', 1),
(443, '17.22.237.210', '', 0, 5, 239, '2023-06-19', '04:02:18', 'Cupertino', 'California', 1),
(444, '17.22.245.120', '', 0, 5, 239, '2023-06-19', '06:04:35', 'Cupertino', 'California', 1),
(445, '17.22.253.140', '', 0, 5, 239, '2023-06-19', '07:42:40', 'Cupertino', 'California', 1),
(446, '23.228.132.5', 'https://www.google.com/', 1, 4, 239, '2023-06-19', '16:14:35', 'New York', 'New York', 1),
(447, '135.181.63.121', '', 0, 4, 43, '2023-06-19', '19:22:57', 'Tuusula', 'Uusimaa', 1),
(448, '17.246.15.166', '', 0, 5, 239, '2023-06-20', '04:28:00', 'Cupertino', 'California', 1),
(449, '17.241.75.103', '', 0, 5, 239, '2023-06-20', '07:16:49', 'Cupertino', 'California', 1),
(450, '17.22.253.244', '', 0, 5, 239, '2023-06-20', '16:15:38', 'Cupertino', 'California', 1),
(451, '18.221.170.203', '', 0, 4, 239, '2023-06-20', '22:02:00', 'Dublin', 'Ohio', 1),
(452, '18.118.152.26', '', 0, 4, 239, '2023-06-21', '12:11:58', 'Dublin', 'Ohio', 1),
(453, '67.129.100.90', 'https://ovou.me/', 0, 2, 239, '2023-06-21', '20:55:39', 'Seattle', 'Washington', 1),
(454, '185.117.225.217', '', 0, 14, 257, '2023-06-22', '15:22:15', 'Montreal', 'Quebec', 1),
(455, '17.22.237.25', '', 0, 5, 239, '2023-06-22', '15:50:13', 'Cupertino', 'California', 1),
(456, '143.110.236.242', '', 0, 4, 239, '2023-06-22', '17:46:02', 'Santa Clara', 'California', 1),
(457, '17.246.15.126', '', 0, 5, 239, '2023-06-23', '00:08:10', 'Cupertino', 'California', 1),
(458, '73.138.25.5', '', 0, 5, 239, '2023-06-23', '01:21:57', 'Fort Lauderdale', 'Florida', 1),
(459, '17.22.245.242', '', 0, 5, 239, '2023-06-23', '07:18:29', 'Cupertino', 'California', 1),
(460, '17.22.245.111', '', 0, 5, 239, '2023-06-23', '14:43:00', 'Cupertino', 'California', 1),
(461, '35.211.149.156', '', 0, 4, 239, '2023-06-23', '17:54:02', 'North Charleston', 'South Carolina', 1),
(462, '17.22.253.172', '', 0, 5, 239, '2023-06-24', '01:22:18', 'Cupertino', 'California', 1),
(463, '17.241.219.174', '', 0, 5, 239, '2023-06-24', '07:56:52', 'Cupertino', 'California', 1),
(464, '148.251.121.247', '', 0, 4, 62, '2023-06-24', '15:21:34', 'Falkenstein', 'Saxony', 1),
(465, '17.246.19.29', '', 0, 5, 239, '2023-06-24', '15:26:13', 'Cupertino', 'California', 1),
(466, '17.22.245.96', '', 0, 5, 239, '2023-06-25', '13:55:46', 'Cupertino', 'California', 1),
(467, '17.22.253.150', '', 0, 5, 239, '2023-06-25', '17:14:35', 'Cupertino', 'California', 1),
(468, '17.22.245.63', '', 0, 5, 239, '2023-06-25', '19:24:55', 'Cupertino', 'California', 1),
(469, '17.246.15.199', '', 0, 5, 239, '2023-06-26', '02:48:27', 'Cupertino', 'California', 1),
(470, '17.22.253.99', '', 0, 5, 239, '2023-06-26', '07:20:45', 'Cupertino', 'California', 1),
(471, '149.56.150.146', '', 0, 14, 239, '2023-06-26', '18:35:57', 'Montreal', 'Quebec', 1),
(472, '17.22.253.192', '', 0, 5, 239, '2023-06-27', '02:55:34', 'Cupertino', 'California', 1),
(473, '17.22.253.96', '', 0, 5, 239, '2023-06-27', '04:25:38', 'Cupertino', 'California', 1),
(474, '17.22.245.225', '', 0, 5, 239, '2023-06-27', '07:49:42', 'Cupertino', 'California', 1),
(475, '17.22.253.67', '', 0, 5, 239, '2023-06-27', '08:10:14', 'Cupertino', 'California', 1),
(476, '17.241.227.181', '', 0, 5, 239, '2023-06-27', '15:56:39', 'Cupertino', 'California', 1),
(477, '17.241.219.178', '', 0, 5, 239, '2023-06-27', '22:11:59', 'Cupertino', 'California', 1),
(478, '173.95.8.19', '', 0, 4, 239, '2023-06-28', '15:06:22', 'Greensboro', 'North Carolina', 1),
(479, '204.186.55.228', 'https://www.google.com/', 1, 4, 239, '2023-06-28', '16:16:24', 'Palmerton', 'Pennsylvania', 1),
(480, '17.241.219.220', '', 0, 5, 239, '2023-06-29', '04:03:46', 'Cupertino', 'California', 1),
(481, '49.207.245.187', '', 0, 4, 111, '2023-06-29', '08:08:11', 'Bengaluru', 'Karnataka', 1),
(482, '17.22.245.112', '', 0, 5, 239, '2023-06-29', '08:39:46', 'Cupertino', 'California', 1),
(483, '17.22.253.183', '', 0, 5, 239, '2023-06-29', '18:30:56', 'Cupertino', 'California', 1),
(484, '129.222.247.188', 'https://ovou.me/', 0, 5, 239, '2023-06-29', '20:50:15', 'New York', 'New York', 1),
(485, '129.222.236.85', 'https://ovou.me/', 0, 5, 239, '2023-06-29', '21:12:29', 'New York', 'New York', 1),
(486, '146.70.96.67', 'https://www.google.com/', 1, 2, 83, '2023-06-29', '21:16:03', 'Edinburgh', 'Scotland', 1),
(487, '17.241.227.50', '', 0, 5, 239, '2023-06-29', '21:38:29', 'Cupertino', 'California', 1),
(488, '136.158.71.167', 'https://www.google.com/', 1, 4, 173, '2023-06-30', '13:04:23', 'Pangil', 'Calabarzon', 1),
(489, '17.22.253.115', '', 0, 5, 239, '2023-06-30', '22:57:26', 'Cupertino', 'California', 1),
(490, '17.246.15.211', '', 0, 5, 239, '2023-07-01', '03:18:01', 'Cupertino', 'California', 1),
(491, '148.251.121.247', '', 0, 4, 62, '2023-07-01', '04:24:53', 'Falkenstein', 'Saxony', 1),
(492, '17.22.253.148', '', 0, 5, 239, '2023-07-01', '08:11:56', 'Cupertino', 'California', 1),
(493, '17.22.253.24', '', 0, 5, 239, '2023-07-01', '10:20:12', 'Cupertino', 'California', 1),
(494, '17.22.253.220', '', 0, 5, 239, '2023-07-01', '14:52:43', 'Cupertino', 'California', 1),
(495, '17.241.219.162', '', 0, 5, 239, '2023-07-02', '07:28:56', 'Cupertino', 'California', 1),
(496, '17.22.245.25', '', 0, 5, 239, '2023-07-02', '11:19:54', 'Cupertino', 'California', 1),
(497, '17.241.75.196', '', 0, 5, 239, '2023-07-02', '13:45:39', 'Cupertino', 'California', 1),
(498, '17.22.245.95', '', 0, 5, 239, '2023-07-02', '18:05:32', 'Cupertino', 'California', 1),
(499, '17.22.245.121', '', 0, 5, 239, '2023-07-02', '20:25:45', 'Cupertino', 'California', 1),
(500, '17.22.237.188', '', 0, 5, 239, '2023-07-03', '22:25:58', 'Cupertino', 'California', 1),
(501, '17.22.237.36', '', 0, 5, 239, '2023-07-04', '01:18:46', 'Cupertino', 'California', 1),
(502, '135.148.32.67', '', 0, 4, 239, '2023-07-04', '14:40:33', 'Reston', 'Virginia', 1),
(503, '40.94.30.137', '', 0, 4, 239, '2023-07-05', '11:25:01', 'Quincy-moses Lake', 'Washington', 1),
(504, '17.22.253.105', '', 0, 5, 239, '2023-07-06', '13:45:54', 'Cupertino', 'California', 1),
(505, '17.246.15.104', '', 0, 5, 239, '2023-07-07', '08:53:33', 'Cupertino', 'California', 1),
(506, '17.22.253.5', '', 0, 5, 239, '2023-07-07', '22:27:52', 'Cupertino', 'California', 1),
(507, '17.22.253.142', '', 0, 5, 239, '2023-07-08', '02:45:08', 'Cupertino', 'California', 1),
(508, '17.246.23.129', '', 0, 5, 239, '2023-07-08', '08:12:43', 'Cupertino', 'California', 1),
(509, '98.97.179.164', 'https://ovou.me/', 0, 5, 239, '2023-07-08', '20:09:09', 'Atlanta', 'Georgia', 1),
(510, '17.246.23.95', '', 0, 5, 239, '2023-07-08', '20:26:39', 'Cupertino', 'California', 1),
(511, '17.246.19.240', '', 0, 5, 239, '2023-07-08', '21:37:00', 'Cupertino', 'California', 1),
(512, '51.222.143.39', '', 0, 2, 83, '2023-07-09', '13:21:56', 'Beauharnois', 'Quebec', 1),
(513, '195.154.123.123', '', 0, 14, 81, '2023-07-09', '18:04:37', 'Ivry-sur-Seine', 'Île-de-France', 1),
(514, '13.91.130.63', '', 0, 4, 239, '2023-07-09', '19:14:00', 'San Francisco', 'California', 1),
(515, '40.94.25.30', '', 0, 4, 239, '2023-07-09', '20:02:26', 'Quincy-moses Lake', 'Washington', 1),
(516, '98.97.182.59', 'https://ovou.me/', 0, 4, 239, '2023-07-10', '21:39:07', 'Atlanta', 'Georgia', 1),
(517, '17.22.253.41', '', 0, 5, 239, '2023-07-11', '20:47:59', 'Cupertino', 'California', 1),
(518, '17.241.219.41', '', 0, 5, 239, '2023-07-11', '21:08:53', 'Cupertino', 'California', 1),
(519, '209.170.91.202', '', 0, 4, 239, '2023-07-12', '17:49:15', 'Santa Clara', 'California', 1),
(520, '17.246.15.9', '', 0, 5, 239, '2023-07-12', '23:26:00', 'Cupertino', 'California', 1),
(521, '17.22.237.62', '', 0, 5, 239, '2023-07-13', '03:46:41', 'Cupertino', 'California', 1),
(522, '17.246.15.6', '', 0, 5, 239, '2023-07-13', '13:14:44', 'Cupertino', 'California', 1),
(523, '96.69.46.233', 'https://www.google.com/', 1, 4, 239, '2023-07-13', '17:39:10', 'Miami', 'Florida', 1),
(524, '174.218.242.184', 'https://www.google.com/', 1, 4, 239, '2023-07-13', '17:43:01', 'New York', 'New York', 1),
(525, '17.22.245.22', '', 0, 5, 239, '2023-07-13', '22:22:28', 'Cupertino', 'California', 1),
(526, '98.97.182.89', '', 0, 5, 239, '2023-07-14', '04:46:28', 'Atlanta', 'Georgia', 1),
(527, '17.246.15.103', '', 0, 5, 239, '2023-07-14', '19:38:51', 'Cupertino', 'California', 1),
(528, '17.246.15.149', '', 0, 5, 239, '2023-07-15', '20:19:38', 'Cupertino', 'California', 1),
(529, '17.246.15.162', '', 0, 5, 239, '2023-07-15', '21:30:43', 'Cupertino', 'California', 1);
INSERT INTO `ahc_recent_visitors` (`vtr_id`, `vtr_ip_address`, `vtr_referer`, `srh_id`, `bsr_id`, `ctr_id`, `vtr_date`, `vtr_time`, `ahc_city`, `ahc_region`, `site_id`) VALUES
(530, '109.70.100.65', '', 0, 4, 17, '2023-07-16', '19:52:52', 'Vienna', 'Vienna', 1),
(531, '3.12.163.140', '', 0, 4, 239, '2023-07-17', '01:52:26', 'Dublin', 'Ohio', 1),
(532, '17.22.253.239', '', 0, 5, 239, '2023-07-17', '18:10:49', 'Cupertino', 'California', 1),
(533, '98.97.176.206', 'https://ovou.me/', 0, 4, 239, '2023-07-17', '19:51:08', 'Atlanta', 'Georgia', 1),
(534, '17.241.227.90', '', 0, 5, 239, '2023-07-18', '11:24:20', 'Cupertino', 'California', 1),
(535, '17.22.237.184', '', 0, 5, 239, '2023-07-18', '11:35:21', 'Cupertino', 'California', 1),
(536, '96.76.75.169', 'https://www.google.com/', 1, 4, 239, '2023-07-18', '14:26:36', 'Miami', 'Florida', 1),
(537, '40.94.25.79', '', 0, 4, 239, '2023-07-18', '17:51:23', 'Quincy-moses Lake', 'Washington', 1),
(538, '181.215.195.10', 'https://www.google.com/', 1, 2, 51, '2023-07-18', '18:23:17', 'Chicago', 'Illinois', 1),
(539, '17.22.245.135', '', 0, 5, 239, '2023-07-19', '15:26:04', 'Cupertino', 'California', 1),
(540, '205.213.108.197', 'https://www.google.com/', 1, 5, 239, '2023-07-19', '16:23:45', 'Madison', 'Wisconsin', 1),
(541, '17.22.253.87', '', 0, 5, 239, '2023-07-19', '22:34:14', 'Cupertino', 'California', 1),
(542, '17.246.19.158', '', 0, 5, 239, '2023-07-20', '01:06:44', 'Cupertino', 'California', 1),
(543, '17.22.245.28', '', 0, 5, 239, '2023-07-20', '07:02:08', 'Cupertino', 'California', 1),
(544, '17.22.253.240', '', 0, 5, 239, '2023-07-20', '20:51:08', 'Cupertino', 'California', 1),
(545, '17.246.19.15', '', 0, 5, 239, '2023-07-20', '21:16:40', 'Cupertino', 'California', 1),
(546, '17.22.237.193', '', 0, 5, 239, '2023-07-21', '01:27:15', 'Cupertino', 'California', 1),
(547, '17.22.245.62', '', 0, 5, 239, '2023-07-21', '02:31:56', 'Cupertino', 'California', 1),
(548, '17.246.23.176', '', 0, 5, 239, '2023-07-21', '23:47:38', 'Cupertino', 'California', 1),
(549, '17.22.245.5', '', 0, 5, 239, '2023-07-22', '08:05:23', 'Cupertino', 'California', 1),
(550, '192.154.98.188', '', 0, 4, 239, '2023-07-22', '08:44:32', 'Ogden', 'Utah', 1),
(551, '17.246.19.93', '', 0, 5, 239, '2023-07-22', '11:01:08', 'Cupertino', 'California', 1),
(552, '17.246.15.253', '', 0, 5, 239, '2023-07-22', '17:45:59', 'Cupertino', 'California', 1),
(553, '17.246.15.159', '', 0, 5, 239, '2023-07-22', '19:49:06', 'Cupertino', 'California', 1),
(554, '17.22.237.138', '', 0, 5, 239, '2023-07-23', '00:56:02', 'Cupertino', 'California', 1),
(555, '17.22.253.160', '', 0, 5, 239, '2023-07-23', '04:36:05', 'Cupertino', 'California', 1),
(556, '17.246.23.226', '', 0, 5, 239, '2023-07-23', '09:49:51', 'Cupertino', 'California', 1),
(557, '17.246.15.170', '', 0, 5, 239, '2023-07-23', '12:31:50', 'Cupertino', 'California', 1),
(558, '40.94.31.11', '', 0, 4, 239, '2023-07-23', '14:14:06', 'Des Moines', 'Iowa', 1),
(559, '185.150.189.216', '', 0, 4, 257, '2023-07-23', '14:34:16', 'Piscataway', 'New Jersey', 1),
(560, '51.254.44.182', '', 0, 4, 83, '2023-07-23', '16:49:49', 'Roubaix', 'Hauts-de-France', 1),
(561, '12.23.193.227', '', 0, 5, 239, '2023-07-23', '19:47:38', 'Fort Lauderdale', 'Florida', 1),
(562, '192.154.98.188', '', 0, 4, 239, '2023-07-24', '15:22:44', 'Ogden', 'Utah', 1),
(563, '35.153.209.110', '', 0, 4, 239, '2023-07-24', '18:06:08', 'Ashburn', 'Virginia', 1),
(564, '17.241.219.73', '', 0, 5, 239, '2023-07-24', '18:48:29', 'Cupertino', 'California', 1),
(565, '69.171.251.6', 'https://www.facebook.com/', 0, 4, 239, '2023-07-25', '00:46:04', 'Ashburn', 'Virginia', 1),
(566, '173.252.127.22', 'https://www.facebook.com/', 0, 4, 239, '2023-07-25', '01:21:00', 'Toronto', 'Ontario', 1);

-- --------------------------------------------------------

--
-- Table structure for table `ahc_refering_sites`
--

CREATE TABLE `ahc_refering_sites` (
  `rfr_id` int(11) UNSIGNED NOT NULL,
  `rfr_site_name` varchar(100) NOT NULL,
  `rfr_visits` int(11) UNSIGNED DEFAULT 0,
  `site_id` int(11) NOT NULL DEFAULT 1
) ENGINE=MyISAM DEFAULT CHARSET=utf8mb3 COLLATE=utf8mb3_general_ci;

--
-- Dumping data for table `ahc_refering_sites`
--

INSERT INTO `ahc_refering_sites` (`rfr_id`, `rfr_site_name`, `rfr_visits`, `site_id`) VALUES
(1, 'www.google.com', 42, 1),
(2, 'www.facebook.com', 5, 1),
(3, 'm.facebook.com', 1, 1),
(4, 'ovou.me', 11, 1),
(5, 'secure311.inmotionhosting.com', 3, 1);

-- --------------------------------------------------------

--
-- Table structure for table `ahc_searching_visits`
--

CREATE TABLE `ahc_searching_visits` (
  `vtsh_id` int(11) UNSIGNED NOT NULL,
  `srh_id` int(3) UNSIGNED NOT NULL,
  `vtsh_date` datetime NOT NULL,
  `vtsh_visits` int(11) UNSIGNED NOT NULL DEFAULT 0,
  `site_id` int(11) NOT NULL DEFAULT 1
) ENGINE=MyISAM DEFAULT CHARSET=utf8mb3 COLLATE=utf8mb3_general_ci;

--
-- Dumping data for table `ahc_searching_visits`
--

INSERT INTO `ahc_searching_visits` (`vtsh_id`, `srh_id`, `vtsh_date`, `vtsh_visits`, `site_id`) VALUES
(1, 1, '2023-01-03 21:59:03', 1, 1),
(2, 1, '2023-01-15 21:20:36', 1, 1),
(3, 1, '2023-01-18 16:15:40', 1, 1),
(4, 1, '2023-01-20 17:17:00', 1, 1),
(5, 1, '2023-01-29 16:22:54', 2, 1),
(6, 1, '2023-02-13 02:00:00', 1, 1),
(7, 1, '2023-02-19 17:12:03', 1, 1),
(8, 1, '2023-02-22 22:19:08', 1, 1),
(9, 1, '2023-02-28 15:53:56', 2, 1),
(10, 1, '2023-03-01 06:05:40', 1, 1),
(11, 1, '2023-03-16 21:56:06', 1, 1),
(12, 1, '2023-03-21 17:02:22', 1, 1),
(13, 1, '2023-03-30 07:16:27', 3, 1),
(14, 1, '2023-04-08 02:40:05', 1, 1),
(15, 1, '2023-04-11 18:26:55', 2, 1),
(16, 1, '2023-04-24 19:13:25', 1, 1),
(17, 1, '2023-04-28 21:20:09', 1, 1),
(18, 1, '2023-05-07 02:00:30', 3, 1),
(19, 1, '2023-05-20 11:46:06', 1, 1),
(20, 1, '2023-05-23 16:44:17', 1, 1),
(21, 1, '2023-05-30 08:25:35', 3, 1),
(22, 1, '2023-06-01 11:35:50', 1, 1),
(23, 1, '2023-06-05 15:54:10', 1, 1),
(24, 1, '2023-06-07 18:32:06', 1, 1),
(25, 1, '2023-06-19 16:14:35', 1, 1),
(26, 1, '2023-06-28 16:16:24', 1, 1),
(27, 1, '2023-06-29 21:16:03', 1, 1),
(28, 1, '2023-06-30 13:04:23', 1, 1),
(29, 1, '2023-07-13 17:39:10', 2, 1),
(30, 1, '2023-07-18 14:26:36', 2, 1),
(31, 1, '2023-07-19 16:23:45', 1, 1);

-- --------------------------------------------------------

--
-- Table structure for table `ahc_search_engines`
--

CREATE TABLE `ahc_search_engines` (
  `srh_id` int(3) UNSIGNED NOT NULL,
  `srh_name` varchar(100) NOT NULL,
  `srh_query_parameter` varchar(10) NOT NULL,
  `srh_icon` varchar(50) DEFAULT NULL,
  `srh_identifier` varchar(50) DEFAULT NULL
) ENGINE=MyISAM DEFAULT CHARSET=utf8mb3 COLLATE=utf8mb3_general_ci;

--
-- Dumping data for table `ahc_search_engines`
--

INSERT INTO `ahc_search_engines` (`srh_id`, `srh_name`, `srh_query_parameter`, `srh_icon`, `srh_identifier`) VALUES
(1, 'Google', 'q', 'google.png', 'google'),
(2, 'Bing', 'q', 'bing.png', 'bing'),
(3, 'Yahoo Search', 'p', 'yahoo.png', 'yahoo'),
(4, 'Ask', 'q', 'ask.png', 'ask'),
(5, 'WebCrawler', 'q', 'webcrawler.gif', 'webcrawler');

-- --------------------------------------------------------

--
-- Table structure for table `ahc_search_engine_crawlers`
--

CREATE TABLE `ahc_search_engine_crawlers` (
  `bot_name` varchar(50) NOT NULL,
  `srh_id` int(3) UNSIGNED NOT NULL,
  `site_id` int(11) NOT NULL DEFAULT 1
) ENGINE=MyISAM DEFAULT CHARSET=utf8mb3 COLLATE=utf8mb3_general_ci;

--
-- Dumping data for table `ahc_search_engine_crawlers`
--

INSERT INTO `ahc_search_engine_crawlers` (`bot_name`, `srh_id`, `site_id`) VALUES
('Googlebot', 1, 1),
('Googlebot-News', 1, 1),
('Googlebot-Image', 1, 1),
('Googlebot-Video', 1, 1),
('Googlebot-Mobile', 1, 1),
('Mediapartners-Google', 1, 1),
('Mediapartners', 1, 1),
('Mediapartners-Google', 1, 1),
('Mediapartners', 1, 1),
('AdsBot-Google', 1, 1),
('bingbot', 2, 1),
('Yahoo! Slurp', 3, 1),
('Yahoo! Slurp China', 3, 1),
('YahooSeeker', 3, 1),
('Ask Jeeves', 4, 1),
('FAST-WebCrawler', 5, 1);

-- --------------------------------------------------------

--
-- Table structure for table `ahc_settings`
--

CREATE TABLE `ahc_settings` (
  `set_id` int(10) UNSIGNED NOT NULL,
  `set_hits_days` int(10) UNSIGNED NOT NULL DEFAULT 14,
  `set_ajax_check` int(10) UNSIGNED NOT NULL DEFAULT 10,
  `set_ips` text DEFAULT NULL,
  `set_google_map` varchar(100) NOT NULL DEFAULT 'today_visitors',
  `site_id` int(11) NOT NULL DEFAULT 1
) ENGINE=MyISAM DEFAULT CHARSET=utf8mb3 COLLATE=utf8mb3_general_ci;

--
-- Dumping data for table `ahc_settings`
--

INSERT INTO `ahc_settings` (`set_id`, `set_hits_days`, `set_ajax_check`, `set_ips`, `set_google_map`, `site_id`) VALUES
(1, 30, 30, '', 'all', 1);

-- --------------------------------------------------------

--
-- Table structure for table `ahc_title_traffic`
--

CREATE TABLE `ahc_title_traffic` (
  `til_id` int(11) UNSIGNED NOT NULL,
  `til_page_id` varchar(30) NOT NULL,
  `til_page_title` varchar(100) DEFAULT NULL,
  `til_hits` int(11) UNSIGNED NOT NULL,
  `site_id` int(11) NOT NULL DEFAULT 1
) ENGINE=MyISAM DEFAULT CHARSET=utf8mb3 COLLATE=utf8mb3_general_ci;

--
-- Dumping data for table `ahc_title_traffic`
--

INSERT INTO `ahc_title_traffic` (`til_id`, `til_page_id`, `til_page_title`, `til_hits`, `site_id`) VALUES
(1, '6', 'ABOUT  JUST WINCHES ', 91, 1),
(2, '2255', 'PANEL RE-POWERING', 27, 1),
(3, '1970', 'CONTACT US', 40, 1),
(4, '22', 'PROJECTS', 25, 1),
(5, '2799', 'YACHT PARTS FINDER', 8, 1),
(6, '10', 'Protected: WHAT PEOPLE THINK ABOUT US', 1, 1),
(7, '2803', 'Caldera Forms Preview', 1, 1),
(8, '3192', 'YACHT REFITS/RE-POWER', 3, 1);

-- --------------------------------------------------------

--
-- Table structure for table `ahc_visitors`
--

CREATE TABLE `ahc_visitors` (
  `vst_id` int(11) UNSIGNED NOT NULL,
  `vst_date` datetime NOT NULL,
  `vst_visitors` int(11) UNSIGNED DEFAULT 0,
  `vst_visits` int(11) UNSIGNED DEFAULT 0,
  `site_id` int(11) NOT NULL DEFAULT 1
) ENGINE=MyISAM DEFAULT CHARSET=utf8mb3 COLLATE=utf8mb3_general_ci;

--
-- Dumping data for table `ahc_visitors`
--

INSERT INTO `ahc_visitors` (`vst_id`, `vst_date`, `vst_visitors`, `vst_visits`, `site_id`) VALUES
(1, '2023-01-02 00:23:47', 1, 1, 1),
(2, '2023-01-02 00:24:07', 0, 1, 1),
(3, '2023-01-02 00:25:11', 0, 1, 1),
(4, '2023-01-02 09:48:56', 1, 1, 1),
(5, '2023-01-03 07:10:48', 1, 1, 1),
(6, '2023-01-03 10:06:40', 1, 1, 1),
(7, '2023-01-03 21:54:25', 1, 1, 1),
(8, '2023-01-03 21:59:03', 1, 1, 1),
(9, '2023-01-03 21:59:15', 0, 1, 1),
(10, '2023-01-03 21:59:30', 0, 1, 1),
(11, '2023-01-03 21:59:44', 0, 1, 1),
(12, '2023-01-04 04:48:57', 1, 1, 1),
(13, '2023-01-04 08:51:39', 1, 1, 1),
(14, '2023-01-04 19:08:36', 1, 1, 1),
(15, '2023-01-04 19:18:55', 1, 1, 1),
(16, '2023-01-05 02:25:23', 1, 1, 1),
(17, '2023-01-05 05:33:46', 1, 1, 1),
(18, '2023-01-05 07:38:28', 1, 1, 1),
(19, '2023-01-05 08:58:05', 1, 1, 1),
(20, '2023-01-05 20:40:24', 1, 1, 1),
(21, '2023-01-05 22:02:15', 1, 1, 1),
(22, '2023-01-06 01:13:57', 1, 1, 1),
(23, '2023-01-07 11:24:09', 1, 1, 1),
(24, '2023-01-07 12:15:55', 1, 1, 1),
(25, '2023-01-08 02:10:22', 1, 1, 1),
(26, '2023-01-08 11:49:55', 1, 1, 1),
(27, '2023-01-08 13:10:59', 1, 1, 1),
(28, '2023-01-08 14:13:58', 1, 1, 1),
(29, '2023-01-08 14:14:07', 0, 1, 1),
(30, '2023-01-08 17:00:05', 1, 1, 1),
(31, '2023-01-09 05:27:46', 1, 1, 1),
(32, '2023-01-10 03:56:31', 1, 1, 1),
(33, '2023-01-10 05:50:01', 1, 1, 1),
(34, '2023-01-10 05:50:26', 1, 1, 1),
(35, '2023-01-10 13:47:23', 1, 1, 1),
(36, '2023-01-10 20:20:24', 1, 1, 1),
(37, '2023-01-11 08:15:43', 1, 1, 1),
(38, '2023-01-11 15:43:05', 1, 1, 1),
(39, '2023-01-12 13:55:07', 1, 1, 1),
(40, '2023-01-12 16:14:51', 1, 1, 1),
(41, '2023-01-13 00:26:11', 1, 1, 1),
(42, '2023-01-15 21:20:36', 1, 1, 1),
(43, '2023-01-16 07:00:43', 1, 1, 1),
(44, '2023-01-16 07:01:16', 0, 1, 1),
(45, '2023-01-18 06:20:23', 1, 1, 1),
(46, '2023-01-18 16:15:40', 1, 1, 1),
(47, '2023-01-18 20:32:14', 1, 1, 1),
(48, '2023-01-19 00:18:56', 1, 1, 1),
(49, '2023-01-19 00:19:24', 0, 1, 1),
(50, '2023-01-19 02:00:46', 1, 1, 1),
(51, '2023-01-19 04:21:42', 1, 1, 1),
(52, '2023-01-20 17:17:00', 1, 1, 1),
(53, '2023-01-21 03:08:30', 1, 1, 1),
(54, '2023-01-21 19:58:41', 1, 1, 1),
(55, '2023-01-21 23:00:32', 1, 1, 1),
(56, '2023-01-22 19:26:36', 1, 1, 1),
(57, '2023-01-22 21:45:23', 1, 1, 1),
(58, '2023-01-23 07:22:26', 1, 1, 1),
(59, '2023-01-23 07:22:47', 0, 1, 1),
(60, '2023-01-23 13:47:31', 1, 1, 1),
(61, '2023-01-24 16:00:21', 1, 1, 1),
(62, '2023-01-24 21:47:23', 1, 1, 1),
(63, '2023-01-24 23:31:26', 1, 1, 1),
(64, '2023-01-25 02:33:28', 1, 1, 1),
(65, '2023-01-26 02:29:48', 1, 1, 1),
(66, '2023-01-27 06:41:15', 1, 1, 1),
(67, '2023-01-28 05:36:48', 1, 1, 1),
(68, '2023-01-28 07:29:59', 1, 1, 1),
(69, '2023-01-29 05:33:10', 1, 1, 1),
(70, '2023-01-29 06:31:20', 1, 1, 1),
(71, '2023-01-29 11:46:58', 1, 1, 1),
(72, '2023-01-29 16:22:54', 1, 1, 1),
(73, '2023-01-29 16:22:55', 1, 1, 1),
(74, '2023-01-30 07:06:55', 1, 1, 1),
(75, '2023-01-30 07:07:18', 0, 1, 1),
(76, '2023-01-30 10:52:39', 1, 1, 1),
(77, '2023-02-01 10:32:28', 1, 1, 1),
(78, '2023-02-02 10:48:42', 1, 1, 1),
(79, '2023-02-03 14:05:59', 1, 1, 1),
(80, '2023-02-03 14:06:41', 0, 1, 1),
(81, '2023-02-03 14:07:29', 0, 1, 1),
(82, '2023-02-04 05:19:16', 1, 1, 1),
(83, '2023-02-05 07:51:40', 1, 1, 1),
(84, '2023-02-08 02:18:41', 1, 1, 1),
(85, '2023-02-09 08:17:56', 1, 1, 1),
(86, '2023-02-11 12:34:44', 1, 1, 1),
(87, '2023-02-13 02:00:00', 1, 1, 1),
(88, '2023-02-13 02:00:49', 0, 1, 1),
(89, '2023-02-13 02:01:08', 0, 1, 1),
(90, '2023-02-14 21:48:20', 1, 1, 1),
(91, '2023-02-16 03:23:29', 1, 1, 1),
(92, '2023-02-16 10:28:48', 1, 1, 1),
(93, '2023-02-17 04:22:23', 1, 1, 1),
(94, '2023-02-17 04:23:27', 0, 1, 1),
(95, '2023-02-17 04:23:31', 0, 1, 1),
(96, '2023-02-17 15:36:52', 1, 1, 1),
(97, '2023-02-17 15:37:11', 0, 1, 1),
(98, '2023-02-17 15:37:35', 0, 1, 1),
(99, '2023-02-17 21:44:36', 1, 1, 1),
(100, '2023-02-17 22:03:06', 1, 1, 1),
(101, '2023-02-17 22:07:14', 1, 1, 1),
(102, '2023-02-17 22:08:49', 1, 1, 1),
(103, '2023-02-18 03:51:35', 1, 1, 1),
(104, '2023-02-19 08:42:22', 1, 1, 1),
(105, '2023-02-19 08:42:26', 0, 1, 1),
(106, '2023-02-19 08:42:44', 0, 1, 1),
(107, '2023-02-19 08:42:44', 0, 1, 1),
(108, '2023-02-19 08:42:44', 0, 1, 1),
(109, '2023-02-19 08:42:54', 0, 1, 1),
(110, '2023-02-19 08:43:00', 0, 1, 1),
(111, '2023-02-19 08:43:01', 0, 1, 1),
(112, '2023-02-19 08:43:02', 0, 1, 1),
(113, '2023-02-19 08:43:17', 0, 1, 1),
(114, '2023-02-19 08:43:17', 0, 1, 1),
(115, '2023-02-19 08:43:21', 0, 1, 1),
(116, '2023-02-19 08:43:24', 0, 1, 1),
(117, '2023-02-19 08:43:33', 0, 1, 1),
(118, '2023-02-19 08:43:34', 0, 1, 1),
(119, '2023-02-19 08:43:36', 0, 1, 1),
(120, '2023-02-19 08:43:41', 0, 1, 1),
(121, '2023-02-19 08:43:46', 0, 1, 1),
(122, '2023-02-19 08:43:47', 0, 1, 1),
(123, '2023-02-19 08:43:55', 0, 1, 1),
(124, '2023-02-19 08:43:55', 0, 1, 1),
(125, '2023-02-19 08:51:58', 1, 1, 1),
(126, '2023-02-19 17:12:03', 1, 1, 1),
(127, '2023-02-20 20:58:42', 1, 1, 1),
(128, '2023-02-21 00:55:00', 1, 1, 1),
(129, '2023-02-21 07:40:53', 1, 1, 1),
(130, '2023-02-21 13:30:19', 1, 1, 1),
(131, '2023-02-21 18:53:04', 1, 1, 1),
(132, '2023-02-22 22:19:08', 1, 1, 1),
(133, '2023-02-23 00:44:16', 1, 1, 1),
(134, '2023-02-24 17:23:54', 1, 1, 1),
(135, '2023-02-25 01:09:18', 1, 1, 1),
(136, '2023-02-26 02:17:28', 1, 1, 1),
(137, '2023-02-26 15:45:15', 1, 1, 1),
(138, '2023-02-28 01:13:06', 1, 1, 1),
(139, '2023-02-28 05:44:36', 1, 1, 1),
(140, '2023-02-28 13:06:30', 1, 1, 1),
(141, '2023-02-28 15:53:56', 1, 1, 1),
(142, '2023-02-28 15:54:02', 1, 1, 1),
(143, '2023-02-28 18:23:08', 1, 1, 1),
(144, '2023-03-01 06:05:40', 1, 1, 1),
(145, '2023-03-02 11:45:07', 1, 1, 1),
(146, '2023-03-02 13:45:44', 1, 1, 1),
(147, '2023-03-02 21:16:49', 1, 1, 1),
(148, '2023-03-03 01:35:57', 1, 1, 1),
(149, '2023-03-03 08:27:13', 1, 1, 1),
(150, '2023-03-03 12:16:44', 1, 1, 1),
(151, '2023-03-04 16:42:15', 1, 1, 1),
(152, '2023-03-06 04:13:35', 1, 1, 1),
(153, '2023-03-07 06:18:47', 1, 1, 1),
(154, '2023-03-07 07:52:48', 1, 1, 1),
(155, '2023-03-07 15:00:16', 1, 1, 1),
(156, '2023-03-07 21:29:35', 1, 1, 1),
(157, '2023-03-07 21:44:23', 1, 1, 1),
(158, '2023-03-07 21:48:44', 1, 1, 1),
(159, '2023-03-08 00:02:30', 1, 1, 1),
(160, '2023-03-08 00:03:02', 0, 1, 1),
(161, '2023-03-08 00:31:01', 0, 1, 1),
(162, '2023-03-08 00:31:15', 0, 1, 1),
(163, '2023-03-08 01:08:59', 1, 1, 1),
(164, '2023-03-08 01:21:08', 1, 1, 1),
(165, '2023-03-08 07:21:21', 1, 1, 1),
(166, '2023-03-08 15:12:27', 1, 1, 1),
(167, '2023-03-08 16:28:18', 1, 1, 1),
(168, '2023-03-08 16:31:44', 1, 1, 1),
(169, '2023-03-08 17:03:48', 1, 1, 1),
(170, '2023-03-08 17:19:45', 0, 1, 1),
(171, '2023-03-08 17:20:26', 0, 1, 1),
(172, '2023-03-08 17:20:46', 0, 1, 1),
(173, '2023-03-08 17:39:49', 0, 1, 1),
(174, '2023-03-08 17:58:17', 1, 1, 1),
(175, '2023-03-08 18:01:38', 0, 1, 1),
(176, '2023-03-08 18:10:39', 1, 1, 1),
(177, '2023-03-08 18:11:03', 0, 1, 1),
(178, '2023-03-08 18:35:33', 0, 1, 1),
(179, '2023-03-08 18:35:51', 0, 1, 1),
(180, '2023-03-08 18:36:07', 0, 1, 1),
(181, '2023-03-08 18:39:11', 1, 1, 1),
(182, '2023-03-08 18:39:30', 0, 1, 1),
(183, '2023-03-08 18:40:56', 0, 1, 1),
(184, '2023-03-08 18:54:38', 0, 1, 1),
(185, '2023-03-08 19:42:27', 1, 1, 1),
(186, '2023-03-08 20:38:25', 1, 1, 1),
(187, '2023-03-08 21:03:10', 0, 1, 1),
(188, '2023-03-08 21:42:03', 1, 1, 1),
(189, '2023-03-08 21:43:10', 0, 1, 1),
(190, '2023-03-08 21:45:39', 0, 1, 1),
(191, '2023-03-08 22:16:28', 1, 1, 1),
(192, '2023-03-08 22:25:44', 0, 1, 1),
(193, '2023-03-08 22:27:00', 0, 1, 1),
(194, '2023-03-09 02:28:21', 1, 1, 1),
(195, '2023-03-09 04:50:47', 1, 1, 1),
(196, '2023-03-09 18:44:11', 1, 1, 1),
(197, '2023-03-10 12:34:12', 1, 1, 1),
(198, '2023-03-10 15:38:33', 1, 1, 1),
(199, '2023-03-13 00:27:07', 1, 1, 1),
(200, '2023-03-13 10:59:13', 1, 1, 1),
(201, '2023-03-13 21:52:08', 0, 1, 1),
(202, '2023-03-13 21:52:32', 0, 1, 1),
(203, '2023-03-13 21:53:08', 0, 1, 1),
(204, '2023-03-14 01:13:14', 1, 1, 1),
(205, '2023-03-14 05:20:59', 1, 1, 1),
(206, '2023-03-14 19:08:11', 1, 1, 1),
(207, '2023-03-15 22:02:22', 1, 1, 1),
(208, '2023-03-15 23:40:52', 1, 1, 1),
(209, '2023-03-16 04:32:25', 1, 1, 1),
(210, '2023-03-16 12:00:56', 1, 1, 1),
(211, '2023-03-16 20:03:25', 1, 1, 1),
(212, '2023-03-16 20:03:49', 0, 1, 1),
(213, '2023-03-16 20:04:08', 0, 1, 1),
(214, '2023-03-16 21:56:06', 1, 1, 1),
(215, '2023-03-16 21:56:26', 0, 1, 1),
(216, '2023-03-16 21:56:44', 0, 1, 1),
(217, '2023-03-16 21:57:06', 0, 1, 1),
(218, '2023-03-17 00:23:12', 1, 1, 1),
(219, '2023-03-18 03:50:31', 1, 1, 1),
(220, '2023-03-18 08:03:16', 1, 1, 1),
(221, '2023-03-18 10:07:32', 1, 1, 1),
(222, '2023-03-18 23:21:05', 1, 1, 1),
(223, '2023-03-19 03:55:52', 1, 1, 1),
(224, '2023-03-19 07:10:32', 1, 1, 1),
(225, '2023-03-19 21:36:51', 1, 1, 1),
(226, '2023-03-19 22:54:33', 1, 1, 1),
(227, '2023-03-19 23:27:46', 1, 1, 1),
(228, '2023-03-19 23:31:31', 1, 1, 1),
(229, '2023-03-19 23:57:20', 1, 1, 1),
(230, '2023-03-20 04:33:20', 1, 1, 1),
(231, '2023-03-20 13:49:25', 1, 1, 1),
(232, '2023-03-20 19:41:47', 1, 1, 1),
(233, '2023-03-20 20:10:33', 1, 1, 1),
(234, '2023-03-21 00:39:42', 1, 1, 1),
(235, '2023-03-21 12:03:37', 1, 1, 1),
(236, '2023-03-21 13:56:38', 1, 1, 1),
(237, '2023-03-21 17:02:22', 1, 1, 1),
(238, '2023-03-21 22:43:01', 1, 1, 1),
(239, '2023-03-22 02:57:48', 1, 1, 1),
(240, '2023-03-22 06:36:09', 1, 1, 1),
(241, '2023-03-22 09:34:29', 1, 1, 1),
(242, '2023-03-22 16:46:13', 1, 1, 1),
(243, '2023-03-22 16:46:32', 0, 1, 1),
(244, '2023-03-22 16:47:44', 0, 1, 1),
(245, '2023-03-23 01:04:51', 1, 1, 1),
(246, '2023-03-23 07:49:30', 1, 1, 1),
(247, '2023-03-23 22:39:08', 1, 1, 1),
(248, '2023-03-24 01:09:45', 1, 1, 1),
(249, '2023-03-24 06:08:15', 1, 1, 1),
(250, '2023-03-24 09:09:49', 1, 1, 1),
(251, '2023-03-25 02:19:46', 1, 1, 1),
(252, '2023-03-25 05:51:36', 1, 1, 1),
(253, '2023-03-25 09:55:26', 1, 1, 1),
(254, '2023-03-25 19:17:28', 1, 1, 1),
(255, '2023-03-25 19:59:28', 1, 1, 1),
(256, '2023-03-25 19:59:48', 0, 1, 1),
(257, '2023-03-26 12:55:32', 1, 1, 1),
(258, '2023-03-27 20:51:24', 1, 1, 1),
(259, '2023-03-29 05:15:56', 1, 1, 1),
(260, '2023-03-30 07:16:27', 1, 1, 1),
(261, '2023-03-30 09:45:29', 1, 1, 1),
(262, '2023-03-30 16:04:25', 1, 1, 1),
(263, '2023-03-30 16:04:32', 1, 1, 1),
(264, '2023-03-30 21:17:17', 1, 1, 1),
(265, '2023-03-31 03:53:02', 1, 1, 1),
(266, '2023-03-31 08:34:08', 1, 1, 1),
(267, '2023-03-31 20:29:50', 1, 1, 1),
(268, '2023-03-31 22:28:23', 1, 1, 1),
(269, '2023-04-01 01:26:36', 1, 1, 1),
(270, '2023-04-01 03:26:36', 1, 1, 1),
(271, '2023-04-01 16:31:58', 1, 1, 1),
(272, '2023-04-01 19:28:59', 1, 1, 1),
(273, '2023-04-02 13:09:58', 1, 1, 1),
(274, '2023-04-02 22:57:10', 1, 1, 1),
(275, '2023-04-03 06:51:35', 1, 1, 1),
(276, '2023-04-03 16:39:57', 1, 1, 1),
(277, '2023-04-03 21:57:45', 1, 1, 1),
(278, '2023-04-04 07:49:02', 1, 1, 1),
(279, '2023-04-04 19:03:12', 1, 1, 1),
(280, '2023-04-04 20:25:03', 1, 1, 1),
(281, '2023-04-04 22:55:48', 1, 1, 1),
(282, '2023-04-05 01:28:16', 1, 1, 1),
(283, '2023-04-05 01:29:13', 0, 1, 1),
(284, '2023-04-05 07:52:29', 1, 1, 1),
(285, '2023-04-05 16:19:59', 1, 1, 1),
(286, '2023-04-06 14:04:09', 1, 1, 1),
(287, '2023-04-06 18:27:42', 1, 1, 1),
(288, '2023-04-07 00:14:10', 1, 1, 1),
(289, '2023-04-07 10:00:31', 1, 1, 1),
(290, '2023-04-07 10:32:17', 1, 1, 1),
(291, '2023-04-07 18:02:30', 1, 1, 1),
(292, '2023-04-07 20:51:22', 1, 1, 1),
(293, '2023-04-08 02:40:05', 1, 1, 1),
(294, '2023-04-08 02:46:18', 1, 1, 1),
(295, '2023-04-08 17:29:06', 1, 1, 1),
(296, '2023-04-08 22:31:36', 1, 1, 1),
(297, '2023-04-09 00:22:40', 1, 1, 1),
(298, '2023-04-09 15:31:29', 1, 1, 1),
(299, '2023-04-09 19:41:07', 1, 1, 1),
(300, '2023-04-09 22:15:51', 1, 1, 1),
(301, '2023-04-10 00:16:26', 1, 1, 1),
(302, '2023-04-10 00:56:04', 1, 1, 1),
(303, '2023-04-10 01:39:41', 1, 1, 1),
(304, '2023-04-10 01:40:15', 0, 1, 1),
(305, '2023-04-10 10:14:35', 1, 1, 1),
(306, '2023-04-10 10:15:15', 1, 1, 1),
(307, '2023-04-10 13:06:36', 1, 1, 1),
(308, '2023-04-10 14:43:22', 1, 1, 1),
(309, '2023-04-10 15:44:47', 1, 1, 1),
(310, '2023-04-10 17:30:20', 1, 1, 1),
(311, '2023-04-11 10:35:42', 1, 1, 1),
(312, '2023-04-11 16:31:59', 1, 1, 1),
(313, '2023-04-11 18:26:55', 1, 1, 1),
(314, '2023-04-11 18:27:10', 0, 1, 1),
(315, '2023-04-11 23:01:09', 1, 1, 1),
(316, '2023-04-11 23:01:21', 0, 1, 1),
(317, '2023-04-12 01:51:09', 1, 1, 1),
(318, '2023-04-12 01:51:27', 1, 1, 1),
(319, '2023-04-12 01:51:28', 0, 1, 1),
(320, '2023-04-12 06:51:07', 1, 1, 1),
(321, '2023-04-13 01:39:52', 1, 1, 1),
(322, '2023-04-13 04:51:04', 1, 1, 1),
(323, '2023-04-13 06:09:44', 1, 1, 1),
(324, '2023-04-13 07:25:02', 1, 1, 1),
(325, '2023-04-13 15:21:20', 1, 1, 1),
(326, '2023-04-13 23:29:01', 1, 1, 1),
(327, '2023-04-14 00:03:59', 1, 1, 1),
(328, '2023-04-14 06:51:19', 1, 1, 1),
(329, '2023-04-14 18:29:48', 1, 1, 1),
(330, '2023-04-14 20:26:46', 1, 1, 1),
(331, '2023-04-15 11:00:17', 1, 1, 1),
(332, '2023-04-15 15:36:40', 1, 1, 1),
(333, '2023-04-15 20:21:38', 1, 1, 1),
(334, '2023-04-16 04:52:32', 1, 1, 1),
(335, '2023-04-16 05:15:44', 1, 1, 1),
(336, '2023-04-16 05:40:39', 1, 1, 1),
(337, '2023-04-16 11:01:14', 1, 1, 1),
(338, '2023-04-16 14:19:43', 1, 1, 1),
(339, '2023-04-16 21:27:12', 1, 1, 1),
(340, '2023-04-17 11:43:20', 1, 1, 1),
(341, '2023-04-17 14:32:54', 1, 1, 1),
(342, '2023-04-17 21:47:13', 1, 1, 1),
(343, '2023-04-17 21:49:39', 1, 1, 1),
(344, '2023-04-18 17:23:50', 1, 1, 1),
(345, '2023-04-19 04:19:09', 1, 1, 1),
(346, '2023-04-20 02:11:16', 1, 1, 1),
(347, '2023-04-20 12:03:00', 1, 1, 1),
(348, '2023-04-20 13:15:39', 1, 1, 1),
(349, '2023-04-20 14:58:28', 1, 1, 1),
(350, '2023-04-20 17:52:01', 1, 1, 1),
(351, '2023-04-20 17:52:26', 0, 1, 1),
(352, '2023-04-20 17:52:46', 0, 1, 1),
(353, '2023-04-20 17:52:55', 0, 1, 1),
(354, '2023-04-21 04:30:41', 1, 1, 1),
(355, '2023-04-21 16:15:51', 1, 1, 1),
(356, '2023-04-22 15:16:20', 1, 1, 1),
(357, '2023-04-22 15:46:05', 1, 1, 1),
(358, '2023-04-23 19:33:37', 1, 1, 1),
(359, '2023-04-24 19:13:25', 1, 1, 1),
(360, '2023-04-24 19:13:40', 0, 1, 1),
(361, '2023-04-24 19:14:08', 0, 1, 1),
(362, '2023-04-24 19:14:29', 0, 1, 1),
(363, '2023-04-24 22:01:58', 1, 1, 1),
(364, '2023-04-25 04:33:45', 1, 1, 1),
(365, '2023-04-25 04:47:19', 1, 1, 1),
(366, '2023-04-25 14:38:20', 1, 1, 1),
(367, '2023-04-25 16:42:04', 1, 1, 1),
(368, '2023-04-25 17:40:00', 1, 1, 1),
(369, '2023-04-25 22:32:05', 1, 1, 1),
(370, '2023-04-26 02:51:29', 1, 1, 1),
(371, '2023-04-26 15:54:38', 1, 1, 1),
(372, '2023-04-26 22:15:06', 1, 1, 1),
(373, '2023-04-26 23:16:19', 1, 1, 1),
(374, '2023-04-27 00:51:55', 1, 1, 1),
(375, '2023-04-27 14:40:32', 1, 1, 1),
(376, '2023-04-27 20:45:09', 1, 1, 1),
(377, '2023-04-27 21:41:07', 1, 1, 1),
(378, '2023-04-28 05:55:23', 1, 1, 1),
(379, '2023-04-28 06:55:02', 1, 1, 1),
(380, '2023-04-28 09:13:16', 1, 1, 1),
(381, '2023-04-28 09:17:04', 1, 1, 1),
(382, '2023-04-28 16:13:24', 1, 1, 1),
(383, '2023-04-28 21:20:09', 1, 1, 1),
(384, '2023-04-29 00:00:01', 1, 1, 1),
(385, '2023-04-29 07:37:00', 1, 1, 1),
(386, '2023-04-30 00:39:49', 1, 1, 1),
(387, '2023-04-30 06:04:36', 1, 1, 1),
(388, '2023-04-30 07:32:15', 1, 1, 1),
(389, '2023-04-30 08:05:34', 1, 1, 1),
(390, '2023-05-01 07:14:20', 1, 1, 1),
(391, '2023-05-01 13:41:38', 1, 1, 1),
(392, '2023-05-02 02:40:47', 1, 1, 1),
(393, '2023-05-02 03:25:49', 1, 1, 1),
(394, '2023-05-02 03:56:51', 1, 1, 1),
(395, '2023-05-02 04:29:30', 1, 1, 1),
(396, '2023-05-02 05:13:45', 1, 1, 1),
(397, '2023-05-02 09:25:52', 1, 1, 1),
(398, '2023-05-02 18:20:35', 1, 1, 1),
(399, '2023-05-02 22:48:41', 1, 1, 1),
(400, '2023-05-03 09:08:04', 1, 1, 1),
(401, '2023-05-03 15:52:46', 1, 1, 1),
(402, '2023-05-03 20:25:53', 1, 1, 1),
(403, '2023-05-04 04:52:46', 1, 1, 1),
(404, '2023-05-04 06:11:57', 1, 1, 1),
(405, '2023-05-04 15:18:10', 1, 1, 1),
(406, '2023-05-04 23:51:17', 1, 1, 1),
(407, '2023-05-05 21:30:29', 1, 1, 1),
(408, '2023-05-06 08:45:54', 1, 1, 1),
(409, '2023-05-07 02:00:30', 1, 1, 1),
(410, '2023-05-07 19:19:11', 1, 1, 1),
(411, '2023-05-07 23:21:58', 1, 1, 1),
(412, '2023-05-07 23:21:59', 1, 1, 1),
(413, '2023-05-08 23:34:40', 1, 1, 1),
(414, '2023-05-09 16:47:52', 1, 1, 1),
(415, '2023-05-10 05:35:18', 1, 1, 1),
(416, '2023-05-10 23:57:43', 1, 1, 1),
(417, '2023-05-11 03:44:12', 1, 1, 1),
(418, '2023-05-11 03:44:34', 0, 1, 1),
(419, '2023-05-11 03:44:51', 0, 1, 1),
(420, '2023-05-11 09:26:53', 1, 1, 1),
(421, '2023-05-11 12:52:46', 1, 1, 1),
(422, '2023-05-11 21:45:02', 1, 1, 1),
(423, '2023-05-13 11:42:10', 1, 1, 1),
(424, '2023-05-14 03:25:02', 1, 1, 1),
(425, '2023-05-14 13:18:55', 1, 1, 1),
(426, '2023-05-15 05:30:49', 1, 1, 1),
(427, '2023-05-15 13:18:51', 1, 1, 1),
(428, '2023-05-15 18:56:49', 1, 1, 1),
(429, '2023-05-15 21:59:01', 1, 1, 1),
(430, '2023-05-16 03:33:58', 1, 1, 1),
(431, '2023-05-16 11:49:48', 1, 1, 1),
(432, '2023-05-16 14:29:15', 1, 1, 1),
(433, '2023-05-16 14:29:39', 0, 1, 1),
(434, '2023-05-16 14:30:25', 0, 1, 1),
(435, '2023-05-16 16:42:12', 1, 1, 1),
(436, '2023-05-16 16:42:31', 0, 1, 1),
(437, '2023-05-16 16:42:47', 0, 1, 1),
(438, '2023-05-17 13:50:34', 1, 1, 1),
(439, '2023-05-17 16:40:47', 1, 1, 1),
(440, '2023-05-18 09:58:59', 1, 1, 1),
(441, '2023-05-18 10:51:07', 1, 1, 1),
(442, '2023-05-18 12:37:44', 1, 1, 1),
(443, '2023-05-18 17:27:34', 1, 1, 1),
(444, '2023-05-18 21:01:05', 1, 1, 1),
(445, '2023-05-18 22:57:09', 1, 1, 1),
(446, '2023-05-19 04:52:04', 1, 1, 1),
(447, '2023-05-19 10:50:01', 1, 1, 1),
(448, '2023-05-19 22:43:51', 1, 1, 1),
(449, '2023-05-19 23:20:55', 1, 1, 1),
(450, '2023-05-19 23:45:38', 1, 1, 1),
(451, '2023-05-20 04:04:52', 1, 1, 1),
(452, '2023-05-20 11:46:06', 1, 1, 1),
(453, '2023-05-20 13:05:16', 1, 1, 1),
(454, '2023-05-20 22:47:57', 1, 1, 1),
(455, '2023-05-21 02:11:00', 1, 1, 1),
(456, '2023-05-21 02:36:02', 1, 1, 1),
(457, '2023-05-21 16:06:43', 1, 1, 1),
(458, '2023-05-21 17:22:06', 1, 1, 1),
(459, '2023-05-22 18:08:15', 1, 1, 1),
(460, '2023-05-22 20:26:48', 1, 1, 1),
(461, '2023-05-23 16:44:17', 1, 1, 1),
(462, '2023-05-24 06:14:57', 1, 1, 1),
(463, '2023-05-25 00:21:17', 1, 1, 1),
(464, '2023-05-25 06:31:02', 1, 1, 1),
(465, '2023-05-25 07:27:29', 1, 1, 1),
(466, '2023-05-25 14:39:13', 1, 1, 1),
(467, '2023-05-25 19:19:10', 1, 1, 1),
(468, '2023-05-26 05:57:31', 1, 1, 1),
(469, '2023-05-26 06:06:09', 1, 1, 1),
(470, '2023-05-26 09:55:56', 1, 1, 1),
(471, '2023-05-26 15:41:50', 1, 1, 1),
(472, '2023-05-26 16:08:32', 1, 1, 1),
(473, '2023-05-27 08:31:28', 1, 1, 1),
(474, '2023-05-27 14:47:07', 1, 1, 1),
(475, '2023-05-27 19:24:34', 1, 1, 1),
(476, '2023-05-27 20:25:36', 1, 1, 1),
(477, '2023-05-27 21:00:03', 1, 1, 1),
(478, '2023-05-28 02:51:21', 1, 1, 1),
(479, '2023-05-28 23:24:08', 1, 1, 1),
(480, '2023-05-29 02:56:48', 1, 1, 1),
(481, '2023-05-29 03:42:16', 1, 1, 1),
(482, '2023-05-29 12:57:29', 1, 1, 1),
(483, '2023-05-29 18:38:57', 1, 1, 1),
(484, '2023-05-30 08:25:35', 1, 1, 1),
(485, '2023-05-30 08:25:41', 1, 1, 1),
(486, '2023-05-30 17:48:42', 1, 1, 1),
(487, '2023-05-30 23:37:19', 1, 1, 1),
(488, '2023-05-31 03:12:39', 1, 1, 1),
(489, '2023-05-31 13:04:28', 1, 1, 1),
(490, '2023-05-31 20:12:53', 1, 1, 1),
(491, '2023-06-01 11:35:50', 1, 1, 1),
(492, '2023-06-01 11:40:00', 0, 1, 1),
(493, '2023-06-01 23:04:00', 1, 1, 1),
(494, '2023-06-01 23:29:22', 1, 1, 1),
(495, '2023-06-02 00:27:31', 1, 1, 1),
(496, '2023-06-02 00:38:10', 1, 1, 1),
(497, '2023-06-02 12:45:00', 1, 1, 1),
(498, '2023-06-02 12:55:57', 1, 1, 1),
(499, '2023-06-03 01:53:48', 1, 1, 1),
(500, '2023-06-03 09:05:29', 1, 1, 1),
(501, '2023-06-04 08:10:56', 1, 1, 1),
(502, '2023-06-04 18:51:47', 1, 1, 1),
(503, '2023-06-04 23:22:40', 1, 1, 1),
(504, '2023-06-05 03:52:09', 1, 1, 1),
(505, '2023-06-05 09:49:25', 1, 1, 1),
(506, '2023-06-05 11:41:47', 1, 1, 1),
(507, '2023-06-05 13:04:00', 1, 1, 1),
(508, '2023-06-05 15:54:10', 1, 1, 1),
(509, '2023-06-05 17:17:17', 1, 1, 1),
(510, '2023-06-05 21:30:47', 1, 1, 1),
(511, '2023-06-07 01:20:19', 1, 1, 1),
(512, '2023-06-07 07:20:59', 1, 1, 1),
(513, '2023-06-07 18:32:06', 1, 1, 1),
(514, '2023-06-07 21:25:48', 1, 1, 1),
(515, '2023-06-08 22:23:45', 1, 1, 1),
(516, '2023-06-09 00:00:42', 1, 1, 1),
(517, '2023-06-09 00:58:05', 1, 1, 1),
(518, '2023-06-09 16:02:51', 1, 1, 1),
(519, '2023-06-09 16:31:51', 1, 1, 1),
(520, '2023-06-12 08:22:45', 1, 1, 1),
(521, '2023-06-13 14:09:54', 1, 1, 1),
(522, '2023-06-14 04:45:59', 1, 1, 1),
(523, '2023-06-15 09:21:58', 1, 1, 1),
(524, '2023-06-15 13:11:55', 1, 1, 1),
(525, '2023-06-15 20:59:35', 1, 1, 1),
(526, '2023-06-17 04:18:20', 1, 1, 1),
(527, '2023-06-18 01:33:47', 1, 1, 1),
(528, '2023-06-18 03:54:34', 1, 1, 1),
(529, '2023-06-18 10:40:15', 1, 1, 1),
(530, '2023-06-19 04:02:18', 1, 1, 1),
(531, '2023-06-19 06:04:35', 1, 1, 1),
(532, '2023-06-19 07:42:40', 1, 1, 1),
(533, '2023-06-19 16:14:35', 1, 1, 1),
(534, '2023-06-19 19:22:57', 1, 1, 1),
(535, '2023-06-20 04:28:00', 1, 1, 1),
(536, '2023-06-20 07:16:49', 1, 1, 1),
(537, '2023-06-20 16:15:38', 1, 1, 1),
(538, '2023-06-20 22:02:00', 1, 1, 1),
(539, '2023-06-20 22:02:22', 0, 1, 1),
(540, '2023-06-20 22:02:37', 0, 1, 1),
(541, '2023-06-21 12:11:58', 1, 1, 1),
(542, '2023-06-21 20:55:39', 1, 1, 1),
(543, '2023-06-21 20:55:52', 0, 1, 1),
(544, '2023-06-21 20:56:24', 0, 1, 1),
(545, '2023-06-22 15:22:15', 1, 1, 1),
(546, '2023-06-22 15:50:13', 1, 1, 1),
(547, '2023-06-22 17:46:02', 1, 1, 1),
(548, '2023-06-23 00:08:10', 1, 1, 1),
(549, '2023-06-23 01:21:57', 1, 1, 1),
(550, '2023-06-23 01:22:25', 0, 1, 1),
(551, '2023-06-23 01:22:50', 0, 1, 1),
(552, '2023-06-23 07:18:29', 1, 1, 1),
(553, '2023-06-23 14:43:00', 1, 1, 1),
(554, '2023-06-23 17:54:02', 1, 1, 1),
(555, '2023-06-24 01:22:18', 1, 1, 1),
(556, '2023-06-24 07:56:52', 1, 1, 1),
(557, '2023-06-24 15:21:34', 1, 1, 1),
(558, '2023-06-24 15:26:13', 1, 1, 1),
(559, '2023-06-25 13:55:46', 1, 1, 1),
(560, '2023-06-25 17:14:35', 1, 1, 1),
(561, '2023-06-25 19:24:55', 1, 1, 1),
(562, '2023-06-26 02:48:27', 1, 1, 1),
(563, '2023-06-26 07:20:45', 1, 1, 1),
(564, '2023-06-26 18:35:57', 1, 1, 1),
(565, '2023-06-27 02:55:34', 1, 1, 1),
(566, '2023-06-27 04:25:38', 1, 1, 1),
(567, '2023-06-27 07:49:42', 1, 1, 1),
(568, '2023-06-27 08:10:14', 1, 1, 1),
(569, '2023-06-27 15:56:39', 1, 1, 1),
(570, '2023-06-27 22:11:59', 1, 1, 1),
(571, '2023-06-28 15:06:22', 1, 1, 1),
(572, '2023-06-28 16:16:24', 1, 1, 1),
(573, '2023-06-29 04:03:46', 1, 1, 1),
(574, '2023-06-29 08:08:11', 1, 1, 1),
(575, '2023-06-29 08:13:20', 0, 1, 1),
(576, '2023-06-29 08:39:46', 1, 1, 1),
(577, '2023-06-29 18:30:56', 1, 1, 1),
(578, '2023-06-29 20:50:15', 1, 1, 1),
(579, '2023-06-29 21:12:29', 1, 1, 1),
(580, '2023-06-29 21:16:03', 1, 1, 1),
(581, '2023-06-29 21:17:55', 0, 1, 1),
(582, '2023-06-29 21:38:29', 1, 1, 1),
(583, '2023-06-30 13:04:23', 1, 1, 1),
(584, '2023-06-30 13:04:34', 0, 1, 1),
(585, '2023-06-30 22:57:26', 1, 1, 1),
(586, '2023-07-01 03:18:01', 1, 1, 1),
(587, '2023-07-01 04:24:53', 1, 1, 1),
(588, '2023-07-01 08:11:56', 1, 1, 1),
(589, '2023-07-01 10:20:12', 1, 1, 1),
(590, '2023-07-01 14:52:43', 1, 1, 1),
(591, '2023-07-02 07:28:56', 1, 1, 1),
(592, '2023-07-02 11:19:54', 1, 1, 1),
(593, '2023-07-02 13:45:39', 1, 1, 1),
(594, '2023-07-02 18:05:32', 1, 1, 1),
(595, '2023-07-02 20:25:45', 1, 1, 1),
(596, '2023-07-03 22:25:58', 1, 1, 1),
(597, '2023-07-04 01:18:46', 1, 1, 1),
(598, '2023-07-04 14:40:33', 1, 1, 1),
(599, '2023-07-05 11:25:01', 1, 1, 1),
(600, '2023-07-06 13:45:54', 1, 1, 1),
(601, '2023-07-07 08:53:33', 1, 1, 1),
(602, '2023-07-07 22:27:52', 1, 1, 1),
(603, '2023-07-08 02:45:08', 1, 1, 1),
(604, '2023-07-08 08:12:43', 1, 1, 1),
(605, '2023-07-08 20:09:09', 1, 1, 1),
(606, '2023-07-08 20:09:48', 0, 1, 1),
(607, '2023-07-08 20:26:39', 1, 1, 1),
(608, '2023-07-08 21:37:00', 1, 1, 1),
(609, '2023-07-09 13:21:56', 1, 1, 1),
(610, '2023-07-09 18:04:37', 1, 1, 1),
(611, '2023-07-09 19:14:00', 1, 1, 1),
(612, '2023-07-09 20:02:26', 1, 1, 1),
(613, '2023-07-10 21:39:07', 1, 1, 1),
(614, '2023-07-11 20:47:59', 1, 1, 1),
(615, '2023-07-11 21:08:53', 1, 1, 1),
(616, '2023-07-12 17:49:15', 1, 1, 1),
(617, '2023-07-12 23:26:00', 1, 1, 1),
(618, '2023-07-13 03:46:41', 1, 1, 1),
(619, '2023-07-13 13:14:44', 1, 1, 1),
(620, '2023-07-13 17:39:10', 1, 1, 1),
(621, '2023-07-13 17:39:25', 0, 1, 1),
(622, '2023-07-13 17:39:54', 0, 1, 1),
(623, '2023-07-13 17:40:55', 0, 1, 1),
(624, '2023-07-13 17:43:01', 1, 1, 1),
(625, '2023-07-13 17:43:13', 0, 1, 1),
(626, '2023-07-13 17:43:19', 0, 1, 1),
(627, '2023-07-13 17:43:45', 0, 1, 1),
(628, '2023-07-13 18:15:54', 0, 1, 1),
(629, '2023-07-13 22:22:28', 1, 1, 1),
(630, '2023-07-14 04:46:28', 1, 1, 1),
(631, '2023-07-14 19:38:51', 1, 1, 1),
(632, '2023-07-15 20:19:38', 1, 1, 1),
(633, '2023-07-15 21:30:43', 1, 1, 1),
(634, '2023-07-16 19:52:52', 1, 1, 1),
(635, '2023-07-17 01:52:26', 1, 1, 1),
(636, '2023-07-17 01:52:54', 0, 1, 1),
(637, '2023-07-17 01:53:10', 0, 1, 1),
(638, '2023-07-17 18:10:49', 1, 1, 1),
(639, '2023-07-17 19:51:08', 1, 1, 1),
(640, '2023-07-18 11:24:20', 1, 1, 1),
(641, '2023-07-18 11:35:21', 1, 1, 1),
(642, '2023-07-18 14:26:36', 1, 1, 1),
(643, '2023-07-18 17:51:23', 1, 1, 1),
(644, '2023-07-18 18:23:17', 1, 1, 1),
(645, '2023-07-19 15:26:04', 1, 1, 1),
(646, '2023-07-19 16:23:45', 1, 1, 1),
(647, '2023-07-19 22:34:13', 1, 1, 1),
(648, '2023-07-20 01:06:44', 1, 1, 1),
(649, '2023-07-20 07:02:08', 1, 1, 1),
(650, '2023-07-20 20:51:08', 1, 1, 1),
(651, '2023-07-20 21:16:40', 1, 1, 1),
(652, '2023-07-21 01:27:15', 1, 1, 1),
(653, '2023-07-21 02:31:56', 1, 1, 1),
(654, '2023-07-21 23:47:38', 1, 1, 1),
(655, '2023-07-22 08:05:23', 1, 1, 1),
(656, '2023-07-22 08:44:32', 1, 1, 1),
(657, '2023-07-22 11:01:08', 1, 1, 1),
(658, '2023-07-22 17:45:59', 1, 1, 1),
(659, '2023-07-22 19:49:06', 1, 1, 1),
(660, '2023-07-23 00:56:02', 1, 1, 1),
(661, '2023-07-23 04:36:05', 1, 1, 1),
(662, '2023-07-23 09:49:51', 1, 1, 1),
(663, '2023-07-23 12:31:50', 1, 1, 1),
(664, '2023-07-23 14:14:06', 1, 1, 1),
(665, '2023-07-23 14:34:16', 1, 1, 1),
(666, '2023-07-23 16:49:49', 1, 1, 1),
(667, '2023-07-23 19:47:38', 1, 1, 1),
(668, '2023-07-23 19:48:03', 0, 1, 1),
(669, '2023-07-23 19:48:42', 0, 1, 1),
(670, '2023-07-23 19:48:56', 0, 1, 1),
(671, '2023-07-24 15:22:44', 1, 1, 1),
(672, '2023-07-24 18:06:08', 1, 1, 1),
(673, '2023-07-24 18:48:29', 1, 1, 1),
(674, '2023-07-25 00:46:04', 1, 1, 1),
(675, '2023-07-25 01:21:00', 1, 1, 1);

-- --------------------------------------------------------

--
-- Table structure for table `ahc_visits_time`
--

CREATE TABLE `ahc_visits_time` (
  `vtm_id` int(11) UNSIGNED NOT NULL,
  `vtm_time_from` time NOT NULL,
  `vtm_time_to` time NOT NULL,
  `vtm_visitors` int(11) UNSIGNED NOT NULL DEFAULT 0,
  `vtm_visits` int(11) UNSIGNED NOT NULL DEFAULT 0,
  `site_id` int(11) NOT NULL DEFAULT 1
) ENGINE=MyISAM DEFAULT CHARSET=utf8mb3 COLLATE=utf8mb3_general_ci;

--
-- Dumping data for table `ahc_visits_time`
--

INSERT INTO `ahc_visits_time` (`vtm_id`, `vtm_time_from`, `vtm_time_to`, `vtm_visitors`, `vtm_visits`, `site_id`) VALUES
(1, '00:00:00', '00:59:59', 25, 31, 1),
(2, '01:00:00', '01:59:59', 25, 32, 1),
(3, '02:00:00', '02:59:59', 25, 27, 1),
(4, '03:00:00', '03:59:59', 19, 21, 1),
(5, '04:00:00', '04:59:59', 26, 28, 1),
(6, '05:00:00', '05:59:59', 18, 18, 1),
(7, '06:00:00', '06:59:59', 18, 18, 1),
(8, '07:00:00', '07:59:59', 29, 32, 1),
(9, '08:00:00', '08:59:59', 24, 45, 1),
(10, '09:00:00', '09:59:59', 16, 16, 1),
(11, '10:00:00', '10:59:59', 16, 16, 1),
(12, '11:00:00', '11:59:59', 17, 18, 1),
(13, '12:00:00', '12:59:59', 15, 15, 1),
(14, '13:00:00', '13:59:59', 26, 27, 1),
(15, '14:00:00', '14:59:59', 19, 24, 1),
(16, '15:00:00', '15:59:59', 27, 29, 1),
(17, '16:00:00', '16:59:59', 31, 35, 1),
(18, '17:00:00', '17:59:59', 24, 37, 1),
(19, '18:00:00', '18:59:59', 23, 33, 1),
(20, '19:00:00', '19:59:59', 25, 32, 1),
(21, '20:00:00', '20:59:59', 28, 33, 1),
(22, '21:00:00', '21:59:59', 36, 49, 1),
(23, '22:00:00', '22:59:59', 30, 34, 1),
(24, '23:00:00', '23:59:59', 24, 25, 1);

-- --------------------------------------------------------

--
-- Table structure for table `wp_actionscheduler_actions`
--

CREATE TABLE `wp_actionscheduler_actions` (
  `action_id` bigint(20) UNSIGNED NOT NULL,
  `hook` varchar(191) NOT NULL,
  `status` varchar(20) NOT NULL,
  `scheduled_date_gmt` datetime DEFAULT '0000-00-00 00:00:00',
  `scheduled_date_local` datetime DEFAULT '0000-00-00 00:00:00',
  `args` varchar(191) DEFAULT NULL,
  `schedule` longtext DEFAULT NULL,
  `group_id` bigint(20) UNSIGNED NOT NULL DEFAULT 0,
  `attempts` int(11) NOT NULL DEFAULT 0,
  `last_attempt_gmt` datetime DEFAULT '0000-00-00 00:00:00',
  `last_attempt_local` datetime DEFAULT '0000-00-00 00:00:00',
  `claim_id` bigint(20) UNSIGNED NOT NULL DEFAULT 0,
  `extended_args` varchar(8000) DEFAULT NULL,
  `priority` tinyint(3) UNSIGNED NOT NULL DEFAULT 10
) ENGINE=MyISAM DEFAULT CHARSET=utf8mb4 COLLATE=utf8mb4_unicode_ci;

--
-- Dumping data for table `wp_actionscheduler_actions`
--

INSERT INTO `wp_actionscheduler_actions` (`action_id`, `hook`, `status`, `scheduled_date_gmt`, `scheduled_date_local`, `args`, `schedule`, `group_id`, `attempts`, `last_attempt_gmt`, `last_attempt_local`, `claim_id`, `extended_args`, `priority`) VALUES
(2861, 'wpforms_process_entry_emails_meta_cleanup', 'failed', '2020-08-07 04:29:46', '2020-08-07 04:29:46', '{\"tasks_meta_id\":1}', 'O:32:\"ActionScheduler_IntervalSchedule\":5:{s:22:\"\0*\0scheduled_timestamp\";i:1596774586;s:18:\"\0*\0first_timestamp\";i:1585872000;s:13:\"\0*\0recurrence\";i:86400;s:49:\"\0ActionScheduler_IntervalSchedule\0start_timestamp\";i:1596774586;s:53:\"\0ActionScheduler_IntervalSchedule\0interval_in_seconds\";i:86400;}', 2, 1, '2020-08-06 09:01:35', '2020-08-06 00:01:35', 0, NULL, 10),
(57736, 'wp_mail_smtp_admin_notifications_update', 'complete', '2024-07-14 11:14:53', '2024-07-14 07:14:53', '[5]', 'O:32:\"ActionScheduler_IntervalSchedule\":5:{s:22:\"\0*\0scheduled_timestamp\";i:1720955693;s:18:\"\0*\0first_timestamp\";i:1696112641;s:13:\"\0*\0recurrence\";i:86400;s:49:\"\0ActionScheduler_IntervalSchedule\0start_timestamp\";i:1720955693;s:53:\"\0ActionScheduler_IntervalSchedule\0interval_in_seconds\";i:86400;}', 3, 1, '2024-07-14 11:22:26', '2024-07-14 07:22:26', 0, NULL, 10),
(59617, 'aioseo_image_sitemap_scan', 'pending', '2024-08-12 03:42:38', '2024-08-11 23:42:38', '[]', 'O:30:\"ActionScheduler_SimpleSchedule\":2:{s:22:\"\0*\0scheduled_timestamp\";i:1723434158;s:41:\"\0ActionScheduler_SimpleSchedule\0timestamp\";i:1723434158;}', 4, 0, '0000-00-00 00:00:00', '0000-00-00 00:00:00', 0, NULL, 10),
(58901, 'wp_mail_smtp_admin_notifications_update', 'complete', '2024-08-02 19:45:50', '2024-08-02 15:45:50', '[5]', 'O:32:\"ActionScheduler_IntervalSchedule\":5:{s:22:\"\0*\0scheduled_timestamp\";i:1722627950;s:18:\"\0*\0first_timestamp\";i:1696112641;s:13:\"\0*\0recurrence\";i:86400;s:49:\"\0ActionScheduler_IntervalSchedule\0start_timestamp\";i:1722627950;s:53:\"\0ActionScheduler_IntervalSchedule\0interval_in_seconds\";i:86400;}', 3, 1, '2024-08-02 20:13:50', '2024-08-02 16:13:50', 0, NULL, 10),
(58679, 'wp_mail_smtp_admin_notifications_update', 'complete', '2024-07-30 17:44:09', '2024-07-30 13:44:09', '[5]', 'O:32:\"ActionScheduler_IntervalSchedule\":5:{s:22:\"\0*\0scheduled_timestamp\";i:1722361449;s:18:\"\0*\0first_timestamp\";i:1696112641;s:13:\"\0*\0recurrence\";i:86400;s:49:\"\0ActionScheduler_IntervalSchedule\0start_timestamp\";i:1722361449;s:53:\"\0ActionScheduler_IntervalSchedule\0interval_in_seconds\";i:86400;}', 3, 1, '2024-07-30 17:44:56', '2024-07-30 13:44:56', 0, NULL, 10),
(58435, 'wp_mail_smtp_admin_notifications_update', 'complete', '2024-07-25 14:12:34', '2024-07-25 10:12:34', '[5]', 'O:32:\"ActionScheduler_IntervalSchedule\":5:{s:22:\"\0*\0scheduled_timestamp\";i:1721916754;s:18:\"\0*\0first_timestamp\";i:1696112641;s:13:\"\0*\0recurrence\";i:86400;s:49:\"\0ActionScheduler_IntervalSchedule\0start_timestamp\";i:1721916754;s:53:\"\0ActionScheduler_IntervalSchedule\0interval_in_seconds\";i:86400;}', 3, 1, '2024-07-25 14:12:56', '2024-07-25 10:12:56', 0, NULL, 10),
(58769, 'wp_mail_smtp_summary_report_email', 'complete', '2024-08-06 21:57:10', '2024-08-06 17:57:10', '[1]', 'O:32:\"ActionScheduler_IntervalSchedule\":5:{s:22:\"\0*\0scheduled_timestamp\";i:1722981430;s:18:\"\0*\0first_timestamp\";i:1649113200;s:13:\"\0*\0recurrence\";i:604800;s:49:\"\0ActionScheduler_IntervalSchedule\0start_timestamp\";i:1722981430;s:53:\"\0ActionScheduler_IntervalSchedule\0interval_in_seconds\";i:604800;}', 3, 1, '2024-08-06 21:58:25', '2024-08-06 17:58:25', 0, NULL, 10),
(57864, 'wp_mail_smtp_admin_notifications_update', 'complete', '2024-07-18 14:03:20', '2024-07-18 10:03:20', '[5]', 'O:32:\"ActionScheduler_IntervalSchedule\":5:{s:22:\"\0*\0scheduled_timestamp\";i:1721311400;s:18:\"\0*\0first_timestamp\";i:1696112641;s:13:\"\0*\0recurrence\";i:86400;s:49:\"\0ActionScheduler_IntervalSchedule\0start_timestamp\";i:1721311400;s:53:\"\0ActionScheduler_IntervalSchedule\0interval_in_seconds\";i:86400;}', 3, 1, '2024-07-18 14:04:30', '2024-07-18 10:04:30', 0, NULL, 10),
(58242, 'wp_mail_smtp_admin_notifications_update', 'complete', '2024-07-22 14:05:44', '2024-07-22 10:05:44', '[5]', 'O:32:\"ActionScheduler_IntervalSchedule\":5:{s:22:\"\0*\0scheduled_timestamp\";i:1721657144;s:18:\"\0*\0first_timestamp\";i:1696112641;s:13:\"\0*\0recurrence\";i:86400;s:49:\"\0ActionScheduler_IntervalSchedule\0start_timestamp\";i:1721657144;s:53:\"\0ActionScheduler_IntervalSchedule\0interval_in_seconds\";i:86400;}', 3, 1, '2024-07-22 14:06:02', '2024-07-22 10:06:02', 0, NULL, 10),
(57828, 'wp_mail_smtp_summary_report_email', 'complete', '2024-07-23 21:19:42', '2024-07-23 17:19:42', '[1]', 'O:32:\"ActionScheduler_IntervalSchedule\":5:{s:22:\"\0*\0scheduled_timestamp\";i:1721769582;s:18:\"\0*\0first_timestamp\";i:1649113200;s:13:\"\0*\0recurrence\";i:604800;s:49:\"\0ActionScheduler_IntervalSchedule\0start_timestamp\";i:1721769582;s:53:\"\0ActionScheduler_IntervalSchedule\0interval_in_seconds\";i:604800;}', 3, 1, '2024-07-23 21:57:07', '2024-07-23 17:57:07', 0, NULL, 10),
(59317, 'wp_mail_smtp_admin_notifications_update', 'complete', '2024-08-08 20:33:35', '2024-08-08 16:33:35', '[5]', 'O:32:\"ActionScheduler_IntervalSchedule\":5:{s:22:\"\0*\0scheduled_timestamp\";i:1723149215;s:18:\"\0*\0first_timestamp\";i:1696112641;s:13:\"\0*\0recurrence\";i:86400;s:49:\"\0ActionScheduler_IntervalSchedule\0start_timestamp\";i:1723149215;s:53:\"\0ActionScheduler_IntervalSchedule\0interval_in_seconds\";i:86400;}', 3, 1, '2024-08-08 20:44:49', '2024-08-08 16:44:49', 0, NULL, 10),
(58581, 'wp_mail_smtp_admin_notifications_update', 'complete', '2024-07-27 16:29:20', '2024-07-27 12:29:20', '[5]', 'O:32:\"ActionScheduler_IntervalSchedule\":5:{s:22:\"\0*\0scheduled_timestamp\";i:1722097760;s:18:\"\0*\0first_timestamp\";i:1696112641;s:13:\"\0*\0recurrence\";i:86400;s:49:\"\0ActionScheduler_IntervalSchedule\0start_timestamp\";i:1722097760;s:53:\"\0ActionScheduler_IntervalSchedule\0interval_in_seconds\";i:86400;}', 3, 1, '2024-07-27 16:45:33', '2024-07-27 12:45:33', 0, NULL, 10),
(58629, 'wp_mail_smtp_admin_notifications_update', 'complete', '2024-07-29 17:42:43', '2024-07-29 13:42:43', '[5]', 'O:32:\"ActionScheduler_IntervalSchedule\":5:{s:22:\"\0*\0scheduled_timestamp\";i:1722274963;s:18:\"\0*\0first_timestamp\";i:1696112641;s:13:\"\0*\0recurrence\";i:86400;s:49:\"\0ActionScheduler_IntervalSchedule\0start_timestamp\";i:1722274963;s:53:\"\0ActionScheduler_IntervalSchedule\0interval_in_seconds\";i:86400;}', 3, 1, '2024-07-29 17:44:09', '2024-07-29 13:44:09', 0, NULL, 10),
(58390, 'wp_mail_smtp_admin_notifications_update', 'complete', '2024-07-24 14:06:47', '2024-07-24 10:06:47', '[5]', 'O:32:\"ActionScheduler_IntervalSchedule\":5:{s:22:\"\0*\0scheduled_timestamp\";i:1721830007;s:18:\"\0*\0first_timestamp\";i:1696112641;s:13:\"\0*\0recurrence\";i:86400;s:49:\"\0ActionScheduler_IntervalSchedule\0start_timestamp\";i:1721830007;s:53:\"\0ActionScheduler_IntervalSchedule\0interval_in_seconds\";i:86400;}', 3, 1, '2024-07-24 14:12:34', '2024-07-24 10:12:34', 0, NULL, 10),
(58053, 'wp_mail_smtp_admin_notifications_update', 'complete', '2024-07-20 14:04:58', '2024-07-20 10:04:58', '[5]', 'O:32:\"ActionScheduler_IntervalSchedule\":5:{s:22:\"\0*\0scheduled_timestamp\";i:1721484298;s:18:\"\0*\0first_timestamp\";i:1696112641;s:13:\"\0*\0recurrence\";i:86400;s:49:\"\0ActionScheduler_IntervalSchedule\0start_timestamp\";i:1721484298;s:53:\"\0ActionScheduler_IntervalSchedule\0interval_in_seconds\";i:86400;}', 3, 1, '2024-07-20 14:04:58', '2024-07-20 10:04:58', 0, NULL, 10),
(58528, 'wp_mail_smtp_admin_notifications_update', 'complete', '2024-07-26 14:12:56', '2024-07-26 10:12:56', '[5]', 'O:32:\"ActionScheduler_IntervalSchedule\":5:{s:22:\"\0*\0scheduled_timestamp\";i:1722003176;s:18:\"\0*\0first_timestamp\";i:1696112641;s:13:\"\0*\0recurrence\";i:86400;s:49:\"\0ActionScheduler_IntervalSchedule\0start_timestamp\";i:1722003176;s:53:\"\0ActionScheduler_IntervalSchedule\0interval_in_seconds\";i:86400;}', 3, 1, '2024-07-26 16:29:20', '2024-07-26 12:29:20', 0, NULL, 10),
(57958, 'wp_mail_smtp_admin_notifications_update', 'complete', '2024-07-19 14:04:30', '2024-07-19 10:04:30', '[5]', 'O:32:\"ActionScheduler_IntervalSchedule\":5:{s:22:\"\0*\0scheduled_timestamp\";i:1721397870;s:18:\"\0*\0first_timestamp\";i:1696112641;s:13:\"\0*\0recurrence\";i:86400;s:49:\"\0ActionScheduler_IntervalSchedule\0start_timestamp\";i:1721397870;s:53:\"\0ActionScheduler_IntervalSchedule\0interval_in_seconds\";i:86400;}', 3, 1, '2024-07-19 14:04:58', '2024-07-19 10:04:58', 0, NULL, 10),
(58752, 'wp_mail_smtp_admin_notifications_update', 'complete', '2024-07-31 17:44:56', '2024-07-31 13:44:56', '[5]', 'O:32:\"ActionScheduler_IntervalSchedule\":5:{s:22:\"\0*\0scheduled_timestamp\";i:1722447896;s:18:\"\0*\0first_timestamp\";i:1696112641;s:13:\"\0*\0recurrence\";i:86400;s:49:\"\0ActionScheduler_IntervalSchedule\0start_timestamp\";i:1722447896;s:53:\"\0ActionScheduler_IntervalSchedule\0interval_in_seconds\";i:86400;}', 3, 1, '2024-07-31 17:44:58', '2024-07-31 13:44:58', 0, NULL, 10),
(57818, 'wp_mail_smtp_admin_notifications_update', 'complete', '2024-07-17 14:02:26', '2024-07-17 10:02:26', '[5]', 'O:32:\"ActionScheduler_IntervalSchedule\":5:{s:22:\"\0*\0scheduled_timestamp\";i:1721224946;s:18:\"\0*\0first_timestamp\";i:1696112641;s:13:\"\0*\0recurrence\";i:86400;s:49:\"\0ActionScheduler_IntervalSchedule\0start_timestamp\";i:1721224946;s:53:\"\0ActionScheduler_IntervalSchedule\0interval_in_seconds\";i:86400;}', 3, 1, '2024-07-17 14:03:20', '2024-07-17 10:03:20', 0, NULL, 10),
(57764, 'wp_mail_smtp_admin_notifications_update', 'complete', '2024-07-15 11:22:26', '2024-07-15 07:22:26', '[5]', 'O:32:\"ActionScheduler_IntervalSchedule\":5:{s:22:\"\0*\0scheduled_timestamp\";i:1721042546;s:18:\"\0*\0first_timestamp\";i:1696112641;s:13:\"\0*\0recurrence\";i:86400;s:49:\"\0ActionScheduler_IntervalSchedule\0start_timestamp\";i:1721042546;s:53:\"\0ActionScheduler_IntervalSchedule\0interval_in_seconds\";i:86400;}', 3, 1, '2024-07-15 12:33:13', '2024-07-15 08:33:13', 0, NULL, 10),
(59606, 'aioseo_send_usage_data', 'pending', '2024-08-19 00:47:29', '2024-08-18 20:47:29', '[]', 'O:32:\"ActionScheduler_IntervalSchedule\":5:{s:22:\"\0*\0scheduled_timestamp\";i:1724028449;s:18:\"\0*\0first_timestamp\";i:1663869619;s:13:\"\0*\0recurrence\";i:604800;s:49:\"\0ActionScheduler_IntervalSchedule\0start_timestamp\";i:1724028449;s:53:\"\0ActionScheduler_IntervalSchedule\0interval_in_seconds\";i:604800;}', 4, 0, '0000-00-00 00:00:00', '0000-00-00 00:00:00', 0, NULL, 10),
(58325, 'wp_mail_smtp_admin_notifications_update', 'complete', '2024-07-23 14:06:02', '2024-07-23 10:06:02', '[5]', 'O:32:\"ActionScheduler_IntervalSchedule\":5:{s:22:\"\0*\0scheduled_timestamp\";i:1721743562;s:18:\"\0*\0first_timestamp\";i:1696112641;s:13:\"\0*\0recurrence\";i:86400;s:49:\"\0ActionScheduler_IntervalSchedule\0start_timestamp\";i:1721743562;s:53:\"\0ActionScheduler_IntervalSchedule\0interval_in_seconds\";i:86400;}', 3, 1, '2024-07-23 14:06:47', '2024-07-23 10:06:47', 0, NULL, 10),
(59616, 'aioseo_image_sitemap_scan', 'complete', '2024-08-12 03:26:36', '2024-08-11 23:26:36', '[]', 'O:30:\"ActionScheduler_SimpleSchedule\":2:{s:22:\"\0*\0scheduled_timestamp\";i:1723433196;s:41:\"\0ActionScheduler_SimpleSchedule\0timestamp\";i:1723433196;}', 4, 1, '2024-08-12 03:27:38', '2024-08-11 23:27:38', 0, NULL, 10),
(59591, 'aioseo_cache_prune', 'pending', '2024-08-12 21:23:41', '2024-08-12 17:23:41', '[]', 'O:32:\"ActionScheduler_IntervalSchedule\":5:{s:22:\"\0*\0scheduled_timestamp\";i:1723497821;s:18:\"\0*\0first_timestamp\";i:1648655281;s:13:\"\0*\0recurrence\";i:86400;s:49:\"\0ActionScheduler_IntervalSchedule\0start_timestamp\";i:1723497821;s:53:\"\0ActionScheduler_IntervalSchedule\0interval_in_seconds\";i:86400;}', 4, 0, '0000-00-00 00:00:00', '0000-00-00 00:00:00', 0, NULL, 10),
(59002, 'wp_mail_smtp_admin_notifications_update', 'complete', '2024-08-04 20:13:57', '2024-08-04 16:13:57', '[5]', 'O:32:\"ActionScheduler_IntervalSchedule\":5:{s:22:\"\0*\0scheduled_timestamp\";i:1722802437;s:18:\"\0*\0first_timestamp\";i:1696112641;s:13:\"\0*\0recurrence\";i:86400;s:49:\"\0ActionScheduler_IntervalSchedule\0start_timestamp\";i:1722802437;s:53:\"\0ActionScheduler_IntervalSchedule\0interval_in_seconds\";i:86400;}', 3, 1, '2024-08-04 20:15:15', '2024-08-04 16:15:15', 0, NULL, 10),
(58915, 'wp_mail_smtp_admin_notifications_update', 'complete', '2024-08-03 20:13:50', '2024-08-03 16:13:50', '[5]', 'O:32:\"ActionScheduler_IntervalSchedule\":5:{s:22:\"\0*\0scheduled_timestamp\";i:1722716030;s:18:\"\0*\0first_timestamp\";i:1696112641;s:13:\"\0*\0recurrence\";i:86400;s:49:\"\0ActionScheduler_IntervalSchedule\0start_timestamp\";i:1722716030;s:53:\"\0ActionScheduler_IntervalSchedule\0interval_in_seconds\";i:86400;}', 3, 1, '2024-08-03 20:13:57', '2024-08-03 16:13:57', 0, NULL, 10),
(57680, 'wp_mail_smtp_admin_notifications_update', 'complete', '2024-07-12 08:08:13', '2024-07-12 04:08:13', '[5]', 'O:32:\"ActionScheduler_IntervalSchedule\":5:{s:22:\"\0*\0scheduled_timestamp\";i:1720771693;s:18:\"\0*\0first_timestamp\";i:1696112641;s:13:\"\0*\0recurrence\";i:86400;s:49:\"\0ActionScheduler_IntervalSchedule\0start_timestamp\";i:1720771693;s:53:\"\0ActionScheduler_IntervalSchedule\0interval_in_seconds\";i:86400;}', 3, 1, '2024-07-12 10:01:20', '2024-07-12 06:01:20', 0, NULL, 10),
(59268, 'wp_mail_smtp_admin_notifications_update', 'complete', '2024-08-07 20:25:36', '2024-08-07 16:25:36', '[5]', 'O:32:\"ActionScheduler_IntervalSchedule\":5:{s:22:\"\0*\0scheduled_timestamp\";i:1723062336;s:18:\"\0*\0first_timestamp\";i:1696112641;s:13:\"\0*\0recurrence\";i:86400;s:49:\"\0ActionScheduler_IntervalSchedule\0start_timestamp\";i:1723062336;s:53:\"\0ActionScheduler_IntervalSchedule\0interval_in_seconds\";i:86400;}', 3, 1, '2024-08-07 20:33:35', '2024-08-07 16:33:35', 0, NULL, 10),
(59188, 'wp_mail_smtp_admin_notifications_update', 'complete', '2024-08-06 20:15:34', '2024-08-06 16:15:34', '[5]', 'O:32:\"ActionScheduler_IntervalSchedule\":5:{s:22:\"\0*\0scheduled_timestamp\";i:1722975334;s:18:\"\0*\0first_timestamp\";i:1696112641;s:13:\"\0*\0recurrence\";i:86400;s:49:\"\0ActionScheduler_IntervalSchedule\0start_timestamp\";i:1722975334;s:53:\"\0ActionScheduler_IntervalSchedule\0interval_in_seconds\";i:86400;}', 3, 1, '2024-08-06 20:25:36', '2024-08-06 16:25:36', 0, NULL, 10),
(58836, 'wp_mail_smtp_admin_notifications_update', 'complete', '2024-08-01 17:44:58', '2024-08-01 13:44:58', '[5]', 'O:32:\"ActionScheduler_IntervalSchedule\":5:{s:22:\"\0*\0scheduled_timestamp\";i:1722534298;s:18:\"\0*\0first_timestamp\";i:1696112641;s:13:\"\0*\0recurrence\";i:86400;s:49:\"\0ActionScheduler_IntervalSchedule\0start_timestamp\";i:1722534298;s:53:\"\0ActionScheduler_IntervalSchedule\0interval_in_seconds\";i:86400;}', 3, 1, '2024-08-01 19:45:50', '2024-08-01 15:45:50', 0, NULL, 10),
(57712, 'wp_mail_smtp_admin_notifications_update', 'complete', '2024-07-13 10:01:20', '2024-07-13 06:01:20', '[5]', 'O:32:\"ActionScheduler_IntervalSchedule\":5:{s:22:\"\0*\0scheduled_timestamp\";i:1720864880;s:18:\"\0*\0first_timestamp\";i:1696112641;s:13:\"\0*\0recurrence\";i:86400;s:49:\"\0ActionScheduler_IntervalSchedule\0start_timestamp\";i:1720864880;s:53:\"\0ActionScheduler_IntervalSchedule\0interval_in_seconds\";i:86400;}', 3, 1, '2024-07-13 11:14:53', '2024-07-13 07:14:53', 0, NULL, 10),
(59592, 'wp_mail_smtp_admin_notifications_update', 'pending', '2024-08-12 21:23:41', '2024-08-12 17:23:41', '[5]', 'O:32:\"ActionScheduler_IntervalSchedule\":5:{s:22:\"\0*\0scheduled_timestamp\";i:1723497821;s:18:\"\0*\0first_timestamp\";i:1696112641;s:13:\"\0*\0recurrence\";i:86400;s:49:\"\0ActionScheduler_IntervalSchedule\0start_timestamp\";i:1723497821;s:53:\"\0ActionScheduler_IntervalSchedule\0interval_in_seconds\";i:86400;}', 3, 0, '0000-00-00 00:00:00', '0000-00-00 00:00:00', 0, NULL, 10),
(59095, 'wp_mail_smtp_admin_notifications_update', 'complete', '2024-08-05 20:15:15', '2024-08-05 16:15:15', '[5]', 'O:32:\"ActionScheduler_IntervalSchedule\":5:{s:22:\"\0*\0scheduled_timestamp\";i:1722888915;s:18:\"\0*\0first_timestamp\";i:1696112641;s:13:\"\0*\0recurrence\";i:86400;s:49:\"\0ActionScheduler_IntervalSchedule\0start_timestamp\";i:1722888915;s:53:\"\0ActionScheduler_IntervalSchedule\0interval_in_seconds\";i:86400;}', 3, 1, '2024-08-05 20:15:34', '2024-08-05 16:15:34', 0, NULL, 10),
(59275, 'wp_mail_smtp_summary_report_email', 'pending', '2024-08-13 21:58:25', '2024-08-13 17:58:25', '[1]', 'O:32:\"ActionScheduler_IntervalSchedule\":5:{s:22:\"\0*\0scheduled_timestamp\";i:1723586305;s:18:\"\0*\0first_timestamp\";i:1649113200;s:13:\"\0*\0recurrence\";i:604800;s:49:\"\0ActionScheduler_IntervalSchedule\0start_timestamp\";i:1723586305;s:53:\"\0ActionScheduler_IntervalSchedule\0interval_in_seconds\";i:604800;}', 3, 0, '0000-00-00 00:00:00', '0000-00-00 00:00:00', 0, NULL, 10),
(57790, 'wp_mail_smtp_admin_notifications_update', 'complete', '2024-07-16 12:33:13', '2024-07-16 08:33:13', '[5]', 'O:32:\"ActionScheduler_IntervalSchedule\":5:{s:22:\"\0*\0scheduled_timestamp\";i:1721133193;s:18:\"\0*\0first_timestamp\";i:1696112641;s:13:\"\0*\0recurrence\";i:86400;s:49:\"\0ActionScheduler_IntervalSchedule\0start_timestamp\";i:1721133193;s:53:\"\0ActionScheduler_IntervalSchedule\0interval_in_seconds\";i:86400;}', 3, 1, '2024-07-16 14:02:26', '2024-07-16 10:02:26', 0, NULL, 10),
(59497, 'wp_mail_smtp_admin_notifications_update', 'complete', '2024-08-11 21:22:31', '2024-08-11 17:22:31', '[5]', 'O:32:\"ActionScheduler_IntervalSchedule\":5:{s:22:\"\0*\0scheduled_timestamp\";i:1723411351;s:18:\"\0*\0first_timestamp\";i:1696112641;s:13:\"\0*\0recurrence\";i:86400;s:49:\"\0ActionScheduler_IntervalSchedule\0start_timestamp\";i:1723411351;s:53:\"\0ActionScheduler_IntervalSchedule\0interval_in_seconds\";i:86400;}', 3, 1, '2024-08-11 21:23:41', '2024-08-11 17:23:41', 0, NULL, 10),
(58399, 'wp_mail_smtp_summary_report_email', 'complete', '2024-07-30 21:57:07', '2024-07-30 17:57:07', '[1]', 'O:32:\"ActionScheduler_IntervalSchedule\":5:{s:22:\"\0*\0scheduled_timestamp\";i:1722376627;s:18:\"\0*\0first_timestamp\";i:1649113200;s:13:\"\0*\0recurrence\";i:604800;s:49:\"\0ActionScheduler_IntervalSchedule\0start_timestamp\";i:1722376627;s:53:\"\0ActionScheduler_IntervalSchedule\0interval_in_seconds\";i:604800;}', 3, 1, '2024-07-30 21:57:10', '2024-07-30 17:57:10', 0, NULL, 10),
(58146, 'wp_mail_smtp_admin_notifications_update', 'complete', '2024-07-21 14:04:58', '2024-07-21 10:04:58', '[5]', 'O:32:\"ActionScheduler_IntervalSchedule\":5:{s:22:\"\0*\0scheduled_timestamp\";i:1721570698;s:18:\"\0*\0first_timestamp\";i:1696112641;s:13:\"\0*\0recurrence\";i:86400;s:49:\"\0ActionScheduler_IntervalSchedule\0start_timestamp\";i:1721570698;s:53:\"\0ActionScheduler_IntervalSchedule\0interval_in_seconds\";i:86400;}', 3, 1, '2024-07-21 14:05:44', '2024-07-21 10:05:44', 0, NULL, 10),
(58603, 'wp_mail_smtp_admin_notifications_update', 'complete', '2024-07-28 16:45:33', '2024-07-28 12:45:33', '[5]', 'O:32:\"ActionScheduler_IntervalSchedule\":5:{s:22:\"\0*\0scheduled_timestamp\";i:1722185133;s:18:\"\0*\0first_timestamp\";i:1696112641;s:13:\"\0*\0recurrence\";i:86400;s:49:\"\0ActionScheduler_IntervalSchedule\0start_timestamp\";i:1722185133;s:53:\"\0ActionScheduler_IntervalSchedule\0interval_in_seconds\";i:86400;}', 3, 1, '2024-07-28 17:42:43', '2024-07-28 13:42:43', 0, NULL, 10),
(57541, 'wp_mail_smtp_summary_report_email', 'complete', '2024-07-16 21:03:15', '2024-07-16 17:03:15', '[1]', 'O:32:\"ActionScheduler_IntervalSchedule\":5:{s:22:\"\0*\0scheduled_timestamp\";i:1721163795;s:18:\"\0*\0first_timestamp\";i:1649113200;s:13:\"\0*\0recurrence\";i:604800;s:49:\"\0ActionScheduler_IntervalSchedule\0start_timestamp\";i:1721163795;s:53:\"\0ActionScheduler_IntervalSchedule\0interval_in_seconds\";i:604800;}', 3, 1, '2024-07-16 21:19:42', '2024-07-16 17:19:42', 0, NULL, 10),
(59406, 'wp_mail_smtp_admin_notifications_update', 'complete', '2024-08-10 21:21:12', '2024-08-10 17:21:12', '[5]', 'O:32:\"ActionScheduler_IntervalSchedule\":5:{s:22:\"\0*\0scheduled_timestamp\";i:1723324872;s:18:\"\0*\0first_timestamp\";i:1696112641;s:13:\"\0*\0recurrence\";i:86400;s:49:\"\0ActionScheduler_IntervalSchedule\0start_timestamp\";i:1723324872;s:53:\"\0ActionScheduler_IntervalSchedule\0interval_in_seconds\";i:86400;}', 3, 1, '2024-08-10 21:22:31', '2024-08-10 17:22:31', 0, NULL, 10),
(59356, 'wp_mail_smtp_admin_notifications_update', 'complete', '2024-08-09 20:44:49', '2024-08-09 16:44:49', '[5]', 'O:32:\"ActionScheduler_IntervalSchedule\":5:{s:22:\"\0*\0scheduled_timestamp\";i:1723236289;s:18:\"\0*\0first_timestamp\";i:1696112641;s:13:\"\0*\0recurrence\";i:86400;s:49:\"\0ActionScheduler_IntervalSchedule\0start_timestamp\";i:1723236289;s:53:\"\0ActionScheduler_IntervalSchedule\0interval_in_seconds\";i:86400;}', 3, 1, '2024-08-09 21:21:12', '2024-08-09 17:21:12', 0, NULL, 10);

-- --------------------------------------------------------

--
-- Table structure for table `wp_actionscheduler_claims`
--

CREATE TABLE `wp_actionscheduler_claims` (
  `claim_id` bigint(20) UNSIGNED NOT NULL,
  `date_created_gmt` datetime NOT NULL DEFAULT '0000-00-00 00:00:00'
) ENGINE=MyISAM DEFAULT CHARSET=utf8mb4 COLLATE=utf8mb4_unicode_ci;

-- --------------------------------------------------------

--
-- Table structure for table `wp_actionscheduler_groups`
--

CREATE TABLE `wp_actionscheduler_groups` (
  `group_id` bigint(20) UNSIGNED NOT NULL,
  `slug` varchar(255) NOT NULL
) ENGINE=MyISAM DEFAULT CHARSET=utf8mb4 COLLATE=utf8mb4_unicode_ci;

--
-- Dumping data for table `wp_actionscheduler_groups`
--

INSERT INTO `wp_actionscheduler_groups` (`group_id`, `slug`) VALUES
(1, 'action-scheduler-migration'),
(2, 'wpforms'),
(3, 'wp_mail_smtp'),
(4, 'aioseo');

-- --------------------------------------------------------

--
-- Table structure for table `wp_actionscheduler_logs`
--

CREATE TABLE `wp_actionscheduler_logs` (
  `log_id` bigint(20) UNSIGNED NOT NULL,
  `action_id` bigint(20) UNSIGNED NOT NULL,
  `message` text NOT NULL,
  `log_date_gmt` datetime DEFAULT '0000-00-00 00:00:00',
  `log_date_local` datetime DEFAULT '0000-00-00 00:00:00'
) ENGINE=MyISAM DEFAULT CHARSET=utf8mb4 COLLATE=utf8mb4_unicode_ci;

--
-- Dumping data for table `wp_actionscheduler_logs`
--

INSERT INTO `wp_actionscheduler_logs` (`log_id`, `action_id`, `message`, `log_date_gmt`, `log_date_local`) VALUES
(443, 2861, 'action timed out after 300 seconds', '2020-08-06 09:13:58', '2020-08-06 09:13:58'),
(442, 2861, 'action created', '2020-08-06 04:29:46', '2020-08-06 04:29:46'),
(168551, 59095, 'action created', '2024-08-04 20:15:15', '2024-08-04 16:15:15'),
(167522, 58752, 'action created', '2024-07-30 17:44:56', '2024-07-30 13:44:56'),
(166462, 57828, 'action complete via WP Cron', '2024-07-23 21:57:07', '2024-07-23 17:57:07'),
(167009, 58581, 'action created', '2024-07-26 16:29:20', '2024-07-26 12:29:20'),
(166570, 58390, 'action complete via WP Cron', '2024-07-24 14:12:34', '2024-07-24 10:12:34'),
(166435, 58325, 'action complete via WP Cron', '2024-07-23 14:06:47', '2024-07-23 10:06:47'),
(165424, 57958, 'action complete via WP Cron', '2024-07-19 14:04:58', '2024-07-19 10:04:58'),
(165992, 58242, 'action created', '2024-07-21 14:05:44', '2024-07-21 10:05:44'),
(165140, 57958, 'action created', '2024-07-18 14:04:30', '2024-07-18 10:04:30'),
(166241, 58325, 'action created', '2024-07-22 14:06:02', '2024-07-22 10:06:02'),
(169333, 59317, 'action complete via WP Cron', '2024-08-08 20:44:49', '2024-08-08 16:44:49'),
(169756, 59406, 'action complete via WP Cron', '2024-08-10 21:22:31', '2024-08-10 17:22:31'),
(166571, 58435, 'action created', '2024-07-24 14:12:34', '2024-07-24 10:12:34'),
(170117, 59616, 'action complete via WP Cron', '2024-08-12 03:27:38', '2024-08-11 23:27:38'),
(166463, 58399, 'action created', '2024-07-23 21:57:07', '2024-07-23 17:57:07'),
(165704, 58146, 'action created', '2024-07-20 14:04:58', '2024-07-20 10:04:58'),
(164750, 57828, 'action created', '2024-07-16 21:19:42', '2024-07-16 17:19:42'),
(168272, 59002, 'action created', '2024-08-03 20:13:57', '2024-08-03 16:13:57'),
(164402, 57712, 'action created', '2024-07-12 10:01:20', '2024-07-12 06:01:20'),
(168009, 58901, 'action started via WP Cron', '2024-08-02 20:13:50', '2024-08-02 16:13:50'),
(165703, 58053, 'action complete via WP Cron', '2024-07-20 14:04:58', '2024-07-20 10:04:58'),
(170041, 59497, 'action complete via WP Cron', '2024-08-11 21:23:41', '2024-08-11 17:23:41'),
(169091, 59275, 'action created', '2024-08-06 21:58:25', '2024-08-06 17:58:25'),
(169334, 59356, 'action created', '2024-08-08 20:44:49', '2024-08-08 16:44:49'),
(168829, 59095, 'action complete via WP Cron', '2024-08-05 20:15:34', '2024-08-05 16:15:34'),
(167153, 58629, 'action created', '2024-07-28 17:42:43', '2024-07-28 13:42:43'),
(167521, 58679, 'action complete via WP Cron', '2024-07-30 17:44:56', '2024-07-30 13:44:56'),
(168010, 58901, 'action complete via WP Cron', '2024-08-02 20:13:50', '2024-08-02 16:13:50'),
(168550, 59002, 'action complete via WP Cron', '2024-08-04 20:15:15', '2024-08-04 16:15:15'),
(164857, 57818, 'action complete via WP Cron', '2024-07-17 14:03:20', '2024-07-17 10:03:20'),
(164306, 57680, 'action created', '2024-07-11 08:08:13', '2024-07-11 04:08:13'),
(166850, 58528, 'action created', '2024-07-25 14:12:56', '2024-07-25 10:12:56'),
(164400, 57680, 'action started via WP Cron', '2024-07-12 10:01:20', '2024-07-12 06:01:20'),
(170116, 59617, 'action created', '2024-08-12 03:27:38', '2024-08-11 23:27:38'),
(164858, 57864, 'action created', '2024-07-17 14:03:20', '2024-07-17 10:03:20'),
(169217, 59317, 'action created', '2024-08-07 20:33:35', '2024-08-07 16:33:35'),
(168828, 59095, 'action started via WP Cron', '2024-08-05 20:15:33', '2024-08-05 16:15:33'),
(167968, 58836, 'action complete via WP Cron', '2024-08-01 19:45:50', '2024-08-01 15:45:50'),
(164718, 57790, 'action started via WP Cron', '2024-07-16 14:02:26', '2024-07-16 10:02:26'),
(167967, 58836, 'action started via WP Cron', '2024-08-01 19:45:50', '2024-08-01 15:45:50'),
(169484, 59406, 'action created', '2024-08-09 21:21:12', '2024-08-09 17:21:12'),
(167573, 58769, 'action created', '2024-07-30 21:57:10', '2024-07-30 17:57:10'),
(164856, 57818, 'action started via WP Cron', '2024-07-17 14:03:20', '2024-07-17 10:03:20'),
(164556, 57736, 'action started via WP Cron', '2024-07-14 11:22:26', '2024-07-14 07:22:26'),
(169757, 59497, 'action created', '2024-08-10 21:22:31', '2024-08-10 17:22:31'),
(165423, 57958, 'action started via WP Cron', '2024-07-19 14:04:58', '2024-07-19 10:04:58'),
(167151, 58603, 'action started via WP Cron', '2024-07-28 17:42:43', '2024-07-28 13:42:43'),
(167152, 58603, 'action complete via WP Cron', '2024-07-28 17:42:43', '2024-07-28 13:42:43'),
(169216, 59268, 'action complete via WP Cron', '2024-08-07 20:33:35', '2024-08-07 16:33:35'),
(168011, 58915, 'action created', '2024-08-02 20:13:50', '2024-08-02 16:13:50'),
(169090, 58769, 'action complete via WP Cron', '2024-08-06 21:58:25', '2024-08-06 17:58:25'),
(166240, 58242, 'action complete via WP Cron', '2024-07-22 14:06:02', '2024-07-22 10:06:02'),
(166434, 58325, 'action started via WP Cron', '2024-07-23 14:06:47', '2024-07-23 10:06:47'),
(169069, 59188, 'action complete via WP Cron', '2024-08-06 20:25:36', '2024-08-06 16:25:36'),
(167008, 58528, 'action complete via WP Cron', '2024-07-26 16:29:20', '2024-07-26 12:29:20'),
(163889, 57541, 'action created', '2024-07-09 21:03:15', '2024-07-09 17:03:15'),
(169215, 59268, 'action started via WP Cron', '2024-08-07 20:33:35', '2024-08-07 16:33:35'),
(167007, 58528, 'action started via WP Cron', '2024-07-26 16:29:20', '2024-07-26 12:29:20'),
(165990, 58146, 'action started via WP Cron', '2024-07-21 14:05:44', '2024-07-21 10:05:44'),
(165139, 57864, 'action complete via WP Cron', '2024-07-18 14:04:30', '2024-07-18 10:04:30'),
(166569, 58390, 'action started via WP Cron', '2024-07-24 14:12:34', '2024-07-24 10:12:34'),
(164720, 57818, 'action created', '2024-07-16 14:02:26', '2024-07-16 10:02:26'),
(166848, 58435, 'action started via WP Cron', '2024-07-25 14:12:56', '2024-07-25 10:12:56'),
(164558, 57764, 'action created', '2024-07-14 11:22:26', '2024-07-14 07:22:26'),
(166849, 58435, 'action complete via WP Cron', '2024-07-25 14:12:56', '2024-07-25 10:12:56'),
(164719, 57790, 'action complete via WP Cron', '2024-07-16 14:02:26', '2024-07-16 10:02:26'),
(164636, 57790, 'action created', '2024-07-15 12:33:13', '2024-07-15 08:33:13'),
(164634, 57764, 'action started via WP Cron', '2024-07-15 12:33:13', '2024-07-15 08:33:13'),
(167520, 58679, 'action started via WP Cron', '2024-07-30 17:44:56', '2024-07-30 13:44:56'),
(167772, 58752, 'action started via WP Cron', '2024-07-31 17:44:58', '2024-07-31 13:44:58'),
(165702, 58053, 'action started via WP Cron', '2024-07-20 14:04:58', '2024-07-20 10:04:58'),
(165138, 57864, 'action started via WP Cron', '2024-07-18 14:04:30', '2024-07-18 10:04:30'),
(170040, 59497, 'action started via WP Cron', '2024-08-11 21:23:41', '2024-08-11 17:23:41'),
(169482, 59356, 'action started via WP Cron', '2024-08-09 21:21:12', '2024-08-09 17:21:12'),
(169070, 59268, 'action created', '2024-08-06 20:25:36', '2024-08-06 16:25:36'),
(167572, 58399, 'action complete via WP Cron', '2024-07-30 21:57:10', '2024-07-30 17:57:10'),
(169089, 58769, 'action started via WP Cron', '2024-08-06 21:58:25', '2024-08-06 17:58:25'),
(167969, 58901, 'action created', '2024-08-01 19:45:50', '2024-08-01 15:45:50'),
(165991, 58146, 'action complete via WP Cron', '2024-07-21 14:05:44', '2024-07-21 10:05:44'),
(164635, 57764, 'action complete via WP Cron', '2024-07-15 12:33:13', '2024-07-15 08:33:13'),
(164749, 57541, 'action complete via WP Cron', '2024-07-16 21:19:42', '2024-07-16 17:19:42'),
(165425, 58053, 'action created', '2024-07-19 14:04:58', '2024-07-19 10:04:58'),
(168830, 59188, 'action created', '2024-08-05 20:15:34', '2024-08-05 16:15:34'),
(167075, 58603, 'action created', '2024-07-27 16:45:33', '2024-07-27 12:45:33'),
(167074, 58581, 'action complete via WP Cron', '2024-07-27 16:45:33', '2024-07-27 12:45:33'),
(167073, 58581, 'action started via WP Cron', '2024-07-27 16:45:33', '2024-07-27 12:45:33'),
(167302, 58629, 'action complete via WP Cron', '2024-07-29 17:44:09', '2024-07-29 13:44:09'),
(168549, 59002, 'action started via WP Cron', '2024-08-04 20:15:15', '2024-08-04 16:15:15'),
(170113, 59616, 'action created', '2024-08-12 03:11:36', '2024-08-11 23:11:36'),
(168271, 58915, 'action complete via WP Cron', '2024-08-03 20:13:57', '2024-08-03 16:13:57'),
(164471, 57712, 'action complete via WP Cron', '2024-07-13 11:14:53', '2024-07-13 07:14:53'),
(164557, 57736, 'action complete via WP Cron', '2024-07-14 11:22:26', '2024-07-14 07:22:26'),
(167303, 58679, 'action created', '2024-07-29 17:44:09', '2024-07-29 13:44:09'),
(166436, 58390, 'action created', '2024-07-23 14:06:47', '2024-07-23 10:06:47'),
(168270, 58915, 'action started via WP Cron', '2024-08-03 20:13:57', '2024-08-03 16:13:57'),
(167774, 58836, 'action created', '2024-07-31 17:44:58', '2024-07-31 13:44:58'),
(166461, 57828, 'action started via WP Cron', '2024-07-23 21:57:06', '2024-07-23 17:57:06'),
(167301, 58629, 'action started via WP Cron', '2024-07-29 17:44:09', '2024-07-29 13:44:09'),
(164748, 57541, 'action started via WP Cron', '2024-07-16 21:19:42', '2024-07-16 17:19:42'),
(164470, 57712, 'action started via WP Cron', '2024-07-13 11:14:53', '2024-07-13 07:14:53'),
(170084, 59606, 'action created', '2024-08-12 00:47:29', '2024-08-11 20:47:29'),
(170039, 59591, 'action created', '2024-08-11 21:23:41', '2024-08-11 17:23:41'),
(167773, 58752, 'action complete via WP Cron', '2024-07-31 17:44:58', '2024-07-31 13:44:58'),
(169332, 59317, 'action started via WP Cron', '2024-08-08 20:44:49', '2024-08-08 16:44:49'),
(166239, 58242, 'action started via WP Cron', '2024-07-22 14:06:02', '2024-07-22 10:06:02'),
(170042, 59592, 'action created', '2024-08-11 21:23:41', '2024-08-11 17:23:41'),
(164472, 57736, 'action created', '2024-07-13 11:14:53', '2024-07-13 07:14:53'),
(169068, 59188, 'action started via WP Cron', '2024-08-06 20:25:36', '2024-08-06 16:25:36'),
(170115, 59616, 'action started via WP Cron', '2024-08-12 03:27:38', '2024-08-11 23:27:38'),
(167571, 58399, 'action started via WP Cron', '2024-07-30 21:57:10', '2024-07-30 17:57:10'),
(169483, 59356, 'action complete via WP Cron', '2024-08-09 21:21:12', '2024-08-09 17:21:12'),
(164401, 57680, 'action complete via WP Cron', '2024-07-12 10:01:20', '2024-07-12 06:01:20'),
(169755, 59406, 'action started via WP Cron', '2024-08-10 21:22:31', '2024-08-10 17:22:31');

-- --------------------------------------------------------

--
-- Table structure for table `wp_aioseo_cache`
--

CREATE TABLE `wp_aioseo_cache` (
  `id` bigint(20) UNSIGNED NOT NULL,
  `key` varchar(80) NOT NULL,
  `value` longtext NOT NULL,
  `expiration` datetime DEFAULT NULL,
  `created` datetime NOT NULL,
  `updated` datetime NOT NULL
) ENGINE=MyISAM DEFAULT CHARSET=utf8mb4 COLLATE=utf8mb4_unicode_ci;

--
-- Dumping data for table `wp_aioseo_cache`
--

INSERT INTO `wp_aioseo_cache` (`id`, `key`, `value`, `expiration`, `created`, `updated`) VALUES
(1, 'addons', 'a:9:{i:0;O:8:\"stdClass\":15:{s:3:\"sku\";s:16:\"aioseo-redirects\";s:4:\"name\";s:19:\"Redirection Manager\";s:7:\"version\";s:5:\"1.4.4\";s:5:\"image\";N;s:4:\"icon\";s:480:\"PHN2ZyB2aWV3Qm94PSIwIDAgMjQgMjQiIGZpbGw9Im5vbmUiIHhtbG5zPSJodHRwOi8vd3d3LnczLm9yZy8yMDAwL3N2ZyIgY2xhc3M9ImFpb3Nlby1yZWRpcmVjdCI+PHBhdGggZmlsbC1ydWxlPSJldmVub2RkIiBjbGlwLXJ1bGU9ImV2ZW5vZGQiIGQ9Ik0xMC41OSA5LjE3TDUuNDEgNEw0IDUuNDFMOS4xNyAxMC41OEwxMC41OSA5LjE3Wk0xNC41IDRMMTYuNTQgNi4wNEw0IDE4LjU5TDUuNDEgMjBMMTcuOTYgNy40NkwyMCA5LjVWNEgxNC41Wk0xMy40MiAxNC44MkwxNC44MyAxMy40MUwxNy45NiAxNi41NEwyMCAxNC41VjIwSDE0LjVMMTYuNTUgMTcuOTVMMTMuNDIgMTQuODJaIiBmaWxsPSJjdXJyZW50Q29sb3IiIC8+PC9zdmc+\";s:6:\"levels\";a:4:{i:0;s:8:\"business\";i:1;s:6:\"agency\";i:2;s:3:\"pro\";i:3;s:5:\"elite\";}s:13:\"currentLevels\";a:2:{i:0;s:3:\"pro\";i:1;s:5:\"elite\";}s:15:\"requiresUpgrade\";b:1;s:11:\"description\";s:101:\"<p>Our Redirection Manager allows you to create and manage redirects for 404s or modified posts.</p>\n\";s:18:\"descriptionVersion\";i:0;s:11:\"downloadUrl\";s:0:\"\";s:10:\"productUrl\";s:48:\"https://aioseo.com/features/redirection-manager/\";s:12:\"learnMoreUrl\";s:48:\"https://aioseo.com/features/redirection-manager/\";s:9:\"manageUrl\";s:40:\"https://route#aioseo-redirects:redirects\";s:8:\"features\";a:1:{i:0;O:8:\"stdClass\":2:{s:13:\"license_level\";s:5:\"elite\";s:7:\"feature\";s:19:\"404-parent-redirect\";}}}i:1;O:8:\"stdClass\":15:{s:3:\"sku\";s:21:\"aioseo-link-assistant\";s:4:\"name\";s:14:\"Link Assistant\";s:7:\"version\";s:5:\"1.1.5\";s:5:\"image\";N;s:4:\"icon\";s:516:\"PHN2ZyB2aWV3Qm94PSIwIDAgMjQgMjQiIGZpbGw9Im5vbmUiIHhtbG5zPSJodHRwOi8vd3d3LnczLm9yZy8yMDAwL3N2ZyI+PHBhdGggZmlsbC1ydWxlPSJldmVub2RkIiBjbGlwLXJ1bGU9ImV2ZW5vZGQiIGQ9Ik0xMSAxNUg3QzUuMzUgMTUgNCAxMy42NSA0IDEyQzQgMTAuMzUgNS4zNSA5IDcgOUgxMVY3SDdDNC4yNCA3IDIgOS4yNCAyIDEyQzIgMTQuNzYgNC4yNCAxNyA3IDE3SDExVjE1Wk0xNyA3SDEzVjlIMTdDMTguNjUgOSAyMCAxMC4zNSAyMCAxMkMyMCAxMy42NSAxOC42NSAxNSAxNyAxNUgxM1YxN0gxN0MxOS43NiAxNyAyMiAxNC43NiAyMiAxMkMyMiA5LjI0IDE5Ljc2IDcgMTcgN1pNMTYgMTFIOFYxM0gxNlYxMVoiIGZpbGw9ImN1cnJlbnRDb2xvciIvPjwvc3ZnPgo=\";s:6:\"levels\";a:3:{i:0;s:6:\"agency\";i:1;s:3:\"pro\";i:2;s:5:\"elite\";}s:13:\"currentLevels\";a:2:{i:0;s:3:\"pro\";i:1;s:5:\"elite\";}s:15:\"requiresUpgrade\";b:1;s:11:\"description\";s:283:\"<p>Super-charge your SEO with Link Assistant! Get relevant suggestions for adding internal links to older content as well as finding any orphaned posts that have no internal links. Use our reporting feature to see all link suggestions or add them directly from any page or post.</p>\n\";s:18:\"descriptionVersion\";i:0;s:11:\"downloadUrl\";s:0:\"\";s:10:\"productUrl\";s:39:\"https://aioseo.com/docs/link-assistant/\";s:12:\"learnMoreUrl\";s:39:\"https://aioseo.com/docs/link-assistant/\";s:9:\"manageUrl\";s:44:\"https://route#aioseo-link-assistant:overview\";s:8:\"features\";a:0:{}}i:2;O:8:\"stdClass\":15:{s:3:\"sku\";s:20:\"aioseo-video-sitemap\";s:4:\"name\";s:13:\"Video Sitemap\";s:7:\"version\";s:6:\"1.1.15\";s:5:\"image\";N;s:4:\"icon\";s:420:\"PHN2ZyB4bWxucz0iaHR0cDovL3d3dy53My5vcmcvMjAwMC9zdmciIHZpZXdCb3g9IjAgMCAyMCAyMCI+PHBhdGggZmlsbC1ydWxlPSJldmVub2RkIiBkPSJNMy4zMzMgNWgxMGMuNDU5IDAgLjgzNC4zNzUuODM0LjgzM1Y4Ljc1TDE3LjUgNS40MTd2OS4xNjZsLTMuMzMzLTMuMzMzdjIuOTE3YS44MzYuODM2IDAgMCAxLS44MzQuODMzaC0xMGEuODM2LjgzNiAwIDAgMS0uODMzLS44MzNWNS44MzNjMC0uNDU4LjM3NS0uODMzLjgzMy0uODMzWm05LjE2NyA4LjMzM1Y2LjY2N0g0LjE2N3Y2LjY2NkgxMi41WiIgY2xpcC1ydWxlPSJldmVub2RkIi8+PC9zdmc+\";s:6:\"levels\";a:5:{i:0;s:10:\"individual\";i:1;s:8:\"business\";i:2;s:6:\"agency\";i:3;s:3:\"pro\";i:4;s:5:\"elite\";}s:13:\"currentLevels\";a:2:{i:0;s:3:\"pro\";i:1;s:5:\"elite\";}s:15:\"requiresUpgrade\";b:1;s:11:\"description\";s:243:\"<p>The Video Sitemap works in much the same way as the XML Sitemap module, it generates an XML Sitemap specifically for video content on your site. Search engines use this information to display rich snippet information in search results.</p>\n\";s:18:\"descriptionVersion\";i:0;s:11:\"downloadUrl\";s:0:\"\";s:10:\"productUrl\";s:54:\"https://aioseo.com/docs/how-to-create-a-video-sitemap/\";s:12:\"learnMoreUrl\";s:54:\"https://aioseo.com/docs/how-to-create-a-video-sitemap/\";s:9:\"manageUrl\";s:43:\"https://route#aioseo-sitemaps:video-sitemap\";s:8:\"features\";a:0:{}}i:3;O:8:\"stdClass\":15:{s:3:\"sku\";s:21:\"aioseo-local-business\";s:4:\"name\";s:18:\"Local Business SEO\";s:7:\"version\";s:5:\"1.3.4\";s:5:\"image\";N;s:4:\"icon\";s:18:\"svg-local-business\";s:6:\"levels\";a:5:{i:0;s:8:\"business\";i:1;s:6:\"agency\";i:2;s:4:\"plus\";i:3;s:3:\"pro\";i:4;s:5:\"elite\";}s:13:\"currentLevels\";a:3:{i:0;s:4:\"plus\";i:1;s:3:\"pro\";i:2;s:5:\"elite\";}s:15:\"requiresUpgrade\";b:1;s:11:\"description\";s:253:\"<p>Local Business schema markup enables you to tell Google about your business, including your business name, address and phone number, opening hours and price range. This information may be displayed as a Knowledge Graph card or business carousel.</p>\n\";s:18:\"descriptionVersion\";i:0;s:11:\"downloadUrl\";s:0:\"\";s:10:\"productUrl\";s:43:\"https://aioseo.com/docs/local-business-seo/\";s:12:\"learnMoreUrl\";s:43:\"https://aioseo.com/docs/local-business-seo/\";s:9:\"manageUrl\";s:40:\"https://route#aioseo-local-seo:locations\";s:8:\"features\";a:0:{}}i:4;O:8:\"stdClass\":15:{s:3:\"sku\";s:19:\"aioseo-news-sitemap\";s:4:\"name\";s:12:\"News Sitemap\";s:7:\"version\";s:6:\"1.0.17\";s:5:\"image\";N;s:4:\"icon\";s:16:\"svg-sitemaps-pro\";s:6:\"levels\";a:4:{i:0;s:8:\"business\";i:1;s:6:\"agency\";i:2;s:3:\"pro\";i:3;s:5:\"elite\";}s:13:\"currentLevels\";a:2:{i:0;s:3:\"pro\";i:1;s:5:\"elite\";}s:15:\"requiresUpgrade\";b:1;s:11:\"description\";s:284:\"<p>Our Google News Sitemap lets you control which content you submit to Google News and only contains articles that were published in the last 48 hours. In order to submit a News Sitemap to Google, you must have added your site to Google’s Publisher Center and had it approved.</p>\n\";s:18:\"descriptionVersion\";i:0;s:11:\"downloadUrl\";s:0:\"\";s:10:\"productUrl\";s:60:\"https://aioseo.com/docs/how-to-create-a-google-news-sitemap/\";s:12:\"learnMoreUrl\";s:60:\"https://aioseo.com/docs/how-to-create-a-google-news-sitemap/\";s:9:\"manageUrl\";s:42:\"https://route#aioseo-sitemaps:news-sitemap\";s:8:\"features\";a:0:{}}i:5;O:8:\"stdClass\":15:{s:3:\"sku\";s:16:\"aioseo-index-now\";s:4:\"name\";s:8:\"IndexNow\";s:7:\"version\";s:6:\"1.0.11\";s:5:\"image\";N;s:4:\"icon\";s:1836:\"PHN2ZyB4bWxucz0iaHR0cDovL3d3dy53My5vcmcvMjAwMC9zdmciIHZpZXdCb3g9IjAgMCAyMCAyMCI+PHBhdGggZD0iTTE3LjY0NCAxMS42NTVjLS4zMjEtLjIyOS0uNjU0LS40NDYtLjk2NC0uNjk3LS42NDMtLjUzNC0uNjMxLTEuMzcyLjAyMy0xLjg4NC4zMS0uMjQuNjQyLS40NTguOTY0LS42OTcuMTg0LS4xMy4zMjEtLjI5NC4zMzMtLjUzNCAwLS4wMzIgMC0uMDc2LS4wMTItLjEyYTcuNDQyIDcuNDQyIDAgMCAwLTEuODkzLTMuMTQ3Yy0uMjA3LS4yMDctLjQ2LS4yNC0uNzQ2LS4xMmEyMi4wNSAyMi4wNSAwIDAgMS0xLjA2OC40MzZjLS45MTguMzQ4LTEuNjg3LS4wODctMS44MTMtMS4wMjQtLjA0Ni0uMzM4LS4wOC0uNjc1LS4xMTUtMS4wMTMtLjAzNC0uMzctLjI0LS41OTktLjYzLS42NzVhOC40NDYgOC40NDYgMCAwIDAtMy40NjcgMGMtLjM2Ny4wNzYtLjU3NC4yNzItLjYwOC42MzJhMTMuNzggMTMuNzggMCAwIDEtLjE2IDEuMTc2Yy0uMTYxLjgyOC0uOTE5IDEuMjMtMS43NDUuOTE1LS4zNTYtLjEzLS43MTItLjI5NC0xLjA2Ny0uNDQ3LS4zMzMtLjE0MS0uNjA5LS4wODctLjg1LjE2NGE3Ljc3OSA3Ljc3OSAwIDAgMC0xLjc3OSAyLjkxOGMtLjExNC4zMzgtLjAyMy42MS4yODcuODI4LjI5OS4yMDcuNjA5LjQxNC44OTUuNjMyLjc3LjU4OC43NTggMS40NDgtLjAyMiAyLjAxNC0uMjg3LjIwNy0uNTc0LjQxNC0uODYxLjYxLS4zMjIuMjE4LS40MTMuNTEyLS4yOTkuODZhNy44NyA3Ljg3IDAgMCAwIDEuNzQ1IDIuODg3Yy4yNC4yNS41MTYuMzE2Ljg1LjE4NS4zOS0uMTUzLjc2OC0uMzI3IDEuMTU4LS40NjguNzU4LS4yNzMgMS41MTUuMTIgMS42NzYuODcuMDguNDA0LjEyNi44MTguMTYgMS4yMi4wMzUuMzcuMjQxLjU2Ny41OTcuNjQzIDEuMTYuMjQgMi4zMDcuMjQgMy40NjYuMDExLjQxMy0uMDg3LjYwOC0uMzE2LjY0My0uNzA4LjAyMy0uMzI3LjA2OS0uNjUzLjEwMy0uOTcuMTE1LS45MjUuODk1LTEuMzgyIDEuODE0LTEuMDQ1LjM0NC4xMzEuNjg4LjI3MyAxLjAzMi40MjUuMzY4LjE1My42NjYuMDc2LjkxOC0uMjA3YTguNDk0IDguNDk0IDAgMCAwIDEuNzEtMi44MmMuMTUtLjMzOC4wNTgtLjYyMS0uMjc1LS44NXptLTkuNDguNjk3Yy0uMTAzLjEzLS4zMS4xMi0uNDEzLS4wMUw2LjAzIDEwLjE3M2EuMjIuMjIgMCAwIDEgMC0uMjgzbDEuOTI4LTIuNDI5IDEuNDY5IDEuNzItLjYzMS44NS41MjcuNzA4YS4yMDUuMjA1IDAgMCAxLS4wMTEuMjYyem01LjgzLTIuMTc4LTIuNDc5IDMuMDE3YS4yNi4yNiAwIDAgMS0uMjA2LjEwOUg5LjEwNWEuMjUuMjUgMCAwIDEtLjIwNi0uNDAzbDIuMzUzLTIuODY1LTIuNjc0LTMuMjY3aDIuODY5bDIuNTU5IDMuMTI2YS4yMzYuMjM2IDAgMCAxLS4wMTEuMjgzeiIvPjwvc3ZnPg==\";s:6:\"levels\";a:6:{i:0;s:8:\"business\";i:1;s:6:\"agency\";i:2;s:5:\"basic\";i:3;s:4:\"plus\";i:4;s:3:\"pro\";i:5;s:5:\"elite\";}s:13:\"currentLevels\";a:4:{i:0;s:5:\"basic\";i:1;s:4:\"plus\";i:2;s:3:\"pro\";i:3;s:5:\"elite\";}s:15:\"requiresUpgrade\";b:1;s:11:\"description\";s:193:\"<p>Add IndexNow support to instantly notify search engines when your content has changed. This helps the search engines to prioritize the changes on your website and helps you rank faster.</p>\n\";s:18:\"descriptionVersion\";i:0;s:11:\"downloadUrl\";s:0:\"\";s:10:\"productUrl\";s:28:\"https://aioseo.com/index-now\";s:12:\"learnMoreUrl\";s:28:\"https://aioseo.com/index-now\";s:9:\"manageUrl\";s:45:\"https://route#aioseo-settings:webmaster-tools\";s:8:\"features\";a:0:{}}i:6;O:8:\"stdClass\":15:{s:3:\"sku\";s:15:\"aioseo-rest-api\";s:4:\"name\";s:8:\"REST API\";s:7:\"version\";s:5:\"1.0.8\";s:5:\"image\";N;s:4:\"icon\";s:280:\"PHN2ZyB4bWxucz0iaHR0cDovL3d3dy53My5vcmcvMjAwMC9zdmciIHZpZXdCb3g9IjAgMCAyNCAyNCIgY2xhc3M9ImFpb3Nlby1jb2RlIj48cGF0aCBkPSJNOS40IDE2LjZMNC44IDEybDQuNi00LjZMOCA2bC02IDYgNiA2IDEuNC0xLjR6bTUuMiAwbDQuNi00LjYtNC42LTQuNkwxNiA2bDYgNi02IDYtMS40LTEuNHoiIGZpbGw9ImN1cnJlbnRDb2xvciIvPjwvc3ZnPg==\";s:6:\"levels\";a:3:{i:0;s:4:\"plus\";i:1;s:3:\"pro\";i:2;s:5:\"elite\";}s:13:\"currentLevels\";a:3:{i:0;s:4:\"plus\";i:1;s:3:\"pro\";i:2;s:5:\"elite\";}s:15:\"requiresUpgrade\";b:1;s:11:\"description\";s:137:\"<p>Manage your post and term SEO meta via the WordPress REST API. This addon also works seamlessly with headless WordPress installs.</p>\n\";s:18:\"descriptionVersion\";i:0;s:11:\"downloadUrl\";s:0:\"\";s:10:\"productUrl\";s:36:\"https://aioseo.com/feature/rest-api/\";s:12:\"learnMoreUrl\";s:36:\"https://aioseo.com/feature/rest-api/\";s:9:\"manageUrl\";s:0:\"\";s:8:\"features\";a:0:{}}i:7;O:8:\"stdClass\":15:{s:3:\"sku\";s:16:\"aioseo-image-seo\";s:4:\"name\";s:9:\"Image SEO\";s:7:\"version\";s:6:\"1.1.12\";s:5:\"image\";N;s:4:\"icon\";s:436:\"PHN2ZyB4bWxucz0iaHR0cDovL3d3dy53My5vcmcvMjAwMC9zdmciIHZpZXdCb3g9IjAgMCAyMCAyMCI+PHBhdGggZD0iTTE1LjgzMyA0LjE2N3YxMS42NjZINC4xNjdWNC4xNjdoMTEuNjY2Wm0wLTEuNjY3SDQuMTY3QzMuMjUgMi41IDIuNSAzLjI1IDIuNSA0LjE2N3YxMS42NjZjMCAuOTE3Ljc1IDEuNjY3IDEuNjY3IDEuNjY3aDExLjY2NmMuOTE3IDAgMS42NjctLjc1IDEuNjY3LTEuNjY3VjQuMTY3YzAtLjkxNy0uNzUtMS42NjctMS42NjctMS42NjdabS00LjA1IDcuMzgzLTIuNSAzLjIyNUw3LjUgMTAuOTUgNSAxNC4xNjdoMTBsLTMuMjE3LTQuMjg0WiIvPjwvc3ZnPg==\";s:6:\"levels\";a:5:{i:0;s:8:\"business\";i:1;s:6:\"agency\";i:2;s:4:\"plus\";i:3;s:3:\"pro\";i:4;s:5:\"elite\";}s:13:\"currentLevels\";a:3:{i:0;s:4:\"plus\";i:1;s:3:\"pro\";i:2;s:5:\"elite\";}s:15:\"requiresUpgrade\";b:1;s:11:\"description\";s:148:\"<p>Globally control the Title attribute and Alt text for images in your content. These attributes are essential for both accessibility and SEO.</p>\n\";s:18:\"descriptionVersion\";i:0;s:11:\"downloadUrl\";s:0:\"\";s:10:\"productUrl\";s:71:\"https://aioseo.com/docs/using-the-image-seo-features-in-all-in-one-seo/\";s:12:\"learnMoreUrl\";s:71:\"https://aioseo.com/docs/using-the-image-seo-features-in-all-in-one-seo/\";s:9:\"manageUrl\";s:44:\"https://route#aioseo-search-appearance:media\";s:8:\"features\";a:0:{}}i:8;O:8:\"stdClass\":15:{s:3:\"sku\";s:11:\"aioseo-eeat\";s:4:\"name\";s:20:\"Author SEO (E-E-A-T)\";s:7:\"version\";s:5:\"1.1.9\";s:5:\"image\";N;s:4:\"icon\";s:1380:\"PHN2ZyB4bWxucz0iaHR0cDovL3d3dy53My5vcmcvMjAwMC9zdmciIGhlaWdodD0iMjQiIHZpZXdCb3g9IjAgLTk2MCA5NjAgOTYwIiB3aWR0aD0iMjQiPjxwYXRoIGQ9Ik00NDAuMTE4LTU2MHEzMy44MzkgMCA1Ny44MTctMjQuMDk3dDIzLjk3OC01Ny45MzVxMC0zMy44MzgtMjMuOTc4LTU3LjY5Ni0yMy45NzgtMjMuODU5LTU3LjgxNy0yMy44NTktMzMuODM4IDAtNTcuOTM0IDIzLjg1OS0yNC4wOTcgMjMuODU4LTI0LjA5NyA1Ny42OTYgMCAzMy44MzggMjQuMDk3IDU3LjkzNVE0MDYuMjgtNTYwIDQ0MC4xMTgtNTYwWk00NDAtMzk2LjQxM3E0NS43MTcgMCA4NS41NzYtMTkuNDc4IDM5Ljg1OS0xOS40NzkgNjkuNTc2LTU2LjE1Mi0zNS45NTYtMjMuNzE4LTc0LjkzNS0zNS44MzdRNDgxLjIzOS01MjAgNDQwLTUyMHQtODAuMjE3IDEyLjEycS0zOC45NzkgMTIuMTE5LTc0LjkzNSAzNS44MzcgMjkuNzE3IDM2LjY3MyA2OS41NzYgNTYuMTUyIDM5Ljg1OSAxOS40NzggODUuNTc2IDE5LjQ3OFptMzg2LjM5MSAyODYuOTM1TDYzNy45MTMtMjk3Ljk1NnEtNDEuNzE3IDMxLjc2MS05MS42OTYgNDkuNDAyUTQ5Ni4yMzktMjMwLjkxMyA0NDAtMjMwLjkxM3EtMTM3LjU4NyAwLTIzMy4zMzctOTUuNzVUMTEwLjkxMy01NjBxMC0xMzcuNTg3IDk1Ljc1LTIzMy4zMzdUNDQwLTg4OS4wODdxMTM3LjU4NyAwIDIzMy4zMzcgOTUuNzVUNzY5LjA4Ny01NjBxMCA1NS43NjEtMTcuNzYxIDEwNS45NzgtMTcuNzYxIDUwLjIxOC00OS41MjEgOTIuMTc0TDg5MC4yODMtMTczLjM3bC02My44OTIgNjMuODkyWk00NDAuMTEzLTMyMS45MTNxOTkuMTU2IDAgMTY4LjU2NS02OS41MjIgNjkuNDA5LTY5LjUyMiA2OS40MDktMTY4LjY3OCAwLTk5LjE1Ni02OS40MDktMTY4LjU2NS02OS40MDktNjkuNDA5LTE2OC41NjUtNjkuNDA5LTk5LjE1NiAwLTE2OC42NzggNjkuNDA5LTY5LjUyMiA2OS40MDktNjkuNTIyIDE2OC41NjUgMCA5OS4xNTYgNjkuNTIyIDE2OC42NzggNjkuNTIyIDY5LjUyMiAxNjguNjc4IDY5LjUyMlpNNDQwLTU2MFoiLz48L3N2Zz4=\";s:6:\"levels\";a:3:{i:0;s:4:\"plus\";i:1;s:3:\"pro\";i:2;s:5:\"elite\";}s:13:\"currentLevels\";a:3:{i:0;s:4:\"plus\";i:1;s:3:\"pro\";i:2;s:5:\"elite\";}s:15:\"requiresUpgrade\";b:1;s:11:\"description\";s:147:\"<p>Optimize your site for Google\'s E-E-A-T ranking factor by proving your writer\'s expertise through author schema markup and new UI elements.</p>\n\";s:18:\"descriptionVersion\";i:0;s:11:\"downloadUrl\";s:0:\"\";s:10:\"productUrl\";s:33:\"https://aioseo.com/features/eeat/\";s:12:\"learnMoreUrl\";s:33:\"https://aioseo.com/features/eeat/\";s:9:\"manageUrl\";s:49:\"https://route#aioseo-search-appearance:author-seo\";s:8:\"features\";a:0:{}}}', '2024-08-17 19:59:37', '2024-08-02 11:35:18', '2024-08-16 19:59:37'),
(27, 'attachment_url_to_post_id_ecd272a07958664e4b8622cab4eb73adb1e8e5b4', 's:4:\"3260\";', '2024-08-13 02:56:17', '2024-08-12 02:56:17', '2024-08-12 02:56:17'),
(24, 'aioseo_sitemap_addl-sitemap.xml', 'a:3:{s:6:\"counts\";a:0:{}s:8:\"datetime\";a:1:{s:24:\"https://justwinches.net/\";a:2:{s:4:\"date\";s:12:\"July 3, 2024\";s:4:\"time\";s:5:\"19:04\";}}s:10:\"pagination\";a:2:{s:7:\"showing\";i:1;s:5:\"total\";i:1;}}', '2024-09-10 03:14:11', '2024-08-11 03:14:11', '2024-08-11 03:14:11'),
(25, 'admin_notifications_update', 'i:1723434727;', '2024-08-12 03:52:07', '2024-08-11 03:52:07', '2024-08-11 03:52:07'),
(26, 'aioseo_sitemap_page-sitemap.xml', 'a:3:{s:6:\"counts\";a:0:{}s:8:\"datetime\";a:4:{s:32:\"https://justwinches.net/product/\";a:2:{s:4:\"date\";s:12:\"July 3, 2024\";s:4:\"time\";s:5:\"19:04\";}s:35:\"https://justwinches.net/contact-us/\";a:2:{s:4:\"date\";s:14:\"April 21, 2024\";s:4:\"time\";s:5:\"15:59\";}s:35:\"https://justwinches.net/what-we-do/\";a:2:{s:4:\"date\";s:14:\"April 21, 2024\";s:4:\"time\";s:5:\"14:46\";}s:33:\"https://justwinches.net/about-us/\";a:2:{s:4:\"date\";s:14:\"April 21, 2024\";s:4:\"time\";s:5:\"14:33\";}}s:10:\"pagination\";a:2:{s:7:\"showing\";i:4;s:5:\"total\";i:4;}}', '2024-09-10 04:57:01', '2024-08-11 04:57:01', '2024-08-11 04:57:01'),
(13, 'attachment_url_to_post_id_d99ed2ddbeefba28910cca4100f73b401b38bc49', 's:4:\"none\";', '2024-08-12 07:48:51', '2024-08-02 20:48:00', '2024-08-11 07:48:51'),
(14, 'attachment_url_to_post_id_c79ce09d601e3ce920f2a3bcc06f76c0a16da19f', 's:4:\"2835\";', '2024-08-12 07:48:51', '2024-08-02 20:48:00', '2024-08-11 07:48:51'),
(16, 'aioseo_sitemap_sitemap.xml.gz', 'a:3:{s:6:\"counts\";a:9:{s:40:\"https://justwinches.net/addl-sitemap.xml\";i:1;s:40:\"https://justwinches.net/post-sitemap.xml\";i:1;s:40:\"https://justwinches.net/page-sitemap.xml\";i:4;s:42:\"https://justwinches.net/gmedia-sitemap.xml\";i:590;s:48:\"https://justwinches.net/gmedia_album-sitemap.xml\";i:4;s:50:\"https://justwinches.net/gmedia_gallery-sitemap.xml\";i:3;s:48:\"https://justwinches.net/post-archive-sitemap.xml\";i:2;s:44:\"https://justwinches.net/category-sitemap.xml\";i:1;s:44:\"https://justwinches.net/post_tag-sitemap.xml\";i:1;}s:8:\"datetime\";a:9:{s:40:\"https://justwinches.net/addl-sitemap.xml\";a:2:{s:4:\"date\";s:12:\"July 3, 2024\";s:4:\"time\";s:5:\"19:04\";}s:40:\"https://justwinches.net/post-sitemap.xml\";a:2:{s:4:\"date\";s:14:\"April 21, 2024\";s:4:\"time\";s:5:\"15:25\";}s:40:\"https://justwinches.net/page-sitemap.xml\";a:2:{s:4:\"date\";s:12:\"July 3, 2024\";s:4:\"time\";s:5:\"19:04\";}s:42:\"https://justwinches.net/gmedia-sitemap.xml\";a:2:{s:4:\"date\";s:12:\"May 14, 2019\";s:4:\"time\";s:5:\"13:41\";}s:48:\"https://justwinches.net/gmedia_album-sitemap.xml\";a:2:{s:4:\"date\";s:12:\"July 1, 2018\";s:4:\"time\";s:5:\"14:40\";}s:50:\"https://justwinches.net/gmedia_gallery-sitemap.xml\";a:2:{s:4:\"date\";s:12:\"May 14, 2019\";s:4:\"time\";s:5:\"14:59\";}s:48:\"https://justwinches.net/post-archive-sitemap.xml\";a:2:{s:4:\"date\";s:12:\"May 14, 2019\";s:4:\"time\";s:5:\"13:41\";}s:44:\"https://justwinches.net/category-sitemap.xml\";a:2:{s:4:\"date\";s:14:\"April 21, 2024\";s:4:\"time\";s:5:\"15:25\";}s:44:\"https://justwinches.net/post_tag-sitemap.xml\";a:2:{s:4:\"date\";s:14:\"April 21, 2024\";s:4:\"time\";s:5:\"15:25\";}}s:10:\"pagination\";a:2:{s:7:\"showing\";i:10;s:5:\"total\";i:10;}}', '2024-09-05 09:09:08', '2024-08-02 22:14:33', '2024-08-06 09:09:08');

-- --------------------------------------------------------

--
-- Table structure for table `wp_aioseo_crawl_cleanup_blocked_args`
--

CREATE TABLE `wp_aioseo_crawl_cleanup_blocked_args` (
  `id` bigint(20) UNSIGNED NOT NULL,
  `key` text DEFAULT NULL,
  `value` text DEFAULT NULL,
  `key_value_hash` varchar(40) DEFAULT NULL,
  `regex` varchar(255) DEFAULT NULL,
  `hits` int(20) NOT NULL DEFAULT 0,
  `created` datetime NOT NULL,
  `updated` datetime NOT NULL
) ENGINE=MyISAM DEFAULT CHARSET=utf8mb4 COLLATE=utf8mb4_unicode_520_ci;

-- --------------------------------------------------------

--
-- Table structure for table `wp_aioseo_crawl_cleanup_logs`
--

CREATE TABLE `wp_aioseo_crawl_cleanup_logs` (
  `id` bigint(20) UNSIGNED NOT NULL,
  `slug` text NOT NULL,
  `key` text NOT NULL,
  `value` text DEFAULT NULL,
  `hash` varchar(40) NOT NULL,
  `hits` int(20) NOT NULL DEFAULT 1,
  `created` datetime NOT NULL,
  `updated` datetime NOT NULL
) ENGINE=MyISAM DEFAULT CHARSET=utf8mb4 COLLATE=utf8mb4_unicode_520_ci;

-- --------------------------------------------------------

--
-- Table structure for table `wp_aioseo_notifications`
--

CREATE TABLE `wp_aioseo_notifications` (
  `id` bigint(20) UNSIGNED NOT NULL,
  `slug` varchar(13) NOT NULL,
  `addon` varchar(64) DEFAULT NULL,
  `title` text NOT NULL,
  `content` longtext NOT NULL,
  `type` varchar(64) NOT NULL,
  `level` text NOT NULL,
  `notification_id` bigint(20) UNSIGNED DEFAULT NULL,
  `notification_name` varchar(255) DEFAULT NULL,
  `start` datetime DEFAULT NULL,
  `end` datetime DEFAULT NULL,
  `button1_label` varchar(255) DEFAULT NULL,
  `button1_action` varchar(255) DEFAULT NULL,
  `button2_label` varchar(255) DEFAULT NULL,
  `button2_action` varchar(255) DEFAULT NULL,
  `dismissed` tinyint(1) NOT NULL DEFAULT 0,
  `new` tinyint(1) NOT NULL DEFAULT 1,
  `created` datetime NOT NULL,
  `updated` datetime NOT NULL
) ENGINE=MyISAM DEFAULT CHARSET=utf8mb4 COLLATE=utf8mb4_unicode_ci;

--
-- Dumping data for table `wp_aioseo_notifications`
--

INSERT INTO `wp_aioseo_notifications` (`id`, `slug`, `addon`, `title`, `content`, `type`, `level`, `notification_id`, `notification_name`, `start`, `end`, `button1_label`, `button1_action`, `button2_label`, `button2_action`, `dismissed`, `new`, `created`, `updated`) VALUES
(7, '6297b07509623', NULL, '📣 Introducing Crawl Cleanup and Import URLs to Your Sitemap!', 'AIOSEO 4.2.1 now allows you to manage Search Engine crawl quota by removing query args (URL parameters) from selected URLs and disabling unnecessary RSS feeds.\r\n<br><br>\r\nYou can also import bulk URLs from a CSV file to add more pages to your sitemap.\r\n<br><br>\r\nUpdate to AIOSEO 4.2.1 to take advantage of these powerful SEO features today!', 'success', '[\"4-x\",\"lite\"]', 327, NULL, '2022-07-19 14:22:11', NULL, 'Learn More', 'https://aioseo.com/introducing-crawl-cleanup-and-importing-urls-from-a-csv-file-to-your-sitemap/?utm_source=WordPress&utm_campaign=crawl-cleanup-v4-lite&utm_medium=plugin-notification&utm_content=Learn More', 'Get AIOSEO Pro', 'https://aioseo.com/pricing/?utm_source=WordPress&utm_campaign=crawl-cleanup-v4-lite&utm_medium=plugin-notification&utm_content=Get%20AIOSEO%20Pro', 1, 0, '2022-06-01 18:31:17', '2022-10-19 02:15:12'),
(2, '6253bd1e688cc', NULL, '📢 🌿 Sale! Sale! Sale! 🌿 📢', '<img src=\"data:image/png;base64,[encoded data, 17092 characters]\" />\r\n<br><br>\r\nOur spring sale is on! Get up to <strong>65% off</strong> our plans and save big.\r\n<br><br>\r\nHurry, this offer is only valid through Monday!', 'success', '[\"4-x\",\"lite\"]', 282, NULL, '2022-04-08 19:59:50', '2022-04-12 00:00:00', 'Get AIOSEO Pro NOW! (65% OFF)', 'https://aioseo.com/lite-upgrade/?utm_source=WordPress&utm_campaign=spring-sale-v4-lite&utm_medium=plugin-notification&utm_content=Get AIOSEO Pro NOW!', NULL, NULL, 0, 0, '2022-04-11 05:31:10', '2022-04-11 05:31:10'),
(3, '6253bd1e6a88f', NULL, 'Microsoft Clarity Integration and a New REST API Addon 🎉🎉', 'Now you can see how your website visitors interact with your web pages with heatmaps and session recordings, thanks to Microsoft Clarity.\r\n<br><br>\r\nWe’ve also added a REST API addon to make SEO easier for your headless website.\r\n<br><br>\r\nUpdate to AIOSEO 4.1.9 today and enjoy these 2 powerful features on your website!', 'success', '[\"4-x\",\"lite\"]', 263, NULL, '2022-05-03 15:26:42', NULL, 'Learn More', 'https://aioseo.com/introducing-the-new-microsoft-clarity-integration-and-rest-api-addon/?utm_source=WordPress&utm_campaign=microsoft-clarity-rest-api-v4-lite&utm_medium=plugin-notification&utm_content=Learn More', 'Get AIOSEO Pro', 'https://aioseo.com/lite-upgrade/?utm_source=WordPress&utm_campaign=microsoft-clarity-rest-api-v4-lite&utm_medium=plugin-notification&utm_content=Get AIOSEO Pro', 1, 0, '2022-04-11 05:31:10', '2022-10-19 02:15:12'),
(4, '6253bd1e6fd4f', NULL, '📢 Announcing 4.1.8: Improved Site Redirects and Modified Date for Posts 📢', 'Redirects have never been easier! Our 4.1.8 update comes with a powerful feature that enables you to implement a redirect from right within a post.\r\n<br><br>\r\nWe’ve also added a \"limit modified date\" feature that allows you to make minor edits to posts/pages and keep the date the same.\r\n<br><br>\r\nUpdate to AIOSEO 4.1.8 today and enjoy these 2 powerful features and more.', 'success', '[\"4-x\",\"lite\"]', 241, NULL, '2022-04-08 19:59:50', NULL, 'Learn More', 'https://aioseo.com/announcing-improved-site-redirects-and-modified-date-for-posts/?utm_source=WordPress&utm_campaign=introducing-on-page-redirects-and-limit-modified-date-v4-lite&utm_medium=plugin-notification&utm_content=Learn More', 'Get AIOSEO Pro', 'https://aioseo.com/lite-upgrade/?utm_source=WordPress&utm_campaign=introducing-on-page-redirects-and-limit-modified-date-v4-lite&utm_medium=plugin-notification&utm_content=Get AIOSEO Pro', 1, 0, '2022-04-11 05:31:10', '2022-10-19 02:15:12'),
(5, '6268edd4a9f61', NULL, '📢 Introducing 2 New Features! — Dashboard Widgets And Shorter URLs 📢', 'We’ve added 2 new dashboard widgets. One to help you set up your website for better SEO and the other to show you an overview of how optimized your posts are.\r\n<br><br>\r\nAnother feature you’ll love is the Strip Category Base Prefix feature that enables you to create shorter URLs by removing the category base.\r\n<br><br>\r\nUpgrade to AIOSEO 4.2.0 Pro today and enjoy these powerful features on your website!!', 'success', '[\"4-x\",\"lite\"]', 308, NULL, '2022-05-31 21:15:05', NULL, 'Learn More', 'https://aioseo.com/new-dashboard-widgets-and-strip-category-base-feature/?utm_source=WordPress&utm_campaign=dashboard-widgets-strip-category-base-v4-lite&utm_medium=plugin-notification&utm_content=Learn More', 'Get AIOSEO Pro', 'https://aioseo.com/lite-upgrade/?utm_source=WordPress&utm_campaign=dashboard-widgets-strip-category-base-v4-lite&utm_medium=plugin-notification&utm_content=Get AIOSEO Pro', 1, 0, '2022-04-27 07:16:36', '2022-10-19 02:15:12'),
(8, '62b3b73e94179', NULL, 'AIOSEO 4.2.2 is HERE with some great new features! 🎉', 'Connect your WordPress user profile directly to your social media accounts for improved SEO.\r\n<br><br>\r\nOur new Translations API enables third-party translation apps to hook into AIOSEO’s data for multilingual SEO.\r\n<br><br>\r\nUpdate to AIOSEO 4.2.2 now and enjoy more SEO opportunities!', 'success', '[\"4-x\",\"lite\"]', 338, NULL, '2022-07-19 14:22:11', NULL, 'Learn More', 'https://aioseo.com/announcing-our-new-user-social-profile-tab-and-translation-api-in-aioseo-4-2-2/?utm_source=WordPress&utm_campaign=social-profiles-translations-api-v4-lite&utm_medium=plugin-notification&utm_content=Learn More', 'Get AIOSEO Pro', 'https://aioseo.com/lite-upgrade/?utm_source=WordPress&utm_campaign=social-profiles-translations-api-v4-lite&utm_medium=plugin-notification&utm_content=Get AIOSEO Pro', 1, 0, '2022-06-23 00:43:42', '2022-10-19 02:15:12'),
(9, '62b5d9690c508', NULL, 'AIOSEO is Turning 15 YEARS OLD!! 🥳 🥳', '<img src=\"data:image/png;base64,[encoded data, 16432 characters]\" />\r\n\r\nTo celebrate, we’re running a sale with as much as <strong>65% off our paid plans</strong>.\r\n<br><br>\r\nGrab it while the party lasts! (<strong>Hurry! This offer won\'t last long!</strong>) 🎉', 'success', '[\"4-x\",\"lite\"]', 346, NULL, '2022-06-28 14:12:59', '2022-06-30 00:00:00', 'Get AIOSEO Pro NOW! (65% OFF)', 'https://aioseo.com/pricing-lite/?utm_source=WordPress&utm_campaign=15th-birthday-sale-v4-lite&utm_medium=plugin-notification&utm_content=Get AIOSEO Pro NOW! (65% OFF)', NULL, NULL, 0, 0, '2022-06-24 15:34:01', '2022-06-29 01:55:48'),
(10, '62bbb124b7e72', NULL, 'LAST CHANCE: Our Birthday Celebration is Almost Over! ⌛', 'AIOSEO just turned <strong>15 years old</strong> and we\'ve been celebrating all week with as much as <strong>65% off our paid plans</strong>! 🥳\r\n<br><br>\r\nThe party’s almost over and you’re about to miss out on this amazing birthday celebration deal.\r\n<br><br>\r\nMake sure to grab yours ASAP because it <strong>expires today!</strong> 🎉 🎉', 'success', '[\"4-x\",\"lite\"]', 399, NULL, '2022-06-29 00:00:00', '2022-06-30 00:00:00', 'Get AIOSEO Pro NOW! (65% OFF)', 'https://aioseo.com/pricing-lite/?utm_source=WordPress&utm_campaign=15th-birthday-sale-last-chance-v4-lite&utm_medium=plugin-notification&utm_content=Get%20AIOSEO%20Pro%20NOW!%20(65%%20OFF)', NULL, NULL, 0, 0, '2022-06-29 01:55:48', '2022-06-29 01:55:48'),
(11, '62d7ecce58bbf', NULL, '📣 AIOSEO 4.2.3: Introducing FAQ and Table of Contents blocks + URL Slug Monitor.', 'You can now add <strong>FAQ and Table of Contents blocks</strong> to increase your visibility on SERPs and improve user experience.\r\n<br><br>\r\nAnd our <strong>URL Slug Monitor</strong> is a powerful addition that checks for changes in your URLs and prompts you to add redirects which helps <strong>prevents 404 errors</strong> on your site.\r\n<br><br>\r\nUpdate to 4.2.3 today and check out these powerful new features!', 'success', '[\"4-x\",\"lite\"]', 414, NULL, '2022-08-16 12:14:02', NULL, 'Learn More', 'https://aioseo.com/introducing-aioseo-4-2-3-faq-and-table-of-contents-blocks-all-new-url-slug-monitor/?utm_source=WordPress&utm_campaign=introducing-faq-toc-blocks-v4-lite&utm_medium=plugin-notification&utm_content=Learn More', 'Get AIOSEO Pro', 'https://aioseo.com/lite-upgrade/?utm_source=WordPress&utm_campaign=introducing-faq-toc-blocks-vv-lite&utm_medium=plugin-notification&utm_content=Get AIOSEO Pro', 1, 0, '2022-07-20 11:53:50', '2022-10-19 02:15:12'),
(12, '62e00a2d9635f', NULL, 'We\'re celebrating 100 million downloads of AIOSEO!!! 🥳', 'And we want to share this HUGE milestone with you by <strong>slashing our prices</strong>.\r\n<br><br>\r\nWe\'re offering up to <strong>65% off</strong> our paid plans until July 28.\r\n<br><br>\r\nGrab it while the party lasts! (<strong>Hurry! This offer won\'t last long!</strong>) 🎉\r\n', 'success', '[\"4-x\",\"lite\"]', 417, NULL, '2022-07-25 15:21:38', '2022-07-28 00:00:00', 'Get AIOSEO Pro NOW! (65% OFF)', 'https://aioseo.com/pricing-lite/?utm_source=WordPress&utm_campaign=100m-downloads-sale-v4-lite&utm_medium=plugin-notification&utm_content=Get%20AIOSEO%20Pro%20NOW!%20(65%%20OFF)', NULL, NULL, 0, 0, '2022-07-26 15:37:17', '2022-07-27 16:20:47'),
(13, '62e00a2d98006', NULL, 'LAST CHANCE: We\'re celebrating 100 million downloads of AIOSEO!!! ⌛', 'AIOSEO just hit <strong>100 MILLION DOWNLOADS</strong> and we\'ve been celebrating all week with as much as <strong>65% off our paid plans!</strong> 🥳\r\n<br><br>\r\nThe party’s almost over and you’re about to miss out on this amazing celebration deal.\r\n<br><br>\r\nMake sure to grab yours ASAP because it <strong>expires today!</strong> 🎉 🎉', 'success', '[\"4-x\",\"lite\"]', 456, NULL, '2022-07-28 00:00:00', '2022-07-29 00:00:00', 'Get AIOSEO Pro NOW! (65% OFF)', 'https://aioseo.com/pricing-lite/?utm_source=WordPress&utm_campaign=100m-downloads-sale-last-chance-v4-lite&utm_medium=plugin-notification&utm_content=Get%20AIOSEO%20Pro%20NOW!%20(65%%20OFF)', NULL, NULL, 0, 0, '2022-07-26 15:37:17', '2022-07-28 20:49:45'),
(14, '62fc55ea4a248', NULL, 'AIOSEO just got more powerful with version 4.2.4! 🚀', 'Easily eliminate 404 errors with <strong>automatic redirects</strong> using our massively improved Redirection Manager. \r\n<br><br>\r\nThis update also includes some huge improvements to our Image SEO addon, making it much easier for your content to rank. 📸\r\n<br><br>\r\nUpdate to <strong>AIOSEO 4.2.4</strong> today and take advantage of these powerful new features!', 'success', '[\"4-x\",\"lite\"]', 463, NULL, '2022-09-22 20:05:34', NULL, 'Learn More', 'https://aioseo.com/announcing-aioseo-4-2-4-improved-redirects-and-image-seo-updates/?utm_source=WordPress&utm_campaign=improved-redirects-image-seo-v4-lite&utm_medium=plugin-notification&utm_content=Learn More', 'Get AIOSEO Pro', 'https://aioseo.com/lite-upgrade/?utm_source=WordPress&utm_campaign=improved-redirects-image-seo-v4-lite&utm_medium=plugin-notification&utm_content=Get%20AIOSEO%20Pro', 1, 0, '2022-08-17 02:43:54', '2022-10-19 02:15:12'),
(15, '63221b95be069', NULL, 'The Next-Gen Schema Generator is here! 🎉', 'This is a huge leap forward in WordPress schema implementation, and you definitely want to add it to boost your website SEO! 🚀\r\n<br><br>\r\nWebsites with schema markups enjoy better SEO rankings, higher traffic, and more sales. AIOSEO 4.2.5 makes it possible without touching a single line of code.\r\n<br><br>\r\nUpdate to AIOSEO 4.2.5 <strong>TODAY</strong> and enjoy the power of our <strong>new Schema Generator!</strong>', 'success', '[\"4-x\",\"lite\"]', 492, NULL, '2022-09-13 00:00:00', NULL, 'Learn More', 'https://aioseo.com/announcing-aioseo-4-2-5-next-gen-schema-generator-to-improve-your-seo-rankings/?utm_source=WordPress&utm_campaign=schema-generator-v4-lite&utm_medium=plugin-notification&utm_content=Learn More', 'Get AIOSEO Pro', 'https://aioseo.com/lite-upgrade/?utm_source=WordPress&utm_campaign=schema-generator-v4-lite&utm_medium=plugin-notification&utm_content=Get AIOSEO Pro', 1, 0, '2022-09-14 18:21:09', '2022-11-08 04:06:51'),
(16, '632d4a1b3dc7e', NULL, '🍂 Our fall sale is on! 🍂', 'Get up to 70% off AIOSEO Pro to improve your SEO rankings.\r\n<br><br>\r\nThis will get you access to our Next-Gen Schema generator, powerful Link Assistant, and dozens of SEO features to grow your traffic.\r\n<br><br>\r\nUpgrade this week and save BIG!', 'success', '[\"4-x\",\"lite\"]', 503, NULL, '2022-09-22 20:05:34', '2022-09-29 00:00:00', 'Get AIOSEO Pro NOW! (70% OFF)', 'https://aioseo.com/pricing-lite/?utm_source=WordPress&utm_campaign=2022-fall-sale-v4-lite&utm_medium=plugin-notification&utm_content=Get AIOSEO Pro NOW! (70% OFF)', NULL, NULL, 0, 0, '2022-09-23 05:54:35', '2022-09-28 06:01:32'),
(17, '63487fe9f3971', NULL, 'The much-awaited SEO emoji picker is here! 🎉', 'Now you can add emojis to SEO fields to get <strong>higher CTRs and engagement on SEO and social media platforms</strong>. 😳\r\n<br><br>\r\nPlus, we’ve also greatly improved our multisite SEO module, making it easy to <strong>manage WordPress multisite SEO from a single dashboard</strong>. ✅\r\n<br><br>\r\nWith AIOSEO 4.2.6, you’ve got more tools to help you rank your content, and that <strong>without touching a single line of code</strong>. 🧑🏽‍💻\r\n<br><br>\r\n<strong>Update to AIOSEO 4.2.6 TODAY</strong> and enjoy the power of our new SEO emoji picker and improved multisite SEO module! 🚀', 'success', '[\"4-x\",\"lite\"]', 512, NULL, '2022-11-28 20:45:42', NULL, 'Learn More', 'https://aioseo.com/announcing-aioseo-4-2-6-new-seo-emoji-picker-multisite-seo-improvements/?utm_source=WordPress&utm_campaign=emoji-picker-v4-lite&utm_medium=plugin-notification&utm_content=Learn More', '🚀 Get AIOSEO Pro NOW!', 'https://aioseo.com/lite-upgrade/?utm_source=WordPress&utm_campaign=emoji-picker-v4-lite&utm_medium=plugin-notification&utm_content=🚀 Get AIOSEO Pro NOW!', 1, 0, '2022-10-13 21:15:22', '2022-12-06 20:02:46'),
(18, '636bf4d1917d1', NULL, 'Announcing AIOSEO 4.2.7: Google Merchant Center Schema to help you Boost Visibility and Sales! 🛒💰', 'Do you sell products on your website? We’ve got great news for you!\r\n<br><br>\r\nEnjoy greater visibility and higher CTRs for your products on search engines with our new <strong>Google Merchant Center</strong> Listing schema support. \r\n<br><br>\r\nSo, go ahead and upgrade to <strong>AIOSEO Pro 4.2.7 TODAY</strong> and get more tools to help you rank your content and products!', 'success', '[\"4-x\",\"lite\"]', 526, NULL, '2022-12-06 20:35:55', NULL, 'Learn More', 'https://aioseo.com/announcing-aioseo-4-2-7-drive-more-sales-with-google-merchant-center-listing-schema/?utm_source=WordPress&utm_campaign=google-merchant-center-schema-v4-lite&utm_medium=plugin-notification&utm_content=Learn More', 'Get AIOSEO Pro', 'https://aioseo.com/lite-upgrade/?utm_source=WordPress&utm_campaign=google-merchant-center-schema-v4-lite&utm_medium=plugin-notification&utm_content=Get AIOSEO Pro', 1, 0, '2022-11-09 18:43:29', '2023-02-07 17:22:41'),
(19, '637b3815df541', NULL, 'Black Friday: HUGE Sale! Get Up to 70% Off AIOSEO 🛍', 'Our biggest sale of the year is now live! Get up to 70% off AIOSEO, the world’s best WordPress SEO plugin. You’ll unlock our NEW Link Assistant addon, redirection manager, local SEO module, image SEO module, news/video sitemaps +more! PLUS enter our giveaway to WIN an Apple 14” M1 PRO Macbook Pro - no purchase necessary!', 'success', '[\"4-x\",\"lite\"]', 534, NULL, '2022-11-24 19:50:33', '2022-11-28 00:00:00', 'Enter Giveaway', 'https://aioseo.com/black-friday/?utm_source=WordPress&utm_campaign=liteplugin&utm_medium=Plugin Notification&utm_content=bf2022-enter-giveaway-v4-lite', 'Claim Your Upgrade Discount', 'https://aioseo.com/black-friday/?utm_source=WordPress&utm_campaign=liteplugin&utm_medium=Plugin Notification&utm_content=bf2022-claim-your-upgrade-discount-v4-lite', 0, 0, '2022-11-21 08:34:29', '2022-11-26 21:44:12');
INSERT INTO `wp_aioseo_notifications` (`id`, `slug`, `addon`, `title`, `content`, `type`, `level`, `notification_id`, `notification_name`, `start`, `end`, `button1_label`, `button1_action`, `button2_label`, `button2_action`, `dismissed`, `new`, `created`, `updated`) VALUES
(20, '6391a0cf21971', NULL, 'AIOSEO 4.2.8: More Control Over Search and Social Snippets with SEO Preview 🔎', 'Get greater control over how your search and social media snippets appear with our <strong>new SEO Preview tool</strong>.\r\n<br><br>\r\nPlus, check how well you’ve set up your page’s SEO by getting an overview of your meta tags and basic SEO.\r\n<br><br>\r\nSo, <strong>update to AIOSEO 4.2.8 TODAY</strong> and boost your rankings and drive more engagement on SERPs and social media!', 'success', '[\"4-x\",\"lite\"]', 560, NULL, '2023-02-24 16:13:04', NULL, 'Learn More', 'https://aioseo.com/new-seo-preview-more-control-over-search-and-social-snippets/?utm_source=WordPress&utm_campaign=seo-preview-v4-lite&utm_medium=plugin-notification&utm_content=Learn More', 'Get AIOSEO Pro', 'https://aioseo.com/lite-upgrade/?utm_source=WordPress&utm_campaign=seo-preview-v4-lite&utm_medium=plugin-notification&utm_content=Get AIOSEO Pro', 1, 0, '2022-12-08 08:31:11', '2023-03-09 12:22:41'),
(21, '63e4ac3855187', NULL, 'Introducing SEO Stats for WordPress - Track Your Keyword Rankings and See Important SEO Metrics with 1-click 🔎 🚀', 'Want to see exactly how your content ranks in search results inside of WordPress? You can do just that with our brand new <strong>Google Search Console integration</strong>!\r\n<br><br>\r\nTrack important keywords and get in-plugin tips to help you grow your traffic. <strong>Plus: Try out the new speed test tool!</strong> 🚀\r\n<br><br>\r\n<strong>Upgrade to AIOSEO 4.3.0 (Elite) TODAY to ignite your SEO and outrank competitors!</strong>\r\n<br><br>\r\n<img src=\"data:image/png;base64,[encoded data, 10456 characters]\" />', 'success', '[\"4-x\",\"lite\"]', 570, NULL, '2023-06-27 12:55:16', NULL, 'Learn More', 'https://aioseo.com/google-search-console-integration/?utm_source=WordPress&utm_campaign=google-search-console-integration-v4-lite&utm_medium=plugin-notification&utm_content=Learn%20More', 'Get AIOSEO Pro 🚀', 'https://aioseo.com/lite-upgrade/?utm_source=WordPress&utm_campaign=google-search-console-integration-v4-lite&utm_medium=plugin-notification&utm_content=Get%20AIOSEO%20Pro', 0, 0, '2023-02-09 08:18:00', '2023-07-03 13:53:56'),
(22, '63f8f2ae34f08', NULL, '❄️ Save up to 70% OFF Link Assistant, Search Statistics and MORE During our Winter Sale! ❄️', 'We’re kicking off our winter sale and you don’t want to miss the hot deals we have. 🔥\r\n<br><br>\r\nIf you act within the next 7 days, you can get AIOSEO <strong>for as much as 70% off</strong> with access to our <strong>Redirection Manager, Link Assistant, Search Statistics and MORE</strong>!\r\n<br><br>\r\nWith all the powerful features we’ll be adding to the plugin this year, getting the plugin at these discounted prices is a steal. <strong>Seriously</strong>.\r\n<br><br>\r\n⚡ So, claim your discount now before it expires! ⚡', 'success', '[\"4-x\",\"lite\"]', 603, NULL, '2023-02-24 16:13:04', '2023-03-02 00:00:00', 'Get AIOSEO Pro Today! (up to 70% OFF)', 'https://aioseo.com/pricing-lite/?utm_source=WordPress&utm_campaign=proplugin&utm_medium=Plugin%20Notification&utm_content=winter-sale-2023-get-aioseo-pro-today', NULL, NULL, 0, 0, '2023-02-24 17:23:58', '2023-03-01 06:05:44'),
(23, '6413f1b8ab954', NULL, '🍀[FLASH SALE]! Get Up To 70% Off AIOSEO For St. Patrick\'s Day! 🍀', 'Our St. Patrick\'s Day flash sale is here, and it\'s your chance to get <strong>AIOSEO Pro at a HUGE discount</strong>! This sale is almost as good as a pot of gold!\r\n<br><br>\r\nDon\'t rely only on the luck of the Irish! ☘️ Supercharge your website\'s SEO, making it easier for your customers to find you online. With our limited-time offer, you can get the whole AIOSEO experience at up to 70% off!\r\n<br><br>\r\nWhether you\'re a small business owner, blogger, or marketer, this is an opportunity you won\'t want to miss. Hurry and grab your discount now before the sale ends!', 'success', '[\"4-x\",\"lite\"]', 636, NULL, '2023-03-17 02:11:24', '2023-03-19 00:00:00', 'Get AIOSEO Pro Today!', 'https://aioseo.com/pricing/?utm_source=WordPress&utm_campaign=v4-lite&utm_medium=Plugin%20Notification&utm_content=st-patricks-2023-get-aioseo-pro-today', NULL, NULL, 0, 0, '2023-03-17 04:51:04', '2023-03-18 08:03:21'),
(24, '6443fa46e8d8d', NULL, '[Last Chance!] 🌼 Save up to 70% on AIOSEO during our spring sale! 🚀', 'Did you know today\'s the last day to <strong>upgrade</strong> and <strong>save big</strong> on the world\'s best SEO plugin?\r\n<br><br>\r\n⚡ Power up your traffic & sales with our futuristic <strong>AI tools</strong> and <strong>Google Search Console integration</strong>. \r\n<br><br>\r\nDon’t miss out on these amazing deals. 🔥\r\n<br><br>\r\nBe sure to claim your discount before it\'s gone!', 'success', '[\"4-x\",\"lite\"]', 661, NULL, '2023-04-27 00:00:00', '2023-04-28 00:00:00', 'Get AIOSEO Pro Today!', 'https://aioseo.com/pricing-lite/?utm_source=WordPress&utm_campaign=v4-lite&utm_medium=Plugin%20Notification&utm_content=spring-sale-last-chance-2023-get-aioseo-pro-today', NULL, NULL, 0, 0, '2023-04-22 15:16:22', '2023-04-26 23:16:22'),
(25, '6443fa46ea5c5', NULL, '[Spring Sale] 🌼 Get up to 70% off AIOSEO! 🤩', 'We just launched our huge spring sale. Now you can get <strong><em>all</em></strong> the SEO features you want to amplify your traffic and sales. \r\n<ul style=\"list-style: inside;\">\r\n	<li>Supercharge your <strong>keyword rankings</strong> with our <strong>Google Search Console integration</strong>.</li>\r\n	<li>Save time with our premier <strong>AI tools</strong>, like our <strong>ChatGPT integration</strong>.</li>\r\n</ul>\r\nFor only 7 days you can get <strong>deep discounts</strong> on the world\'s best SEO plugin.\r\n<br><br>\r\n⚡So grab your deal while it lasts! ⚡', 'success', '[\"4-x\",\"lite\"]', 651, NULL, '2023-04-21 16:17:02', '2023-04-27 00:00:00', 'Get AIOSEO Pro Today!', 'https://aioseo.com/pricing-lite/?utm_source=WordPress&utm_campaign=v4-lite&utm_medium=Plugin%20Notification&utm_content=spring-sale-2023-get-aioseo-pro-today', NULL, NULL, 0, 0, '2023-04-22 15:16:22', '2023-04-26 23:16:22'),
(26, '6452c356a112e', NULL, '🗣️ [AIOSEO 4.3.6] Announcing Content Rankings: SEO Performance Tracking Made Easy', 'Get valuable insights about how your content is performing on search engines using our <strong>NEW Content Rankings report</strong>.\r\n<br><br>\r\nThis includes SEO data to help you <strong>optimize your articles for better rankings</strong>. Plus, you can also easily spot <strong>content decay</strong>, making it easier to combat it.\r\n<br><br>\r\nSo, <strong>upgrade to AIOSEO Pro TODAY</strong> and boost your rankings and drive more traffic to your content!', 'success', '[\"4-x\",\"lite\"]', 677, NULL, '2023-06-27 12:55:16', NULL, 'Learn More', 'https://aioseo.com/announcing-content-rankings-seo-performance-tracking-made-easy/?utm_source=WordPress&utm_campaign=content-rankings-v4-lite&utm_medium=plugin-notification&utm_content=Learn%20More', 'Get AIOSEO Pro', 'https://aioseo.com/lite-upgrade/?utm_source=WordPress&utm_campaign=content-rankings-v4-lite&utm_medium=plugin-notification&utm_content=Get%20AIOSEO%20Pro', 0, 0, '2023-05-03 20:25:58', '2023-07-03 13:53:56'),
(27, '647542698a343', NULL, '[Last Chance!] 🇺🇸 Save up to 70% on AIOSEO during our flash sale! 🧨', 'Did you know today\'s the <span style=\"text-decoration:underline;\">last day</span> to <strong>upgrade</strong> & <strong>save big</strong> on the world\'s best SEO plugin?\r\n<br><br>\r\n⚡ Power up your traffic & sales with our futuristic <strong>AI tools</strong> & <strong>Google Search Console integration</strong>. ⚡\r\n<br><br>\r\nDon’t miss out on these sizzling deals. 💥\r\n<br><br>\r\nClaim your discount before it\'s gone!', 'success', '[\"4-x\",\"lite\"]', 721, NULL, '2023-05-30 00:00:00', '2023-05-31 00:00:00', 'Get AIOSEO Pro Today!', 'https://aioseo.com/pricing-lite/?utm_source=WordPress&utm_campaign=v4-lite&utm_medium=Plugin%20Notification&utm_content=memorial-day-sale-last-chance-2023-get-aioseo-pro-today', NULL, NULL, 0, 0, '2023-05-30 00:25:13', '2023-05-30 00:25:13'),
(28, '647542698c151', NULL, '[Memorial Day Sale] 🇺🇸 Get up to 70% off AIOSEO! 💥', 'We just launched our Memorial Day sale! Snag <strong style=\"text-decoration: underline;\"><em>all</em></strong> the SEO features you want to surge traffic and sales. \r\n<ul style=\"list-style: inside;\">\r\n	<li>Save time with our AI <strong>ChatGPT integration</strong>.</li>\r\n	<li>Boost <strong>rankings</strong> with our <strong>Google Search Console integration</strong>.</li>\r\n</ul>\r\nFor only <strong style=\"text-decoration: underline;\">1 day</strong> you can get <strong>giant discounts</strong> on the world\'s best SEO plugin.\r\n<br /><br />\r\n⚡So grab your deal while it lasts! ⚡', 'success', '[\"4-x\",\"lite\"]', 708, NULL, '2023-05-29 13:43:06', NULL, 'Get AIOSEO Pro Today!', 'https://aioseo.com/pricing-lite/?utm_source=WordPress&utm_campaign=v4-lite&utm_medium=Plugin%20Notification&utm_content=memorial-day-sale-2023-get-aioseo-pro-today', NULL, NULL, 0, 0, '2023-05-30 00:25:13', '2023-06-01 11:35:56'),
(29, '6479e45e108cb', NULL, '[NEW] Set a Primary Category to Customize Breadcrumbs (+ WPCode Integration) 🚀', '<strong>The wait is FINALLY over!</strong> One of our most requested feature is live in AIOSEO 4.3.8! 🎉 🎉\r\n<br><br>\r\nWith the brand-new <strong>Primary Category</strong> feature, you now have <strong>full control over which category displays in your breadcrumb trail</strong>.\r\n<br><br>\r\nPlus: customize your AIOSEO experience with <strong>clickable code snippets</strong> courtesy of WPCode!\r\n<br><br>\r\nUpgrade to <strong>AIOSEO 4.3.8 Pro TODAY</strong> to ignite your SEO and outrank competitors!', 'success', '[\"4-x\",\"lite\"]', 751, NULL, '2023-07-25 13:50:35', NULL, 'Learn More', 'https://aioseo.com/announcing-primary-category-and-wpcode-integration/?utm_source=WordPress&utm_campaign=primary-category-v4-lite&utm_medium=plugin-notification&utm_content=Learn%20More', 'Get AIOSEO Pro', 'https://aioseo.com/lite-upgrade/?utm_source=WordPress&utm_campaign=primary-category-v4-lite&utm_medium=plugin-notification&utm_content=Get%20AIOSEO%20Pro', 0, 0, '2023-06-02 12:45:18', '2023-07-27 19:54:20'),
(30, '649bf2ba0c551', NULL, 'It\'s a Sweet Sixteen Kinda Day! 🥳 🥳', '<img src=\"data:image/png;base64,[encoded data, 10192 characters]\" />\r\n\r\nWe just had our 16th birthday, and to celebrate, we’re offering you massive discounts on all paid plans. Save <strong>up to 70%</strong> when you purchase a new plan or upgrade TODAY!\r\n<br><br>\r\nPlus, we have a <strong>sweet giveaway</strong> with 3 prizes including a <strong>Pixel 7 Pro, Pixel Tablet and Pixel Buds Pro</strong>!\r\n<br><br>\r\nHurry, this deal won\'t last long, check it out TODAY!', 'success', '[\"4-x\",\"lite\"]', 766, NULL, '2023-06-27 12:55:16', '2023-06-30 00:00:00', 'Get AIOSEO Pro NOW! (70% OFF)', 'https://aioseo.com/happy-birthday-aioseo/?utm_source=WordPress&utm_campaign=16th-birthday-sale-v4-lite&utm_medium=plugin-notification&utm_content=Get AIOSEO Pro NOW! (70% OFF)', 'Enter Pixel Giveaway!', 'https://aioseo.com/happy-birthday-aioseo/?utm_source=WordPress&utm_campaign=16th-birthday-sale-v4-lite&utm_medium=plugin-notification&utm_content=Enter Pixel Giveaway!', 0, 0, '2023-06-28 08:43:38', '2023-06-29 18:31:01'),
(31, '64a424c30100d', NULL, '🔥 [New] Advanced SEO Tracking with SEO Revisions & Google Updates Integration', 'Track the changes you make to your content and see how it <strong>connects to changes in your search rankings</strong>.\r\n<br><br>\r\nPlus, see <strong>Google Updates on a timeline in Search Statistics</strong>, so you know how they impact your SEO.\r\n<br><br>\r\nWe’ve also added many more new features to version 4.4.0 of AIOSEO. <strong>Upgrade today!</strong>', 'success', '[\"4-x\",\"lite\"]', 801, NULL, '2023-09-19 21:26:06', NULL, 'Learn More', 'https://aioseo.com/announcing-seo-revisions-and-google-updates-integration/?utm_source=WordPress&utm_campaign=seo-revisions-v4-lite&utm_medium=plugin-notification&utm_content=Learn%20More', 'Get AIOSEO Pro', 'https://aioseo.com/lite-upgrade/?utm_source=WordPress&utm_campaign=seo-revisions-v4-lite&utm_medium=plugin-notification&utm_content=Get%20AIOSEO%20Pro', 0, 0, '2023-07-04 13:55:15', '2023-10-17 01:38:08'),
(32, '64c16e882df16', NULL, 'NEW: Announcing the AIOSEO Analyzer Chrome extension!  🚀', 'Speed up content reviews and technical SEO checks. This new free tool is designed for you!\r\n<br><br>\r\nAIOSEO Analyzer gives you a big-picture view of your SEO, bringing problem areas into sharp focus. It works on both unpublished <em>and</em> published pages.\r\n<br><br>\r\nAnd it’s <strong>100% free!</strong> Download it today from the Chrome Web Store. And take it for a test drive!', 'success', '[\"4-x\"]', 809, NULL, '2023-11-25 04:17:13', NULL, 'Learn More', 'https://aioseo.com/announcing-all-in-one-analyzer-by-aioseo/?utm_source=WordPress&utm_campaign=chrome-extension-v4&utm_medium=plugin-notification&utm_content=Learn%20More', 'Download', 'https://aioseo.com/announcing-all-in-one-analyzer-by-aioseo/?utm_source=WordPress&utm_campaign=chrome-extension-v4&utm_medium=plugin-notification&utm_content=Download', 0, 0, '2023-07-26 19:05:44', '2023-12-03 03:08:54'),
(33, '64c4b935289f5', NULL, '🌴🌞 Embrace the summer vibes with our scorching HOT Summer Sale! 🌞🌴', '<img src=\"data:image/png;base64,[encoded data, 8064 characters]\" />\r\n\r\nIt\'s time to turn up the heat and celebrate the season in style. Whether you\'re a long-time user or a brand-new one, we\'ve got something special for you!\r\n<br><br>\r\nIn honor of summer, we\'re offering you sensational discounts on all paid plans. Save up to a refreshing 70% when you snag a new plan or upgrade TODAY!\r\n<br><br>\r\nBut don\'t lounge around too long under the sun – this irresistible offer won\'t last forever! So, hurry and dive into our Summer Sale before it\'s gone. Your special deal awaits!\r\n', 'success', '[\"4-x\",\"lite\"]', 827, NULL, '2023-07-28 18:10:46', '2023-08-04 00:00:00', 'Get AIOSEO Pro NOW! (70% OFF)', 'https://aioseo.com/pricing-lite/?utm_source=WordPress&utm_campaign=summer-sale-v4-lite&utm_medium=plugin-notification&utm_content=Upgrade Your AIOSEO Plan NOW! (70% OFF)', NULL, NULL, 0, 0, '2023-07-29 07:01:09', '2023-08-02 16:15:33'),
(34, '64e6e153df85b', NULL, '[New] Improved Crawling and Indexing with AIOSEO 4.4.4 🚀', 'Improve your site’s crawlability and indexability with our improved robots.txt editor. With new directives and advanced functionality, ranking your site on search engines just became easier.\r\n<br><br>\r\nWe’ve also added many more new features to version 4.4.4 of AIOSEO. Check out our announcement for more information.\r\n<br><br>\r\nUpgrade to AIOSEO 4.4.4 today!', 'success', '[\"4-x\",\"lite\"]', 832, NULL, '2023-11-25 04:17:13', NULL, 'Learn More', 'https://aioseo.com/greater-robots-txt-file-customization-for-improved-crawlability/?utm_source=WordPress&utm_campaign=robots-editor-v4-lite&utm_medium=plugin-notification&utm_content=Learn%20More', 'Upgrade to Pro', 'https://aioseo.com/lite-upgrade/?utm_source=WordPress&utm_campaign=robots-editor-v4-lite&utm_medium=plugin-notification&utm_content=Upgrade%20to%20Pro', 0, 0, '2023-08-24 04:49:23', '2023-12-03 03:08:54'),
(35, '65115539d8b2b', NULL, '[New] TruSEO Highlighter: Instantly locate readability issues! 😮', 'On-page SEO just got easier with our new TruSEO Highlighter! 😮 Turn on the highlighter to instantly find readability issues on a page. 🥳\r\n<br><br>\r\nThis is our most requested feature! With TruSEO highlighter, you’ll instantly find readability issues flagged by AIOSEO.\r\n<br><br>\r\nUpdate to <strong>AIOSEO 4.4.6 TODAY</strong> to simplify SEO & get traction.', 'success', '[\"4-x\",\"lite\"]', 848, NULL, '2023-11-25 04:17:13', NULL, 'Learn More', 'https://aioseo.com/announcing-truseo-highlighter/?utm_source=WordPress&utm_campaign=truseo-highlighter-v4-lite&utm_medium=plugin-notification&utm_content=Learn%20More', 'Upgrade to Pro', 'https://aioseo.com/lite-upgrade/?utm_source=WordPress&utm_campaign=truseo-highlighter-v4-lite&utm_medium=plugin-notification&utm_content=Upgrade%20to%20Pro', 0, 0, '2023-09-25 09:39:05', '2023-12-03 03:08:54'),
(36, '652fdbc06ffd6', NULL, 'Elevate Your SEO Strategy: Meet Cornerstone Content in AIOSEO 4.4.8! 🚀🔥', 'Introducing Cornerstone Content – your secret weapon to boost search rankings and dominate your niche. 🏆\r\n<br><br>\r\nBuild <em>authority & expertise</em>, improve <em>crawling and indexing</em>, supercharge your <em>semantic SEO</em>, and more with this game-changing addition in <strong>AIOSEO 4.4.8</strong>.\r\n<br><br>\r\n👇🏻👇🏻 Upgrade today or click to Learn more!\r\n', 'success', '[\"4-x\",\"lite\"]', 860, NULL, '2023-11-25 04:17:13', NULL, 'Learn More', 'https://aioseo.com/new-supercharge-your-seo-and-content-strategy-with-cornerstone-content/?utm_source=WordPress&utm_campaign=cornerstone-content-v4-lite&utm_medium=plugin-notification&utm_content=Learn%20More', 'Upgrade to Pro', 'https://aioseo.com/lite-upgrade/?utm_source=WordPress&utm_campaign=cornerstone-content-v4-lite&utm_medium=plugin-notification&utm_content=Upgrade%20to%20Pro', 0, 0, '2023-10-18 13:21:04', '2023-12-03 03:08:54');
INSERT INTO `wp_aioseo_notifications` (`id`, `slug`, `addon`, `title`, `content`, `type`, `level`, `notification_id`, `notification_name`, `start`, `end`, `button1_label`, `button1_action`, `button2_label`, `button2_action`, `dismissed`, `new`, `created`, `updated`) VALUES
(37, '654e566c663db', NULL, 'Black Friday’s Here 🛍: HUGE Sale [Up To 70% Off] + Giveaway!', '<img src=\"data:image/png;base64,[encoded data, 27436 characters]\" />\r\n<br><br>\r\nOur biggest sale of the year is now live! <strong>Get up to 70% off AIOSEO</strong>, the world’s best WordPress SEO plugin. You’ll unlock <em>tons of new features</em> like <strong>Cornerstone Content</strong>, <strong>Search Statistics</strong>, an <strong>advanced robots.txt editor</strong> and more! \r\n<br><br>\r\nPLUS enter our giveaway to WIN an <strong>iPhone 15 Pro Max</strong> 📱and <strong>Apple Watch Ultra 2</strong> ⌚. No purchase is necessary to enter!', 'success', '[\"4-x\",\"lite\"]', 894, NULL, '2023-11-20 00:00:00', '2023-11-27 00:00:00', 'Enter Giveaway', 'https://aioseo.com/black-friday/?utm_source=WordPress&utm_campaign=liteplugin&utm_medium=Plugin Notification&utm_content=bf2023-enter-giveaway-v4-lite', 'Claim Your Upgrade Discount', 'https://aioseo.com/black-friday/?utm_source=WordPress&utm_campaign=liteplugin&utm_medium=Plugin Notification&utm_content=bf2023-claim-your-upgrade-discount-v4-lite', 0, 0, '2023-11-10 16:12:28', '2023-11-26 00:42:32'),
(38, '654e566c67c82', NULL, 'Cyber Monday Sale 👨‍💻 Last Chance to Get Up to 70% Off AIOSEO!', '<img src=\"data:image/png;base64,[encoded data, 18940 characters]\" />\r\n<br><br>\r\nIt’s Cyber Monday 🥳. It’s also your final chance to get <strong>up to 70% off AIOSEO</strong>!\r\n<br><br>\r\nAs soon as you upgrade, you’ll unlock our next-gen <strong>Schema Generator</strong>, <strong>Local Business SEO tools</strong>, powerful <strong>Redirection Manager</strong>, <strong>Link Assistant</strong>, and more.\r\n<br><br>\r\nDon’t miss our biggest sale of the year!', 'success', '[\"4-x\",\"lite\"]', 905, NULL, '2023-11-27 00:00:00', '2023-12-02 00:00:00', 'Claim Your Upgrade Deal Now', 'https://aioseo.com/black-friday/?utm_source=WordPress&utm_campaign=liteplugin&utm_medium=Plugin Notification&utm_content=bf2023-claim-your-upgrade-deal-now-v4-lite', NULL, NULL, 0, 0, '2023-11-10 16:12:28', '2023-11-30 10:53:26');
INSERT INTO `wp_aioseo_notifications` (`id`, `slug`, `addon`, `title`, `content`, `type`, `level`, `notification_id`, `notification_name`, `start`, `end`, `button1_label`, `button1_action`, `button2_label`, `button2_action`, `dismissed`, `new`, `created`, `updated`) VALUES
(39, '6557c415e2ea9', NULL, '[New] See the Index Status of Your URLs Inside WordPress with AIOSEO 4.5.0 🕵🏻', '<img src=\"data:image/png;base64,[encoded data, 11596 characters]\" />\r\n\r\nEver wanted an easy way to know if your URLs have been indexed? Now you can with AIOSEO’s new <strong>Index Status feature</strong> in version 4.5.0.\r\n<br><br>\r\nYou can check your URL’s index status and other important URL information from <strong>right inside your WordPress dashboard</strong>.\r\n<br><br>\r\nUpdate now and get this game-changing addition in AIOSEO 4.5.0!', 'success', '[\"4-x\",\"lite\"]', 958, NULL, '2023-11-25 04:17:13', NULL, 'Learn More', 'https://aioseo.com/new-index-status-enhance-your-seo-visibility-by-ensuring-all-your-urls-are-indexed/?utm_source=WordPress&utm_campaign=index-status-v4-lite&utm_medium=plugin-notification&utm_content=Get%20AIOSEO%20Pro', 'Get AIOSEO Pro', 'https://aioseo.com/lite-upgrade/?utm_source=WordPress&utm_campaign=index-status-v4-lite&utm_medium=plugin-notification&utm_content=Get%20AIOSEO%20Pro', 0, 0, '2023-11-17 19:50:45', '2023-12-03 03:08:54'),
(40, '657a8ea2230a9', NULL, 'Introducing Support For Additional Page Builders: WPBakery and Avada 🎉', '<img src=\"data:image/webp;base64,[encoded data, 15536 characters]\" alt=\"\" class=\"wp-image-1019\" style=\"object-fit:cover\"/>\n\n<p>If your website is built using WPBakery or Avada, then you’ll be happy to know that <strong>AIOSEO 4.5.2</strong> was developed with love just for you! ❤️</p>\n\n<p>Now, you can use AIOSEO right inside your favorite website builder, making it easy to perform SEO tasks as you work on your posts or pages.</p>\n\n<p>Update AIOSEO to 4.5.2 and give your page builder that much-needed SEO superpower. 🦸🏼‍♀️</p>', 'success', '[\"4-x\",\"lite\"]', 1010, NULL, '2023-12-13 14:43:22', NULL, 'Learn More', 'https://aioseo.com/introducing-aioseo-support-for-additional-pagebuilders-wpbakery-and-avada/?utm_source=WordPress&utm_medium=plugin-notification&utm_campaign=aioseo-plugin-notification', 'Get AIOSEO Pro', 'https://aioseo.com/lite-upgrade/?utm_source=WordPress&utm_medium=plugin-notification&utm_campaign=aioseo-plugin-notification', 0, 0, '2023-12-14 05:12:02', '2024-08-11 03:52:10'),
(41, '65aacbe01fde8', NULL, 'Physical Robots.txt File Detected', 'AIOSEO has detected a physical robots.txt file in the root folder of your WordPress installation. We recommend removing this file as it could cause conflicts with WordPress\' dynamically generated one. AIOSEO can import this file and delete it, or you can simply delete it.', 'error', '[\"all\"]', NULL, 'robots-physical-file', '2024-01-19 19:22:08', NULL, 'Import and Delete', 'http://action#tools/import-robots-txt?redirect=aioseo-tools:robots-editor', 'Delete', 'http://action#tools/delete-robots-txt?redirect=aioseo-tools:robots-editor', 0, 0, '2024-01-19 19:22:08', '2024-01-19 19:22:08'),
(42, '65aacbe4cd5a9', NULL, '[New] Boost Your Rankings with Our Author SEO (Google E-E-A-T) Addon ✍️', '<p>We’re excited to announce our latest SEO module in AIOSEO 4.5.4 — the Author SEO addon 🥳.</p>\n\n<p>This is a simple yet powerful module that enables you to demonstrate your expertise, experience, authority, and trustworthiness <strong>(E-E-A-T)</strong> to search engines and users.</p>\n\n<p>As a result, you’ll get <strong><em>better rankings</em></strong>, <strong><em>increase your traffic</em></strong>, and <strong><em>boost your conversions</em></strong>.</p>\n\n<p>So, go ahead and <strong><em>update to 4.5.4</em></strong> and give your site that much-needed boost.</p>', 'success', '[\"4-x\",\"lite\"]', 1030, NULL, '2024-01-16 19:39:13', NULL, 'Learn More', 'https://aioseo.com/introducing-author-seo-google-e-e-a-t-addon/?utm_source=WordPress&utm_medium=plugin-notification&utm_campaign=author-seo-eeat-v4-x-lite', 'Get AIOSEO Pro', 'https://aioseo.com/lite-upgrade/?utm_source=WordPress&utm_medium=plugin-notification&utm_campaign=author-seo-eeat-v4-x-lite', 0, 0, '2024-01-19 19:22:12', '2024-08-11 03:52:10');
INSERT INTO `wp_aioseo_notifications` (`id`, `slug`, `addon`, `title`, `content`, `type`, `level`, `notification_id`, `notification_name`, `start`, `end`, `button1_label`, `button1_action`, `button2_label`, `button2_action`, `dismissed`, `new`, `created`, `updated`) VALUES
(43, '65b452cb48a3f', NULL, 'Winter Sale 2024 ❄️ Get Up to 70% Off AIOSEO!!!', '<img src=\"data:image/webp;base64,[encoded data, 19092 characters]\" alt=\"\" class=\"wp-image-1039\"/>\n\n<p>Our Winter Sale is On 🥳. This is your chance to boost your SEO and save up to 70% on AIOSEO!&nbsp;</p>\n\n<p>Whether it’s a new purchase or an upgrade, you’ll unlock 🔓 <strong>POWERFUL FEATURES</strong> that will help you take your SEO game to the next level.</p>\n\n<p>Start the year off with a bang and save big!</p>', 'success', '[\"4-x\",\"lite\"]', 1035, NULL, '2024-01-26 18:20:28', '2024-02-02 00:00:00', 'Get AIOSEO Pro', 'https://aioseo.com/lite-upgrade/?utm_source=WordPress&utm_medium=plugin-notification&utm_campaign=winter-sale-v4-x-lite', NULL, NULL, 0, 0, '2024-01-27 00:48:11', '2024-01-31 18:50:56'),
(44, '65cbb63c12034', NULL, '[NEW] Updated SEO Preview, Redirection Manager, Author SEO, and More', '<p>AIOSEO 4.5.6 is live, implementing many of your suggestions! 🥳</p>\n\n<p>🔎 Improved SEO Preview - To better match Google SERPs.<br>📆 Redirect Scheduler - Schedule seasonal redirects easily.<br>📂 Import Redirects from a CSV File - Add redirects in bulk.<br>🖋️ Improved Author SEO - Improvements to the E-E-A-T addon.</p>\n\n<p>AIOSEO 4.5.6 comes packed with many other improvements to the modules you already love.&nbsp;</p>\n\n<p>Update your plugin to version 4.5.6 NOW!</p>', 'success', '[\"4-x\",\"lite\"]', 1042, NULL, '2024-02-12 22:15:51', NULL, 'Learn More', 'https://aioseo.com/new-updated-seo-preview-redirection-manager-author-seo/?utm_source=WordPress&utm_medium=plugin-notification&utm_campaign=aioseo-456-v4-x-lite', 'Get AIOSEO Pro', 'https://aioseo.com/lite-upgrade/?utm_source=WordPress&utm_medium=plugin-notification&utm_campaign=aioseo-456-v4-x-lite', 0, 0, '2024-02-13 18:34:36', '2024-08-11 03:52:10'),
(45, '65cbb63c134da', NULL, 'Be Our Valentine and Get Up To 70% Off! 💝', '<img src=\"data:image/webp;base64,[encoded data, 6644 characters]\" alt=\"\" class=\"wp-image-1053\"/>\n\n<p>It’s Valentine’s Day, and love is in the air! ❤️</p>\n\n<p>Get up to <strong><em>70% off</em></strong> when you upgrade your plan TODAY ONLY!</p>\n\n<p>So, take advantage of our Valentine’s Day sale and get more power under your site’s hood TODAY!</p>', 'success', '[\"4-x\",\"lite\"]', 1049, NULL, '2024-02-14 00:00:00', '2024-02-16 00:00:00', 'Get AIOSEO Pro', 'https://aioseo.com/lite-upgrade/?utm_source=WordPress&utm_medium=plugin-notification&utm_campaign=valentines-2024-v4-x-lite', NULL, NULL, 0, 0, '2024-02-13 18:34:36', '2024-02-13 18:34:36'),
(46, '65f744661abbc', NULL, '🍀 Flash Sale: Get Up To 70% Off AIOSEO This St. Patrick\'s Day! 🍀', '<p><strong><em>Happy St. Patrick\'s Day!</em></strong> Today\'s your lucky day because we\'re celebrating with a flash sale that\'s too good to miss.</p>\n\n<p>Score <strong><em>up to 70% off</em></strong> when you upgrade your plan <strong>TODAY ONLY</strong>!</p>\n\n<p>With this deal, there\'s no need to chase down a leprechaun to find that pot of gold. 🍯 But hurry, like a rainbow, it will disappear before you know it!</p>', 'success', '[\"4-x\",\"lite\"]', 1061, NULL, '2024-03-17 00:00:00', '2024-03-19 00:00:00', 'Get AIOSEO Pro', 'https://aioseo.com/lite-upgrade/?utm_source=WordPress&utm_medium=plugin-notification&utm_campaign=st-patricks-day-sale-v4-x-lite', NULL, NULL, 0, 0, '2024-03-17 19:28:38', '2024-03-17 19:28:38'),
(47, '65fb197365fe0', NULL, '📣 [New] Query Arg Monitoring for Improved Crawling and Indexing', '<p>We’ve revamped the Crawl Cleanup module and added a <strong><em>NEW</em></strong> <strong>Query Arg Monitor</strong>. This game-changing feature gives you greater control of your query args, resulting in more efficient crawling and indexing.</p>\n\n<p>AIOSEO 4.5.8 comes packed with many other improvements to the modules you already love.&nbsp;</p>\n\n<p>Update your plugin to version 4.5.8 NOW!</p>', 'success', '[\"4-x\",\"lite\"]', 1058, NULL, '2024-03-19 19:37:40', NULL, 'Learn More', 'https://aioseo.com/new-query-arg-monitoring-for-improved-crawling-and-indexing/?utm_source=WordPress&utm_medium=plugin-notification&utm_campaign=aioseo-458-v4-x-lite', 'Get AIOSEO Pro', 'https://aioseo.com/lite-upgrade/?utm_source=WordPress&utm_medium=plugin-notification&utm_campaign=aioseo-458-v4-x-lite', 0, 0, '2024-03-20 17:14:27', '2024-08-11 03:52:10'),
(48, '661815d5f192d', NULL, 'The AIOSEO Broken Link Checker 1.2.0 is live 🥳!', '<p>Now with 3 powerful new features to make broken link management much easier. Update and get:</p>\n\n<ul>\n<li>🔗 Unified URL UI Improvements</li>\n\n<li>✍️ Broken Links Highlighter</li>\n\n<li>⏪ AIOSEO Redirects Integration</li>\n</ul>\n\n<p>Check out our announcement post for more and upgrade today!</p>', 'success', '[\"4-x\",\"lite\"]', 1069, NULL, '2024-04-10 19:13:10', NULL, 'Learn More', 'https://aioseo.com/easier-broken-link-management-with-3-new-features/?utm_source=WordPress&utm_medium=plugin-notification&utm_campaign=aioseo-460-blc-120-v4-x-lite', 'Get Broken Link Checker', 'https://aioseo.com/pricing-broken-link-checker/?utm_source=WordPress&utm_medium=plugin-notification&utm_campaign=aioseo-460-blc-120-v4-x-lite', 0, 0, '2024-04-11 16:54:45', '2024-08-11 03:52:10'),
(49, '6626ed75d0700', NULL, '🌸 Get up to 70% off AIOSEO this Spring! 🌸', '<p>Take advantage of our <strong><em>spring sale</em></strong> for AIOSEO Pro. <strong><em>Up to 70% off</em></strong> 🤯</p>\n\n<p>Amplify your online presence with advanced features that will transform your site into a dynamic, high-performing powerhouse, at a fraction of the cost!</p>\n\n<p>These massive discounts won\'t last long, so act now!</p>', 'success', '[\"4-x\",\"lite\"]', 1074, NULL, '2024-04-22 20:24:47', '2024-04-26 00:00:00', 'Get AIOSEO Pro', 'https://aioseo.com/lite-upgrade/?utm_source=WordPress&utm_medium=plugin-notification&utm_campaign=spring-sale-v4-x-lite', NULL, NULL, 0, 0, '2024-04-22 23:06:29', '2024-04-25 06:54:15'),
(50, '663baed6e14e9', NULL, 'Have you connected your site to Google Search Console?', 'All in One SEO can now verify whether your site is correctly verified with Google Search Console and that your sitemaps have been submitted correctly. Connect with Google Search Console now to ensure your content is being added to Google as soon as possible for increased rankings.', 'warning', '[\"all\"]', NULL, 'search-console-site-not-connected', '2024-05-08 16:56:54', NULL, 'Connect to Google Search Console', 'https://route#aioseo-settings&aioseo-scroll=google-search-console-settings&aioseo-highlight=google-search-console-settings:webmaster-tools?activetool=googleSearchConsole', NULL, NULL, 0, 0, '2024-05-08 16:56:54', '2024-05-08 16:56:54'),
(51, '664462a8c2874', NULL, '[NEW] Easier Site Connection to Google Search Console and Automatic Sitemap Syncing 🚀', '<p>AIOSEO 4.6.2 is live 🥳!</p>\n\n<p>We’ve made it super easy to connect your site to <strong>Google Search Console</strong> — so simple that you don’t even need to mess with verification codes!</p>\n\n<p>We’ve also made sitemap management easy! Your sitemaps can now <strong><em>automatically sync with GSC</em></strong>. This means we\'ll make sure that Google knows about all the necessary sitemaps automatically!</p>\n\n<p>Check out our announcement post for more. 👇🏻👇🏻</p>', 'success', '[\"4-x\",\"lite\"]', 1080, NULL, '2024-05-14 12:43:31', NULL, 'Learn More', 'https://aioseo.com/easier-site-connection-to-google-search-console/?utm_source=WordPress&utm_medium=plugin-notification&utm_campaign=aioseo-462-v4-x-lite', 'Get AIOSEO Pro', 'https://aioseo.com/lite-upgrade/?utm_source=WordPress&utm_medium=plugin-notification&utm_campaign=aioseo-462-v4-x-lite', 0, 0, '2024-05-15 07:22:16', '2024-08-11 03:52:10'),
(52, '66563742e6fa7', NULL, '🇺🇸 Memorial Day Exclusive: Get up to 70% Off on New Plans or Upgrades! 🇺🇸', '<p>t’s Finally here 🎉</p>\n\n<p>Memorial Day—the unofficial beginning of summer.</p>\n\n<p>We’re offering <strong><em>up to 70% off</em></strong> new purchases or upgrades to celebrate.</p>\n\n<p>This is a limited-time deal, so <strong>grab your savings TODAY!</strong></p>', 'success', '[\"4-x\",\"lite\"]', 1083, NULL, '2024-05-27 17:12:32', '2024-05-29 00:00:00', 'Get AIOSEO Pro', 'https://aioseo.com/lite-upgrade/?utm_source=WordPress&utm_medium=plugin-notification&utm_campaign=memorial-day-sale-v4-x-lite', NULL, NULL, 0, 0, '2024-05-28 19:57:54', '2024-05-28 19:57:54'),
(53, '667b851561bcc', NULL, 'Have you heard? AIOSEO Acquires LowFruits to Boost Your SEO Power! 🚀', '<p>We are thrilled to announce that AIOSEO has acquired LowFruits, a leading keyword research tool! 🎉 This exciting partnership means even more advanced SEO capabilities are coming your way.</p>\n\n<p>Get ready to elevate your SEO game with the combined power of AIOSEO and LowFruits!</p>', 'success', '[\"4-x\",\"lite\"]', 1089, NULL, '2024-07-01 00:00:00', NULL, 'Read the Announcement', 'https://aioseo.com/aioseo-acquires-lowfruits/?utm_source=WordPress&utm_medium=plugin-notification&utm_campaign=aioseo-lowfruits-v4-x-lite', 'Get AIOSEO Pro', 'https://aioseo.com/lite-upgrade/?utm_source=WordPress&utm_medium=plugin-notification&utm_campaign=aioseo-lowfruits-v4-x-lite', 0, 0, '2024-06-26 03:03:49', '2024-08-11 03:52:10'),
(54, '667b851562fff', NULL, 'Celebrate AIOSEO\'s 17th Birthday with Up to 70% Off! 🎉', '<p>Your favorite WordPress SEO plugin, AIOSEO, has just turned 17 <strong>🥳</strong>! And to celebrate, we’re offering you massive discounts on new plans and upgrades.&nbsp;</p>\n\n<p>This means you can <strong>save up to 70%</strong> and get advanced SEO features when you purchase TODAY!</p>\n\n<p>Now that’s a sweet deal!</p>', 'success', '[\"4-x\",\"lite\"]', 1086, NULL, '2024-06-24 19:39:24', '2024-06-30 00:00:00', 'Get AIOSEO Pro', 'https://aioseo.com/lite-upgrade/?utm_source=WordPress&utm_medium=plugin-notification&utm_campaign=2024-birthday-sale-v4-x-lite', NULL, NULL, 0, 0, '2024-06-26 03:03:49', '2024-06-27 17:59:20'),
(55, '6685d590a2bff', NULL, 'Static sitemap files detected', 'AIOSEO has detected static sitemap files in the root folder of your WordPress installation.\n				As long as these files are present, AIOSEO is not able to dynamically generate your sitemap.', 'error', '[\"all\"]', NULL, 'sitemap-static-files', '2024-07-03 22:49:52', NULL, 'Delete Static Files', 'http://action#sitemap/delete-static-files', NULL, NULL, 0, 0, '2024-07-03 22:49:52', '2024-07-03 22:49:52'),
(56, '668ffb0ba1eed', NULL, '🗣️ [New] Integration with Thrive Architect and SiteOrigin Page Builders in AIOSEO 4.6.6', '<p>Is your website built using Thrive Architect or SiteOrigin?</p>\n\n<p>Then you’ll be glad to know that AIOSEO 4.6.6 was developed with love just for you!&nbsp;</p>\n\n<p>Now, you can use AIOSEO right inside your favorite site builder, making it easy to perform SEO tasks as you work on your posts or pages.</p>\n\n<p>So, go ahead and update to 4.6.6 and give your page builder that much-needed SEO superpower.</p>', 'success', '[\"4-x\",\"lite\"]', 1092, NULL, '2024-07-09 15:11:31', NULL, 'Learn More', 'https://aioseo.com/new-support-for-thrive-architect-and-siteorigin-page-builders/?utm_source=WordPress&utm_medium=plugin-notification&utm_campaign=aioseo-466-v4-x-lite', 'Get AIOSEO Pro', 'https://aioseo.com/lite-upgrade/?utm_source=WordPress&utm_medium=plugin-notification&utm_campaign=aioseo-466-v4-x-lite', 0, 0, '2024-07-11 15:32:27', '2024-08-11 03:52:10'),
(57, '66968e1f4901b', NULL, '🎉 Celebrate World Emoji Day with Our Exclusive Flash Sale! 🎉', '<img src=\"data:image/webp;base64,[encoded data, 7824 characters]\" alt=\"\" class=\"wp-image-1110\" />\n\n<p>Today only, we\'re offering you a <strong>special upgrade discount of up to 70%</strong>! 🌟 Don\'t miss out on this fantastic opportunity to enhance your SEO at a fraction of the cost.</p>\n\n<p><strong>Why Upgrade?</strong></p>\n\n<ol>\n<li>Unlock premium SEO features</li>\n\n<li>Get priority customer support</li>\n\n<li>Improve your chances of ranking higher on search engines</li>\n\n<li>Benefit from in-depth on-page analysis &amp; identify optimization opportunities</li>\n</ol>\n\n<p><strong>Hurry!</strong> This flash sale ends today.&nbsp;</p>\n\n<p>Upgrade your plan now and make the most of World Emoji Day! 🌍✨</p>', 'success', '[\"4-x\",\"lite\"]', 1100, NULL, '2024-07-17 00:00:00', '2024-07-19 00:00:00', 'Get AIOSEO Pro', 'https://aioseo.com/lite-upgrade/?utm_source=WordPress&utm_medium=plugin-notification&utm_campaign=emoji-sale-v4-x-lite', NULL, NULL, 0, 0, '2024-07-16 15:13:35', '2024-07-18 23:19:13');
